

{"id":6886,"date":"2021-08-31T09:50:22","date_gmt":"2021-08-31T12:50:22","guid":{"rendered":"https:\/\/www.policiacientifica.go.gov.br\/?page_id=6886"},"modified":"2021-08-31T09:50:22","modified_gmt":"2021-08-31T12:50:22","slug":"concursos","status":"publish","type":"page","link":"https:\/\/goias.gov.br\/policiacientifica\/concursos\/","title":{"rendered":"Concursos"},"content":{"rendered":"<p>&nbsp;<\/p>\n<p><strong>Para fazer parte da Pol\u00edcia T\u00e9cnico-Cient\u00edfica, preciso fazer Concurso P\u00fablico?<\/strong><br \/>\n<strong>R.:<\/strong> sim. Para ocupar um cargo efetivo\/policial na Superintend\u00eancia de Pol\u00edcia T\u00e9cnico-Cient\u00edfica (SPTC) da Secretaria de Estado da Seguran\u00e7a P\u00fablica (SSP-GO), a \u00fanica porta de entrada \u00e9 a do concurso p\u00fablico.<\/p>\n<p><strong>E quais s\u00e3o as carreiras policiais da SPTC?<\/strong><br \/>\n<strong>R.:<\/strong> s\u00e3o as seguintes: Perito Criminal, M\u00e9dico Legista, Odontolegista, Auxiliar de Aut\u00f3psia, Auxiliar de Laborat\u00f3rio Criminal, Desenhista Criminal\u00edstico e Fot\u00f3grafo Criminal\u00edstico. Todas previstas no art. 1\u00ba da <a href=\"https:\/\/legisla.casacivil.go.gov.br\/api\/v2\/pesquisa\/legislacoes\/88611\/pdf\">Lei Estadual n. 16.897\/2010<\/a>.<\/p>\n<p><strong>Existe algum Plano de Carreira?<\/strong><br \/>\n<strong>R.:<\/strong> sim. O servidor policial ingressa sempre na 3\u00aa Classe (art. 1\u00ba-A da <a href=\"https:\/\/legisla.casacivil.go.gov.br\/api\/v2\/pesquisa\/legislacoes\/88611\/pdf\">Lei Estadual n. 16.897\/2010<\/a>), e pode ser promovido para a 2\u00aa Classe, 1\u00aa Classe, e finalmente, Classe Especial. Sendo que o regramento para as Promo\u00e7\u00f5es e para as Progress\u00f5es (quando o servidor policial passa de N\u00edveis, dentro de uma determinada Classe) consta da referida Lei.<\/p>\n<p><strong>E qual a escolaridade exigida?<\/strong><br \/>\n<strong>R.:<\/strong> depende da carreira escolhida.<br \/>\nSendo que para Perito Criminal, a <a href=\"https:\/\/legisla.casacivil.go.gov.br\/api\/v2\/pesquisa\/legislacoes\/88611\/pdf\">Lei<\/a> (art. 1\u00ba-A \u00a7 2\u00ba), exige Diploma de Bacharelado, devidamente registrado, nas seguintes \u00e1reas: em Administra\u00e7\u00e3o, Arquitetura e Urbanismo, Biblioteconomia, Biomedicina, Ci\u00eancias Atuariais, Ci\u00eancias Biol\u00f3gicas, Ci\u00eancias Cont\u00e1beis, Ci\u00eancia da Computa\u00e7\u00e3o, Ci\u00eancias Econ\u00f4micas, Direito, Engenharia, Estat\u00edstica, Farm\u00e1cia, F\u00edsica, Fonoaudiologia, Geologia, Inform\u00e1tica, Matem\u00e1tica, Medicina Veterin\u00e1ria, Mineralogia, Psicologia, Qu\u00edmica ou Qu\u00edmica Industrial.<br \/>\nPara o ingresso na carreira de Odontolegista, s\u00e3o necess\u00e1rios (art. 1\u00ba-A \u00a7 4\u00ba): o diploma devidamente registrado em Odontologia e o registro no Conselho Regional de Odontologia (CRO).<br \/>\nPara o ingresso na carreira de M\u00e9dico Legista, s\u00e3o necess\u00e1rios (art. 1\u00ba-A \u00a7 5\u00ba): diploma devidamente registrado em Medicina e o registro no Conselho Regional de Medicina (CRM).<br \/>\nPara o ingresso nas demais carreiras, exige-se N\u00edvel Fundamental de Ensino.<\/p>\n<p><strong>H\u00e1 a previs\u00e3o de Teste de Aptid\u00e3o F\u00edsica (TAF) e de Exame Psicot\u00e9cnico?<\/strong><br \/>\n<strong>R.:<\/strong> sim. Ser\u00e3o exigidos no Edital do Concurso o Exame Psicot\u00e9cnico e o Teste de Aptid\u00e3o F\u00edsica, com graus de exig\u00eancia adequados e proporcionais \u00e0s necessidades de cada cargo efetivo da Pol\u00edcia T\u00e9cnico-Cient\u00edfica (art. 1\u00ba-A \u00a7 1\u00ba).<\/p>\n<p><strong>Existe uma fase de Academia de Pol\u00edcia? O Curso de Forma\u00e7\u00e3o \u00e9 parte do Concurso?<\/strong><br \/>\n<strong>R.:<\/strong> o Curso de Forma\u00e7\u00e3o (Academia de Pol\u00edcia) \u00e9 indispens\u00e1vel para a forma\u00e7\u00e3o dos novos servidores policiais da Pol\u00edcia T\u00e9cnico-Cient\u00edfica. Nessa etapa que os candidatos ou os novos servidores policiais (a depender do momento da realiza\u00e7\u00e3o do treinamento) ir\u00e3o conhecer da Corpora\u00e7\u00e3o, suas unidades, as atividades e os procedimentos realizados, as atribui\u00e7\u00f5es de seu cargo efetivo, e o papel da Pol\u00edcia Cient\u00edfica na Seguran\u00e7a P\u00fablica do Estado de Goi\u00e1s. Entretanto, se o Curso de Forma\u00e7\u00e3o far\u00e1 parte ou n\u00e3o do Concurso (s\u00e3o poss\u00edveis as duas configura\u00e7\u00f5es), isso depender\u00e1 da conveni\u00eancia e oportunidade da Administra\u00e7\u00e3o Policial; e de toda forma, tal previs\u00e3o tem que ser expressa no Edital do Concurso.<\/p>\n<p><strong>O Concurso \u00e9 regionalizado?<\/strong><br \/>\n<strong>R.:<\/strong> outra situa\u00e7\u00e3o que depende da discricionariedade da Administra\u00e7\u00e3o Policial (conveni\u00eancia e oportunidade), sendo que no caso de haver regionaliza\u00e7\u00e3o das vagas, os referidos quantitativos de vagas (por localidade) ser\u00e3o expressamente previstos em Edital.<\/p>\n<p><strong>Posso escolher onde trabalhar? Laborat\u00f3rio ou Local de Crime?<\/strong><br \/>\n<strong>R.:<\/strong> depende. O primeiro crit\u00e9rio para a lota\u00e7\u00e3o ser\u00e1 a necessidade da Pol\u00edcia Cient\u00edfica, em nome da \u201cSupremacia do Interesse P\u00fablico sobre o Interesse Particular\u201d (Princ\u00edpio da Adm. P\u00fablica). Na sequ\u00eancia, ser\u00e1 verificada a forma\u00e7\u00e3o profissional do servidor policial e suas aptid\u00f5es. P. ex.: n\u00e3o adianta um Perito Criminal novato querer atuar em Engenharia Forense, se sua forma\u00e7\u00e3o \u00e9 em Farm\u00e1cia, e vice-versa. Um Perito Criminal com forma\u00e7\u00e3o em Engenharia Civil n\u00e3o ser\u00e1 lotado no Laborat\u00f3rio de DNA Forense da Institui\u00e7\u00e3o. Da mesma forma, a unidade espec\u00edfica de lota\u00e7\u00e3o do novo servidor policial depender\u00e1 dos crit\u00e9rios j\u00e1 expostos. Mas claro, sendo poss\u00edvel alinhar o interesse do servidor policial com as necessidades do \u00f3rg\u00e3o, normalmente o pedido pode ser atendido, observando-se em todo caso, a Moralidade P\u00fablica e a Impessoalidade.<\/p>\n<p><strong>H\u00e1 Concurso autorizado no momento?<\/strong><br \/>\n<strong>R.:<\/strong> sim. No presente momento, est\u00e3o autorizadas pelo Governo do Estado de Goi\u00e1s, vagas para as carreiras de Odontolegista, Perito Criminal, M\u00e9dico Legista e Auxiliar de Aut\u00f3psia. Refer\u00eancia: Processo SEI n. 202100005028136.<\/p>\n<p><strong>H\u00e1 Concurso em andamento no momento?<\/strong><br \/>\n<strong>R.:<\/strong> sim. No presente momento, o Governo do Estado de Goi\u00e1s abriu concurso para provimento de vagas para as carreiras de Odontolegista e M\u00e9dico Legista, conforme publica\u00e7\u00e3o neste site: <a href=\"https:\/\/goias.gov.br\/policiacientifica\/artigos\/editalmleol2024\">https:\/\/goias.gov.br\/policiacientifica\/artigos\/editalmleol2024<\/a><\/p>\n<p>Al\u00e9m disso, temos concurso conclu\u00eddo para os cargos de Perito Criminal e Auxiliar de Aut\u00f3psia, cuja nome\u00e7\u00e3o dos aprovados come\u00e7ou em julho\/2024, conforme publicado neste site: <a href=\"https:\/\/goias.gov.br\/policiacientifica\/galeria-de-fotos\/convocacao-de-candidatos\">https:\/\/goias.gov.br\/policiacientifica\/galeria-de-fotos\/convocacao-de-candidatos<\/a><\/p>\n<p>&nbsp;<\/p>\n<p>&nbsp;<\/p>\n<p>&nbsp;<\/p>\n<p><strong>Atualizado<\/strong> por Perito Criminal Emiliano Luiz Neto, em 09\/jul\/2024.<\/p>\n<p>&nbsp;<\/p>\n","protected":false},"excerpt":{"rendered":"<p>&nbsp; Para fazer parte da Pol\u00edcia T\u00e9cnico-Cient\u00edfica, preciso fazer Concurso P\u00fablico? R.: sim. Para ocupar um cargo efetivo\/policial na Superintend\u00eancia de Pol\u00edcia T\u00e9cnico-Cient\u00edfica (SPTC) da Secretaria de Estado da Seguran\u00e7a P\u00fablica (SSP-GO), a \u00fanica porta de entrada \u00e9 a do concurso p\u00fablico. E quais s\u00e3o as carreiras policiais da SPTC? R.: s\u00e3o as seguintes: Perito [&hellip;]<\/p>\n","protected":false},"author":77,"featured_media":0,"parent":0,"menu_order":0,"comment_status":"closed","ping_status":"closed","template":"","meta":{"footnotes":""},"class_list":["post-6886","page","type-page","status-publish","hentry"],"rttpg_featured_image_url":null,"rttpg_author":{"display_name":"barbaragodoy","author_link":"https:\/\/goias.gov.br\/policiacientifica\/author\/barbaragodoy\/"},"rttpg_comment":0,"rttpg_category":null,"rttpg_excerpt":"&nbsp; Para fazer parte da Pol\u00edcia T\u00e9cnico-Cient\u00edfica, preciso fazer Concurso P\u00fablico? R.: sim. Para ocupar um cargo efetivo\/policial na Superintend\u00eancia de Pol\u00edcia T\u00e9cnico-Cient\u00edfica (SPTC) da Secretaria de Estado da Seguran\u00e7a P\u00fablica (SSP-GO), a \u00fanica porta de entrada \u00e9 a do concurso p\u00fablico. E quais s\u00e3o as carreiras policiais da SPTC? R.: s\u00e3o as seguintes: Perito&hellip;","_links":{"self":[{"href":"https:\/\/goias.gov.br\/policiacientifica\/wp-json\/wp\/v2\/pages\/6886","targetHints":{"allow":["GET"]}}],"collection":[{"href":"https:\/\/goias.gov.br\/policiacientifica\/wp-json\/wp\/v2\/pages"}],"about":[{"href":"https:\/\/goias.gov.br\/policiacientifica\/wp-json\/wp\/v2\/types\/page"}],"author":[{"embeddable":true,"href":"https:\/\/goias.gov.br\/policiacientifica\/wp-json\/wp\/v2\/users\/77"}],"replies":[{"embeddable":true,"href":"https:\/\/goias.gov.br\/policiacientifica\/wp-json\/wp\/v2\/comments?post=6886"}],"version-history":[{"count":0,"href":"https:\/\/goias.gov.br\/policiacientifica\/wp-json\/wp\/v2\/pages\/6886\/revisions"}],"wp:attachment":[{"href":"https:\/\/goias.gov.br\/policiacientifica\/wp-json\/wp\/v2\/media?parent=6886"}],"curies":[{"name":"wp","href":"https:\/\/api.w.org\/{rel}","templated":true}]}}