

{"id":190,"date":"2012-05-04T14:34:51","date_gmt":"2012-05-04T17:34:51","guid":{"rendered":"http:\/\/www.policiacientifica.go.gov.br\/?page_id=190"},"modified":"2012-05-04T14:34:51","modified_gmt":"2012-05-04T17:34:51","slug":"superintendente","status":"publish","type":"page","link":"https:\/\/goias.gov.br\/policiacientifica\/superintendente\/","title":{"rendered":"Superintendente"},"content":{"rendered":"<p class=\"wpcf7-contact-form-not-found\"><strong>Erro:<\/strong> Formul\u00e1rio de contato n\u00e3o encontrado.<\/p>\n<p class=\"linha\" style=\"text-align: justify\"><em>Obs.: Esta mensagem ser\u00e1 monitorada por identifica\u00e7\u00e3o de IP, qualquer e-mail com abuso ou falsidade implicar\u00e1 ao usu\u00e1rio penalidades previstas nas leis em vigor.<\/em><\/p>\n<p style=\"text-align: justify\">Aqui voc\u00ea fala diretamente com o Superintendente da Pol\u00edcia Cient\u00edfica do Estado de Goi\u00e1s. Envie suas sugest\u00f5es, d\u00favidas, cr\u00edticas e elogios. Se \u00e9 importante para voc\u00ea, \u00e9 para nos tamb\u00e9m.<\/p>\n<p style=\"text-align: justify\">Pol\u00edcia Cient\u00edfica do Estado de Goi\u00e1s<br \/>\n<a title=\"Pol\u00edcia Cient\u00edfica\" href=\"http:\/\/goias.gov.br\/policiacientifica\" target=\"_blank\">goias.gov.br\/policiacientifica<\/a><\/p>\n<p style=\"text-align: justify\">Telefone: (62) 3201-1210<br \/>\nMaiores informa\u00e7\u00f5es: <a title=\"Assessoria da Pol\u00edcia Cient\u00edfica\" href=\"mailto:assessoria@policiacientifica.go.gov.br\" target=\"_blank\">assessoria@policiacientifica.go.gov.br<\/a><\/p>\n","protected":false},"excerpt":{"rendered":"<p>Obs.: Esta mensagem ser\u00e1 monitorada por identifica\u00e7\u00e3o de IP, qualquer e-mail com abuso ou falsidade implicar\u00e1 ao usu\u00e1rio penalidades previstas nas leis em vigor. Aqui voc\u00ea fala diretamente com o Superintendente da Pol\u00edcia Cient\u00edfica do Estado de Goi\u00e1s. Envie suas sugest\u00f5es, d\u00favidas, cr\u00edticas e elogios. Se \u00e9 importante para voc\u00ea, \u00e9 para nos tamb\u00e9m. Pol\u00edcia [&hellip;]<\/p>\n","protected":false},"author":77,"featured_media":0,"parent":0,"menu_order":0,"comment_status":"closed","ping_status":"closed","template":"","meta":{"footnotes":""},"class_list":["post-190","page","type-page","status-publish","hentry"],"rttpg_featured_image_url":null,"rttpg_author":{"display_name":"barbaragodoy","author_link":"https:\/\/goias.gov.br\/policiacientifica\/author\/barbaragodoy\/"},"rttpg_comment":0,"rttpg_category":null,"rttpg_excerpt":"Obs.: Esta mensagem ser\u00e1 monitorada por identifica\u00e7\u00e3o de IP, qualquer e-mail com abuso ou falsidade implicar\u00e1 ao usu\u00e1rio penalidades previstas nas leis em vigor. Aqui voc\u00ea fala diretamente com o Superintendente da Pol\u00edcia Cient\u00edfica do Estado de Goi\u00e1s. Envie suas sugest\u00f5es, d\u00favidas, cr\u00edticas e elogios. Se \u00e9 importante para voc\u00ea, \u00e9 para nos tamb\u00e9m. Pol\u00edcia&hellip;","_links":{"self":[{"href":"https:\/\/goias.gov.br\/policiacientifica\/wp-json\/wp\/v2\/pages\/190","targetHints":{"allow":["GET"]}}],"collection":[{"href":"https:\/\/goias.gov.br\/policiacientifica\/wp-json\/wp\/v2\/pages"}],"about":[{"href":"https:\/\/goias.gov.br\/policiacientifica\/wp-json\/wp\/v2\/types\/page"}],"author":[{"embeddable":true,"href":"https:\/\/goias.gov.br\/policiacientifica\/wp-json\/wp\/v2\/users\/77"}],"replies":[{"embeddable":true,"href":"https:\/\/goias.gov.br\/policiacientifica\/wp-json\/wp\/v2\/comments?post=190"}],"version-history":[{"count":0,"href":"https:\/\/goias.gov.br\/policiacientifica\/wp-json\/wp\/v2\/pages\/190\/revisions"}],"wp:attachment":[{"href":"https:\/\/goias.gov.br\/policiacientifica\/wp-json\/wp\/v2\/media?parent=190"}],"curies":[{"name":"wp","href":"https:\/\/api.w.org\/{rel}","templated":true}]}}