
{"id":4755,"date":"2026-04-29T15:55:56","date_gmt":"2026-04-29T18:55:56","guid":{"rendered":"https:\/\/goias.gov.br\/parquesdegoias\/?page_id=4755"},"modified":"2026-04-29T16:45:41","modified_gmt":"2026-04-29T19:45:41","slug":"edital-de-biodiversidade","status":"publish","type":"page","link":"https:\/\/goias.gov.br\/parquesdegoias\/edital-de-biodiversidade\/","title":{"rendered":"Edital de Biodiversidade"},"content":{"rendered":"\t\t<div data-elementor-type=\"wp-page\" data-elementor-id=\"4755\" class=\"elementor elementor-4755\">\n\t\t\t\t<div class=\"elementor-element elementor-element-3f43b8ea e-con-full e-flex e-con e-parent\" data-id=\"3f43b8ea\" data-element_type=\"container\" data-e-type=\"container\">\n\t\t<div class=\"elementor-element elementor-element-4c1bde0e e-con-full e-flex e-con e-child\" data-id=\"4c1bde0e\" data-element_type=\"container\" data-e-type=\"container\" data-settings=\"{&quot;background_background&quot;:&quot;classic&quot;}\">\n\t\t\t\t<div class=\"elementor-element elementor-element-636fe63b elementor-widget__width-initial elementor-widget-tablet__width-initial elementor-widget elementor-widget-heading\" data-id=\"636fe63b\" data-element_type=\"widget\" data-e-type=\"widget\" data-widget_type=\"heading.default\">\n\t\t\t\t\t<h2 class=\"elementor-heading-title elementor-size-default\">EDITAL DE BIODIVERSIDADE<\/h2>\t\t\t\t<\/div>\n\t\t\t\t<\/div>\n\t\t<div class=\"elementor-element elementor-element-7ed72fcf e-con-full e-flex e-con e-child\" data-id=\"7ed72fcf\" data-element_type=\"container\" data-e-type=\"container\">\n\t\t<div class=\"elementor-element elementor-element-37a3fcf8 e-con-full e-flex e-con e-child\" data-id=\"37a3fcf8\" data-element_type=\"container\" data-e-type=\"container\">\n\t\t\t\t<div class=\"elementor-element elementor-element-33d20de2 elementor-widget__width-initial elementor-widget-tablet__width-initial elementor-widget-mobile__width-initial elementor-widget elementor-widget-text-editor\" data-id=\"33d20de2\" data-element_type=\"widget\" data-e-type=\"widget\" data-widget_type=\"text-editor.default\">\n\t\t\t\t\t\t\t\t\t<p><span style=\"font-family: arial, helvetica, sans-serif; color: #000000;\">A Secretaria de Estado de Meio Ambiente e Desenvolvimento Sustent\u00e1vel de Goi\u00e1s (SEMAD)\u00a0publicou\u00a0edital para sele\u00e7\u00e3o de projetos que ir\u00e3o compor o\u00a0<b>\u201cCesto de Projetos para Biodiversidade Goiana\u201d<\/b>, com financiamento por meio de recursos oriundos da convers\u00e3o de multas ambientais.\u00a0<\/span><\/p><p><span style=\"font-family: arial, helvetica, sans-serif; color: #000000;\">A\u00a0iniciativa\u00a0visa\u00a0apoiar a\u00e7\u00f5es estrat\u00e9gicas voltadas \u00e0\u00a0<b>prote\u00e7\u00e3o, conserva\u00e7\u00e3o e uso sustent\u00e1vel da biodiversidade<\/b>, al\u00e9m de fortalecer institui\u00e7\u00f5es,\u00a0fomentar\u00a0pesquisas cient\u00edficas e incentivar\u00a0projetos\u00a0que gerem benef\u00edcios ambientais, sociais e econ\u00f4micos no estado.\u00a0\u00a0<\/span><\/p><p><span style=\"font-family: arial, helvetica, sans-serif; color: #000000;\"><b>Como funciona<\/b>\u00a0<\/span><\/p><p><span style=\"font-family: arial, helvetica, sans-serif; color: #000000;\">Podem participar institui\u00e7\u00f5es p\u00fablicas e privadas,\u00a0atrav\u00e9s da submiss\u00e3o\u00a0propostas alinhadas aos eixos tem\u00e1ticos do edital. Os projetos selecionados\u00a0compor\u00e3o\u00a0um banco estrat\u00e9gico\u00a0e\u00a0poder\u00e3o\u00a0receber financiamento conforme\u00a0a\u00a0disponibilidade de recursos e\u00a0as\u00a0prioridades definidas pela SEMAD.\u00a0\u00a0<\/span><\/p><p><span style=\"font-family: arial, helvetica, sans-serif; color: #000000;\">Cada proposta deve estar vinculada a apenas um eixo e apresentar metas,\u00a0de forma clara,\u00a0indicadores, cronograma f\u00edsico-financeiro e resultados esperados.\u00a0\u00a0<\/span><\/p><p><span style=\"font-family: arial, helvetica, sans-serif; color: #000000;\">O prazo m\u00e1ximo de execu\u00e7\u00e3o dos projetos \u00e9 de\u00a0at\u00e9\u00a0<b>24 meses.<\/b>\u00a0\u00a0<\/span><\/p><p><span style=\"font-family: arial, helvetica, sans-serif; color: #000000;\"><b>Eixos tem\u00e1ticos<\/b>\u00a0<\/span><\/p><p><span style=\"font-family: arial, helvetica, sans-serif; color: #000000;\">O edital est\u00e1 estruturado em cinco eixos principais:\u00a0<\/span><\/p><ul><li style=\"list-style-type: none;\"><ul style=\"list-style-type: circle;\"><li aria-setsize=\"-1\" data-leveltext=\"\uf0b7\" data-font=\"Symbol\" data-listid=\"1\" data-list-defn-props=\"{&quot;335552541&quot;:1,&quot;335559685&quot;:720,&quot;335559991&quot;:360,&quot;469769226&quot;:&quot;Symbol&quot;,&quot;469769242&quot;:[8226],&quot;469777803&quot;:&quot;left&quot;,&quot;469777804&quot;:&quot;\uf0b7&quot;,&quot;469777815&quot;:&quot;hybridMultilevel&quot;}\" data-aria-posinset=\"1\" data-aria-level=\"1\"><span style=\"font-family: arial, helvetica, sans-serif; color: #000000;\"><b>Eixo 1:<\/b> Pesquisa e monitoramento da biodiversidade aqu\u00e1tica e recursos pesqueiros<\/span><\/li><li aria-setsize=\"-1\" data-leveltext=\"\uf0b7\" data-font=\"Symbol\" data-listid=\"1\" data-list-defn-props=\"{&quot;335552541&quot;:1,&quot;335559685&quot;:720,&quot;335559991&quot;:360,&quot;469769226&quot;:&quot;Symbol&quot;,&quot;469769242&quot;:[8226],&quot;469777803&quot;:&quot;left&quot;,&quot;469777804&quot;:&quot;\uf0b7&quot;,&quot;469777815&quot;:&quot;hybridMultilevel&quot;}\" data-aria-posinset=\"1\" data-aria-level=\"1\"><span style=\"font-family: arial, helvetica, sans-serif; color: #000000;\"><b>Eixo 2:<\/b> Fortalecimento de institui\u00e7\u00f5es de conserva\u00e7\u00e3o da fauna (como CETAS, criadouros e zool\u00f3gicos)<\/span><\/li><li aria-setsize=\"-1\" data-leveltext=\"\uf0b7\" data-font=\"Symbol\" data-listid=\"1\" data-list-defn-props=\"{&quot;335552541&quot;:1,&quot;335559685&quot;:720,&quot;335559991&quot;:360,&quot;469769226&quot;:&quot;Symbol&quot;,&quot;469769242&quot;:[8226],&quot;469777803&quot;:&quot;left&quot;,&quot;469777804&quot;:&quot;\uf0b7&quot;,&quot;469777815&quot;:&quot;hybridMultilevel&quot;}\" data-aria-posinset=\"1\" data-aria-level=\"1\"><span style=\"font-family: arial, helvetica, sans-serif; color: #000000;\"><b>Eixo 3:<\/b> Estrutura\u00e7\u00e3o de empreendimentos ligados \u00e0 fauna<\/span><\/li><li aria-setsize=\"-1\" data-leveltext=\"\uf0b7\" data-font=\"Symbol\" data-listid=\"1\" data-list-defn-props=\"{&quot;335552541&quot;:1,&quot;335559685&quot;:720,&quot;335559991&quot;:360,&quot;469769226&quot;:&quot;Symbol&quot;,&quot;469769242&quot;:[8226],&quot;469777803&quot;:&quot;left&quot;,&quot;469777804&quot;:&quot;\uf0b7&quot;,&quot;469777815&quot;:&quot;hybridMultilevel&quot;}\" data-aria-posinset=\"1\" data-aria-level=\"1\"><span style=\"font-family: arial, helvetica, sans-serif; color: #000000;\"><b>Eixo 4:<\/b> Conserva\u00e7\u00e3o de esp\u00e9cies da fauna silvestre nativa<\/span><\/li><li aria-setsize=\"-1\" data-leveltext=\"\uf0b7\" data-font=\"Symbol\" data-listid=\"1\" data-list-defn-props=\"{&quot;335552541&quot;:1,&quot;335559685&quot;:720,&quot;335559991&quot;:360,&quot;469769226&quot;:&quot;Symbol&quot;,&quot;469769242&quot;:[8226],&quot;469777803&quot;:&quot;left&quot;,&quot;469777804&quot;:&quot;\uf0b7&quot;,&quot;469777815&quot;:&quot;hybridMultilevel&quot;}\" data-aria-posinset=\"1\" data-aria-level=\"1\"><span style=\"font-family: arial, helvetica, sans-serif; color: #000000;\"><b>Eixo 5:<\/b>\u00a0Conserva\u00e7\u00e3o e uso sustent\u00e1vel da flora e fungos silvestres\u00a0\u00a0<\/span><\/li><\/ul><\/li><\/ul><p><span style=\"font-family: arial, helvetica, sans-serif;\"><em><span style=\"color: #000000;\">\u26a0Os t\u00edtulos acima s\u00e3o vers\u00f5es resumidas. Para a descri\u00e7\u00e3o completa de cada eixo, bem como seus objetivos e crit\u00e9rios espec\u00edficos, consulte o edital.\u00a0<\/span><\/em><\/span><\/p><p><span style=\"font-family: arial, helvetica, sans-serif; color: #000000;\"><b>Recursos e crit\u00e9rios<\/b>\u00a0<\/span><\/p><p><span style=\"font-family: arial, helvetica, sans-serif; color: #000000;\">As propostas\u00a0dever\u00e3o demonstrar viabilidade t\u00e9cnica, sustentabilidade\u00a0e potencial de\u00a0impacto positivo na conserva\u00e7\u00e3o da biodiversidade. Recomenda-se, sempre que poss\u00edvel,\u00a0propor\u00a0a articula\u00e7\u00e3o com parcerias institucionais e comunidades\u00a0locais.\u00a0<\/span><\/p><p><span style=\"font-family: arial, helvetica, sans-serif; color: #000000;\">Os valores\u00a0do fomento\u00a0variam conforme o eixo,\u00a0respeitando os limites estabelecidos por projeto e por eixo.\u00a0<\/span><\/p><p><span style=\"font-family: arial, helvetica, sans-serif; color: #000000;\"><b>Submiss\u00e3o de propostas<\/b>\u00a0<\/span><\/p><p><span style=\"font-family: arial, helvetica, sans-serif; color: #000000;\">As propostas devem seguir o roteiro t\u00e9cnico estabelecido no edital, contendo justificativa, objetivos, metodologia, metas, indicadores e detalhamento de custos.\u00a0<\/span><\/p><p><span style=\"font-family: arial, helvetica, sans-serif; color: #000000;\">As inscri\u00e7\u00f5es s\u00e3o gratuitas, devem atender integralmente aos crit\u00e9rios estabelecidos e permanecem abertas a partir da publica\u00e7\u00e3o do edital, sem prazo final definido, sendo encerradas apenas quando os recursos dispon\u00edveis forem integralmente comprometidos.\u00a0\u00a0<\/span><\/p><p><span style=\"font-family: arial, helvetica, sans-serif; color: #000000;\"><b>Submeta\u00a0suas propostas\u00a0e fa\u00e7a parte das iniciativas que v\u00e3o fortalecer a conserva\u00e7\u00e3o da biodiversidade em Goi\u00e1s.<\/b>\u00a0<\/span><\/p><p><span style=\"font-family: arial, helvetica, sans-serif;\"><a href=\"https:\/\/goias.gov.br\/parquesdegoias\/wp-content\/uploads\/sites\/70\/2026\/04\/Publicacao___DOE__N___24.763_de_22_de_abril_de_2026-3.pdf\">Acesse o Edital.<\/a><\/span><\/p>\t\t\t\t\t\t\t\t<\/div>\n\t\t\t\t<\/div>\n\t\t\t\t<\/div>\n\t\t\t\t<\/div>\n\t\t\t\t<\/div>\n\t\t","protected":false},"excerpt":{"rendered":"<p>EDITAL DE BIODIVERSIDADE A Secretaria de Estado de Meio Ambiente e Desenvolvimento Sustent\u00e1vel de Goi\u00e1s (SEMAD)\u00a0publicou\u00a0edital para sele\u00e7\u00e3o de projetos que ir\u00e3o compor o\u00a0\u201cCesto de Projetos para Biodiversidade Goiana\u201d, com financiamento por meio de recursos oriundos da convers\u00e3o de multas ambientais.\u00a0 A\u00a0iniciativa\u00a0visa\u00a0apoiar a\u00e7\u00f5es estrat\u00e9gicas voltadas \u00e0\u00a0prote\u00e7\u00e3o, conserva\u00e7\u00e3o e uso sustent\u00e1vel da biodiversidade, al\u00e9m de fortalecer [&hellip;]<\/p>\n","protected":false},"author":855,"featured_media":0,"parent":0,"menu_order":0,"comment_status":"closed","ping_status":"closed","template":"","meta":{"footnotes":""},"class_list":["post-4755","page","type-page","status-publish","hentry"],"acf":[],"rttpg_featured_image_url":null,"rttpg_author":{"display_name":"danyellaoliveira","author_link":"https:\/\/goias.gov.br\/parquesdegoias\/author\/danyellaoliveira\/"},"rttpg_comment":0,"rttpg_category":null,"rttpg_excerpt":"EDITAL DE BIODIVERSIDADE A Secretaria de Estado de Meio Ambiente e Desenvolvimento Sustent\u00e1vel de Goi\u00e1s (SEMAD)\u00a0publicou\u00a0edital para sele\u00e7\u00e3o de projetos que ir\u00e3o compor o\u00a0\u201cCesto de Projetos para Biodiversidade Goiana\u201d, com financiamento por meio de recursos oriundos da convers\u00e3o de multas ambientais.\u00a0 A\u00a0iniciativa\u00a0visa\u00a0apoiar a\u00e7\u00f5es estrat\u00e9gicas voltadas \u00e0\u00a0prote\u00e7\u00e3o, conserva\u00e7\u00e3o e uso sustent\u00e1vel da biodiversidade, al\u00e9m de fortalecer&hellip;","_links":{"self":[{"href":"https:\/\/goias.gov.br\/parquesdegoias\/wp-json\/wp\/v2\/pages\/4755","targetHints":{"allow":["GET"]}}],"collection":[{"href":"https:\/\/goias.gov.br\/parquesdegoias\/wp-json\/wp\/v2\/pages"}],"about":[{"href":"https:\/\/goias.gov.br\/parquesdegoias\/wp-json\/wp\/v2\/types\/page"}],"author":[{"embeddable":true,"href":"https:\/\/goias.gov.br\/parquesdegoias\/wp-json\/wp\/v2\/users\/855"}],"replies":[{"embeddable":true,"href":"https:\/\/goias.gov.br\/parquesdegoias\/wp-json\/wp\/v2\/comments?post=4755"}],"version-history":[{"count":2,"href":"https:\/\/goias.gov.br\/parquesdegoias\/wp-json\/wp\/v2\/pages\/4755\/revisions"}],"predecessor-version":[{"id":4762,"href":"https:\/\/goias.gov.br\/parquesdegoias\/wp-json\/wp\/v2\/pages\/4755\/revisions\/4762"}],"wp:attachment":[{"href":"https:\/\/goias.gov.br\/parquesdegoias\/wp-json\/wp\/v2\/media?parent=4755"}],"curies":[{"name":"wp","href":"https:\/\/api.w.org\/{rel}","templated":true}]}}