
{"id":4466,"date":"2026-02-24T07:49:35","date_gmt":"2026-02-24T10:49:35","guid":{"rendered":"https:\/\/goias.gov.br\/parquesdegoias\/?page_id=4466"},"modified":"2026-02-24T13:31:15","modified_gmt":"2026-02-24T16:31:15","slug":"projeto-amora","status":"publish","type":"page","link":"https:\/\/goias.gov.br\/parquesdegoias\/projeto-amora\/","title":{"rendered":"Projeto\u00a0Amora"},"content":{"rendered":"\t\t<div data-elementor-type=\"wp-page\" data-elementor-id=\"4466\" class=\"elementor elementor-4466\">\n\t\t\t\t<div class=\"elementor-element elementor-element-161bd56 e-con-full e-flex e-con e-parent\" data-id=\"161bd56\" data-element_type=\"container\" data-e-type=\"container\">\n\t\t<div class=\"elementor-element elementor-element-4b51e615 e-con-full e-flex e-con e-child\" data-id=\"4b51e615\" data-element_type=\"container\" data-e-type=\"container\" data-settings=\"{&quot;background_background&quot;:&quot;classic&quot;}\">\n\t\t\t\t<div class=\"elementor-element elementor-element-70175659 elementor-widget__width-initial elementor-widget-tablet__width-initial elementor-widget elementor-widget-heading\" data-id=\"70175659\" data-element_type=\"widget\" data-e-type=\"widget\" data-widget_type=\"heading.default\">\n\t\t\t\t\t<h2 class=\"elementor-heading-title elementor-size-default\">PROJETO AMORA<\/h2>\t\t\t\t<\/div>\n\t\t\t\t<\/div>\n\t\t<div class=\"elementor-element elementor-element-4d6ab38c e-con-full e-flex e-con e-child\" data-id=\"4d6ab38c\" data-element_type=\"container\" data-e-type=\"container\">\n\t\t<div class=\"elementor-element elementor-element-11231e55 e-con-full e-flex e-con e-child\" data-id=\"11231e55\" data-element_type=\"container\" data-e-type=\"container\">\n\t\t\t\t<div class=\"elementor-element elementor-element-664b06d4 elementor-widget__width-initial elementor-widget-tablet__width-initial elementor-widget-mobile__width-initial elementor-widget elementor-widget-text-editor\" data-id=\"664b06d4\" data-element_type=\"widget\" data-e-type=\"widget\" data-widget_type=\"text-editor.default\">\n\t\t\t\t\t\t\t\t\t<p><span style=\"font-family: arial, helvetica, sans-serif; font-size: 12pt; color: #000000;\">O Projeto AMORA \u00e9 uma iniciativa voltada \u00e0 compreens\u00e3o e mitiga\u00e7\u00e3o dos conflitos entre animais dom\u00e9sticos e a fauna silvestre, com \u00eanfase nos impactos causados por c\u00e3es dom\u00e9sticos, especialmente no entorno do Parque Estadual da Serra de Caldas Novas (PESCaN). O projeto integra pesquisa cient\u00edfica e gest\u00e3o ambiental para subsidiar a\u00e7\u00f5es de conserva\u00e7\u00e3o da biodiversidade em Goi\u00e1s.<\/span><\/p><p><strong><span style=\"font-family: arial, helvetica, sans-serif; font-size: 12pt; color: #000000;\">Por que o projeto foi criado?<\/span><\/strong> <\/p><p><span style=\"font-family: arial, helvetica, sans-serif; font-size: 12pt; color: #000000;\">O Projeto AMORA foi criado a partir da identifica\u00e7\u00e3o de que a presen\u00e7a e o manejo inadequado de animais dom\u00e9sticos, em especial c\u00e3es, no entorno de Unidades de Conserva\u00e7\u00e3o, representam riscos significativos \u00e0 fauna silvestre. Esses conflitos podem resultar em preda\u00e7\u00e3o, persegui\u00e7\u00e3o, transmiss\u00e3o de doen\u00e7as, competi\u00e7\u00e3o por recursos e perturba\u00e7\u00e3o do ambiente natural, afetando esp\u00e9cies silvestres e a integridade dos ecossistemas. Diante desse cen\u00e1rio, o projeto busca compreender a din\u00e2mica desses conflitos e apoiar a constru\u00e7\u00e3o de estrat\u00e9gias para sua mitiga\u00e7\u00e3o, fortalecendo a conserva\u00e7\u00e3o da biodiversidade.<\/span><\/p><p><strong><span style=\"font-family: arial, helvetica, sans-serif; font-size: 12pt; color: #000000;\">Como o projeto foi realizado? <\/span><\/strong><\/p><p><span style=\"font-family: arial, helvetica, sans-serif; font-size: 12pt; color: #000000;\">O projeto foi desenvolvido por meio de parcerias institucionais, com atua\u00e7\u00e3o integrada entre gest\u00e3o p\u00fablica ambiental e institui\u00e7\u00f5es de pesquisa. As a\u00e7\u00f5es inclu\u00edram levantamento de informa\u00e7\u00f5es junto \u00e0s comunidades do entorno, diagn\u00f3stico da popula\u00e7\u00e3o de animais dom\u00e9sticos, caracteriza\u00e7\u00e3o das pr\u00e1ticas de manejo adotadas e an\u00e1lise das intera\u00e7\u00f5es entre animais dom\u00e9sticos e a fauna silvestre. As atividades foram conduzidas com base em metodologias cient\u00edficas, permitindo a sistematiza\u00e7\u00e3o de dados t\u00e9cnicos aplic\u00e1veis \u00e0 gest\u00e3o do PESCaN e de seu entorno.<\/span><\/p><p><strong><span style=\"font-family: arial, helvetica, sans-serif; font-size: 12pt; color: #000000;\">Resultados at\u00e9 o momento <\/span><\/strong><\/p><p><span style=\"font-family: arial, helvetica, sans-serif; font-size: 12pt; color: #000000;\">At\u00e9 o momento, o Projeto AMORA possibilitou:<\/span><\/p><ul><li style=\"list-style-type: none;\"><ul style=\"list-style-type: circle;\"><li><span style=\"font-family: arial, helvetica, sans-serif; font-size: 12pt; color: #000000;\">O diagn\u00f3stico da presen\u00e7a e do manejo de animais dom\u00e9sticos, com foco nos c\u00e3es, no entorno do PESCaN;<\/span><\/li><li><span style=\"font-family: arial, helvetica, sans-serif; font-size: 12pt; color: #000000;\">A identifica\u00e7\u00e3o de fatores que intensificam os conflitos com a fauna silvestre;<\/span><\/li><li><span style=\"font-family: arial, helvetica, sans-serif; font-size: 12pt; color: #000000;\">O registro de intera\u00e7\u00f5es entre c\u00e3es dom\u00e9sticos e esp\u00e9cies silvestres;<\/span><\/li><li><span style=\"font-family: arial, helvetica, sans-serif; font-size: 12pt; color: #000000;\">A amplia\u00e7\u00e3o do conhecimento sobre a rela\u00e7\u00e3o entre as comunidades locais e a Unidade de Conserva\u00e7\u00e3o;<\/span><\/li><li><span style=\"font-family: arial, helvetica, sans-serif; font-size: 12pt; color: #000000;\">A gera\u00e7\u00e3o de informa\u00e7\u00f5es t\u00e9cnicas para subsidiar a\u00e7\u00f5es de manejo e conserva\u00e7\u00e3o.<\/span><\/li><\/ul><\/li><\/ul><p><strong><span style=\"font-family: arial, helvetica, sans-serif; font-size: 12pt; color: #000000;\">Contribui\u00e7\u00f5es do projeto<\/span><\/strong><\/p><p><span style=\"font-family: arial, helvetica, sans-serif; font-size: 12pt; color: #000000;\">O Projeto AMORA contribui para:<\/span><\/p><ul><li style=\"list-style-type: none;\"><ul style=\"list-style-type: circle;\"><li><span style=\"font-family: arial, helvetica, sans-serif; font-size: 12pt; color: #000000;\">A redu\u00e7\u00e3o dos conflitos entre animais dom\u00e9sticos e a fauna silvestre;<\/span><\/li><li><span style=\"font-family: arial, helvetica, sans-serif; font-size: 12pt; color: #000000;\">O fortalecimento da gest\u00e3o das Unidades de Conserva\u00e7\u00e3o;<\/span><\/li><li><span style=\"font-family: arial, helvetica, sans-serif; font-size: 12pt; color: #000000;\">O apoio \u00e0 defini\u00e7\u00e3o de estrat\u00e9gias de manejo respons\u00e1vel de animais dom\u00e9sticos, especialmente c\u00e3es;<\/span><\/li><li><span style=\"font-family: arial, helvetica, sans-serif; font-size: 12pt; color: #000000;\">A prote\u00e7\u00e3o da biodiversidade e de esp\u00e9cies silvestres;<\/span><\/li><li><span style=\"font-family: arial, helvetica, sans-serif; font-size: 12pt; color: #000000;\">A promo\u00e7\u00e3o de uma conviv\u00eancia mais equilibrada entre comunidades humanas, animais dom\u00e9sticos e o ambiente natural.<\/span><\/li><\/ul><\/li><\/ul>\t\t\t\t\t\t\t\t<\/div>\n\t\t\t\t<\/div>\n\t\t\t\t<\/div>\n\t\t\t\t<\/div>\n\t\t\t\t<\/div>\n\t\t","protected":false},"excerpt":{"rendered":"<p>PROJETO AMORA O Projeto AMORA \u00e9 uma iniciativa voltada \u00e0 compreens\u00e3o e mitiga\u00e7\u00e3o dos conflitos entre animais dom\u00e9sticos e a fauna silvestre, com \u00eanfase nos impactos causados por c\u00e3es dom\u00e9sticos, especialmente no entorno do Parque Estadual da Serra de Caldas Novas (PESCaN). O projeto integra pesquisa cient\u00edfica e gest\u00e3o ambiental para subsidiar a\u00e7\u00f5es de conserva\u00e7\u00e3o [&hellip;]<\/p>\n","protected":false},"author":855,"featured_media":0,"parent":0,"menu_order":0,"comment_status":"closed","ping_status":"closed","template":"elementor_header_footer","meta":{"footnotes":""},"class_list":["post-4466","page","type-page","status-publish","hentry"],"acf":[],"rttpg_featured_image_url":null,"rttpg_author":{"display_name":"danyellaoliveira","author_link":"https:\/\/goias.gov.br\/parquesdegoias\/author\/danyellaoliveira\/"},"rttpg_comment":0,"rttpg_category":null,"rttpg_excerpt":"PROJETO AMORA O Projeto AMORA \u00e9 uma iniciativa voltada \u00e0 compreens\u00e3o e mitiga\u00e7\u00e3o dos conflitos entre animais dom\u00e9sticos e a fauna silvestre, com \u00eanfase nos impactos causados por c\u00e3es dom\u00e9sticos, especialmente no entorno do Parque Estadual da Serra de Caldas Novas (PESCaN). O projeto integra pesquisa cient\u00edfica e gest\u00e3o ambiental para subsidiar a\u00e7\u00f5es de conserva\u00e7\u00e3o&hellip;","_links":{"self":[{"href":"https:\/\/goias.gov.br\/parquesdegoias\/wp-json\/wp\/v2\/pages\/4466","targetHints":{"allow":["GET"]}}],"collection":[{"href":"https:\/\/goias.gov.br\/parquesdegoias\/wp-json\/wp\/v2\/pages"}],"about":[{"href":"https:\/\/goias.gov.br\/parquesdegoias\/wp-json\/wp\/v2\/types\/page"}],"author":[{"embeddable":true,"href":"https:\/\/goias.gov.br\/parquesdegoias\/wp-json\/wp\/v2\/users\/855"}],"replies":[{"embeddable":true,"href":"https:\/\/goias.gov.br\/parquesdegoias\/wp-json\/wp\/v2\/comments?post=4466"}],"version-history":[{"count":2,"href":"https:\/\/goias.gov.br\/parquesdegoias\/wp-json\/wp\/v2\/pages\/4466\/revisions"}],"predecessor-version":[{"id":4486,"href":"https:\/\/goias.gov.br\/parquesdegoias\/wp-json\/wp\/v2\/pages\/4466\/revisions\/4486"}],"wp:attachment":[{"href":"https:\/\/goias.gov.br\/parquesdegoias\/wp-json\/wp\/v2\/media?parent=4466"}],"curies":[{"name":"wp","href":"https:\/\/api.w.org\/{rel}","templated":true}]}}