
{"id":4162,"date":"2026-01-21T16:21:13","date_gmt":"2026-01-21T19:21:13","guid":{"rendered":"https:\/\/goias.gov.br\/parquesdegoias\/?page_id=4162"},"modified":"2026-01-22T10:57:18","modified_gmt":"2026-01-22T13:57:18","slug":"projeto-meliponizar","status":"publish","type":"page","link":"https:\/\/goias.gov.br\/parquesdegoias\/projeto-meliponizar\/","title":{"rendered":"Projeto Meliponizar"},"content":{"rendered":"\t\t<div data-elementor-type=\"wp-page\" data-elementor-id=\"4162\" class=\"elementor elementor-4162\">\n\t\t\t\t<div class=\"elementor-element elementor-element-f112428 e-con-full e-flex e-con e-parent\" data-id=\"f112428\" data-element_type=\"container\" data-e-type=\"container\">\n\t\t<div class=\"elementor-element elementor-element-15bde785 e-con-full e-flex e-con e-child\" data-id=\"15bde785\" data-element_type=\"container\" data-e-type=\"container\" data-settings=\"{&quot;background_background&quot;:&quot;classic&quot;}\">\n\t\t\t\t<div class=\"elementor-element elementor-element-638c0fc6 elementor-widget__width-initial elementor-widget-tablet__width-initial elementor-widget elementor-widget-heading\" data-id=\"638c0fc6\" data-element_type=\"widget\" data-e-type=\"widget\" data-widget_type=\"heading.default\">\n\t\t\t\t\t<h2 class=\"elementor-heading-title elementor-size-default\">PROJETO MELIPONIZAR<\/h2>\t\t\t\t<\/div>\n\t\t\t\t<\/div>\n\t\t<div class=\"elementor-element elementor-element-29ac3e39 e-con-full e-flex e-con e-child\" data-id=\"29ac3e39\" data-element_type=\"container\" data-e-type=\"container\">\n\t\t<div class=\"elementor-element elementor-element-948486 e-con-full e-flex e-con e-child\" data-id=\"948486\" data-element_type=\"container\" data-e-type=\"container\">\n\t\t\t\t<div class=\"elementor-element elementor-element-349bb84b elementor-widget__width-initial elementor-widget-tablet__width-initial elementor-widget-mobile__width-initial elementor-widget elementor-widget-text-editor\" data-id=\"349bb84b\" data-element_type=\"widget\" data-e-type=\"widget\" data-widget_type=\"text-editor.default\">\n\t\t\t\t\t\t\t\t\t<p><span style=\"font-family: arial, helvetica, sans-serif; font-size: 12pt; color: #000000;\">O Projeto Meliponizar<span style=\"font-weight: 400;\"> \u00e9 uma iniciativa estrat\u00e9gica do Governo de Goi\u00e1s, voltada \u00e0 conserva\u00e7\u00e3o das abelhas nativas sem ferr\u00e3o, \u00e0 promo\u00e7\u00e3o da educa\u00e7\u00e3o ambiental e ao fortalecimento das a\u00e7\u00f5es de prote\u00e7\u00e3o da biodiversidade no Estado de Goi\u00e1s. O projeto integra o conjunto de pol\u00edticas p\u00fablicas ambientais que buscam ampliar a participa\u00e7\u00e3o social, estimular pr\u00e1ticas sustent\u00e1veis e garantir a preserva\u00e7\u00e3o dos polinizadores, fundamentais ao equil\u00edbrio dos ecossistemas e para a seguran\u00e7a alimentar.<\/span><\/span><\/p><p><span style=\"font-family: arial, helvetica, sans-serif; font-size: 12pt; color: #000000;\"><b>Import\u00e2ncia Estrat\u00e9gica para Goi\u00e1s<\/b><\/span><\/p><p><span style=\"font-weight: 400; font-family: arial, helvetica, sans-serif; font-size: 12pt; color: #000000;\">O Projeto Meliponizar tem como objetivo promover a conserva\u00e7\u00e3o e o manejo respons\u00e1vel das abelhas nativas sem ferr\u00e3o, esp\u00e9cies essenciais para a poliniza\u00e7\u00e3o e para o equil\u00edbrio dos ecossistemas. A iniciativa responde a desafios ambientais como perda de habitat, uso inadequado de agrot\u00f3xicos e redu\u00e7\u00e3o das popula\u00e7\u00f5es de polinizadores, contribuindo diretamente para a prote\u00e7\u00e3o da biodiversidade, o fortalecimento da agricultura sustent\u00e1vel e a amplia\u00e7\u00e3o do conhecimento ambiental em Goi\u00e1s.<\/span><\/p><p><span style=\"font-weight: 400; font-family: arial, helvetica, sans-serif; font-size: 12pt; color: #000000;\">O projeto contempla um conjunto de a\u00e7\u00f5es estruturadas, entre elas:<\/span><\/p><ul><li style=\"list-style-type: none;\"><ul style=\"list-style-type: circle;\"><li><span style=\"font-weight: 400; font-family: arial, helvetica, sans-serif; font-size: 12pt; color: #000000;\">Capacita\u00e7\u00f5es e oficinas sobre o manejo de abelhas silvestres nativas sem ferr\u00e3o;<\/span><\/li><li><span style=\"font-weight: 400; font-family: arial, helvetica, sans-serif; font-size: 12pt; color: #000000;\">Implanta\u00e7\u00e3o de melipon\u00e1rios demonstrativos em escolas, parques e institui\u00e7\u00f5es p\u00fablicas;<\/span><\/li><li><span style=\"font-weight: 400; font-family: arial, helvetica, sans-serif; font-size: 12pt; color: #000000;\">Apoio t\u00e9cnico a meliponicultores e \u00e0 comunidades rurais e urbanas na ado\u00e7\u00e3o de pr\u00e1ticas ambientalmente respons\u00e1veis, promovendo o fortalecimento da cadeia produtiva sustent\u00e1vel da meliponicultura;<\/span><\/li><li><span style=\"font-weight: 400; font-family: arial, helvetica, sans-serif; font-size: 12pt; color: #000000;\">Atividades de educa\u00e7\u00e3o ambiental voltadas \u00e0 conscientiza\u00e7\u00e3o sobre polinizadores;<\/span><\/li><li><span style=\"font-weight: 400; font-family: arial, helvetica, sans-serif; font-size: 12pt; color: #000000;\">Incentivo \u00e0 pesquisa cient\u00edfica e ao monitoramento de esp\u00e9cies nativas.<\/span><\/li><\/ul><\/li><\/ul><p><span style=\"font-family: arial, helvetica, sans-serif; font-size: 12pt; color: #000000;\"><b>A\u00e7\u00f5es Desenvolvidas<\/b><\/span><\/p><p><span style=\"font-family: arial, helvetica, sans-serif; font-size: 12pt; color: #000000;\"><span style=\"font-weight: 400;\">O primeiro passo concreto do projeto foi a assinatura de um Acordo de Coopera\u00e7\u00e3o T\u00e9cnica entre a SEMAD e a Prefeitura de Goi\u00e2nia para a instala\u00e7\u00e3o de um melipon\u00e1rio demonstrativo no Parque Bernardo \u00c9lis. O espa\u00e7o foi constru\u00eddo para abrigar col\u00f4nias resgatadas de \u00e1rvores podadas ou extirpadas da capital,<\/span> <span style=\"font-weight: 400;\">e servir\u00e1 como ambiente para pesquisas cient\u00edficas, aulas de educa\u00e7\u00e3o ambiental e divulga\u00e7\u00e3o de produtos da meliponicultura.\u00a0<\/span><\/span><\/p><p><span style=\"font-weight: 400; font-family: arial, helvetica, sans-serif; font-size: 12pt; color: #000000;\">O Melipon\u00e1rio do Parque Bernardo \u00c9lis j\u00e1 foi entregue e segue sob a dire\u00e7\u00e3o da Ag\u00eancia Municipal de Meio Ambiente (AMMA), que atuar\u00e1 no resgate dos enxames junto \u00e0 Companhia de Urbaniza\u00e7\u00e3o de Goi\u00e2nia (Comurg).<\/span><\/p><p><span style=\"font-weight: 400; font-family: arial, helvetica, sans-serif; font-size: 12pt; color: #000000;\">Para fortalecer as a\u00e7\u00f5es de campo, a SEMAD tamb\u00e9m entregou \u00e0 AMMA um ve\u00edculo utilit\u00e1rio destinado ao apoio log\u00edstico e operacional dos resgates de abelhas nativas, ampliando a capacidade de resposta e garantindo mais seguran\u00e7a \u00e0s equipes envolvidas.<\/span><\/p><p><span style=\"font-weight: 400; font-family: arial, helvetica, sans-serif; font-size: 12pt; color: #000000;\">No eixo de di\u00e1logo com a ci\u00eancia e com o setor produtivo, a SEMAD vem participando ativamente de alguns eventos, marcando presen\u00e7a:<\/span><\/p><ul><li style=\"list-style-type: none;\"><ul style=\"list-style-type: circle;\"><li style=\"font-weight: 400;\" aria-level=\"1\"><span style=\"font-weight: 400; font-family: arial, helvetica, sans-serif; font-size: 12pt; color: #000000;\">Na 20\u00aa edi\u00e7\u00e3o do Congresso de Pesquisa, Ensino e Extens\u00e3o da UFG (CONPEEX), em parceria com o Centro de Ensino e Pesquisa Aplicado \u00e0 Educa\u00e7\u00e3o (Cepae\/UFG), onde foi autorizado o primeiro melipon\u00e1rio cient\u00edfico\/educacional do estado. Nessa ocasi\u00e3o, foram prestadas orienta\u00e7\u00f5es sobre o procedimento autorizativo para cria\u00e7\u00e3o de abelhas silvestres nativas sem ferr\u00e3o em Goi\u00e1s, incentivando a regulariza\u00e7\u00e3o dos criadores como atores da conserva\u00e7\u00e3o da fauna e da flora.<\/span><\/li><li style=\"font-weight: 400;\" aria-level=\"1\"><span style=\"font-family: arial, helvetica, sans-serif; font-size: 12pt; color: #000000;\"><span style=\"font-weight: 400;\">Encontro de Meliponicultura e Apicultura de Goi\u00e1s (EMAPI\/GO-2025), o maior evento do estado dedicado \u00e0s abelhas. Contando com estande institucional para atendimento ao p\u00fablico, orienta\u00e7\u00e3o sobre o processo de cadastro e regulariza\u00e7\u00e3o de meliponicultores, divulga\u00e7\u00e3o da Resolu\u00e7\u00e3o CEMAm n\u00ba 032\/2018 e efetiva\u00e7\u00e3o de 54 (cinquenta e quatro) novos cadastros de interessados na cria\u00e7\u00e3o de abelhas nativas.<\/span><span style=\"font-weight: 400;\">\u00a0<\/span><\/span><\/li><\/ul><\/li><\/ul><p><span style=\"font-family: arial, helvetica, sans-serif; font-size: 12pt; color: #000000;\"><b>Benef\u00edcios para a Sociedade<\/b><\/span><\/p><p><span style=\"font-weight: 400; font-family: arial, helvetica, sans-serif; font-size: 12pt; color: #000000;\">O projeto fortalece a conserva\u00e7\u00e3o da biodiversidade, estimula pr\u00e1ticas sustent\u00e1veis, apoia a agricultura familiar, amplia oportunidades de gera\u00e7\u00e3o de renda e aproxima a popula\u00e7\u00e3o das a\u00e7\u00f5es ambientais desenvolvidas pela SEMAD. Ao valorizar os polinizadores nativos, o Meliponizar contribui para a seguran\u00e7a alimentar e para a qualidade ambiental em todo o estado.<\/span><\/p><p><span style=\"font-family: arial, helvetica, sans-serif; font-size: 12pt; color: #000000;\"><b>Compromisso com a Conserva\u00e7\u00e3o e o Desenvolvimento Sustent\u00e1vel<\/b><\/span><\/p><p><span style=\"font-weight: 400; font-family: arial, helvetica, sans-serif; font-size: 12pt; color: #000000;\">O Projeto Meliponizar reafirma o compromisso do Governo de Goi\u00e1s com a gest\u00e3o ambiental respons\u00e1vel, a prote\u00e7\u00e3o da fauna e a promo\u00e7\u00e3o do desenvolvimento sustent\u00e1vel. Com novas fases em planejamento, o projeto segue ampliando a\u00e7\u00f5es de conserva\u00e7\u00e3o desses agentes essenciais \u00e0 vida e ao equil\u00edbrio dos ecossistemas.<\/span><\/p><p><span style=\"font-weight: 400; font-family: arial, helvetica, sans-serif; font-size: 12pt; color: #000000;\">Acompanhe aqui as novidades e o andamento do projeto!<\/span><\/p>\t\t\t\t\t\t\t\t<\/div>\n\t\t\t\t<\/div>\n\t\t\t\t<\/div>\n\t\t\t\t<\/div>\n\t\t<div class=\"elementor-element elementor-element-e82362b e-flex e-con-boxed e-con e-parent\" data-id=\"e82362b\" data-element_type=\"container\" data-e-type=\"container\">\n\t\t\t\t\t<div class=\"e-con-inner\">\n\t\t<div class=\"elementor-element elementor-element-81e8174 e-con-full e-flex e-con e-child\" data-id=\"81e8174\" data-element_type=\"container\" data-e-type=\"container\">\n\t\t\t\t<div class=\"elementor-element elementor-element-7a88016 elementor-widget elementor-widget-image\" data-id=\"7a88016\" data-element_type=\"widget\" data-e-type=\"widget\" data-widget_type=\"image.default\">\n\t\t\t\t\t\t\t\t\t\t\t\t\t\t\t<img fetchpriority=\"high\" decoding=\"async\" width=\"768\" height=\"1024\" src=\"https:\/\/goias.gov.br\/parquesdegoias\/wp-content\/uploads\/sites\/70\/2026\/01\/WhatsApp-Image-2026-01-21-at-17.07.20-4-768x1024.jpeg\" class=\"attachment-large size-large wp-image-4188\" alt=\"\" srcset=\"https:\/\/goias.gov.br\/parquesdegoias\/wp-content\/uploads\/sites\/70\/2026\/01\/WhatsApp-Image-2026-01-21-at-17.07.20-4-768x1024.jpeg 768w, https:\/\/goias.gov.br\/parquesdegoias\/wp-content\/uploads\/sites\/70\/2026\/01\/WhatsApp-Image-2026-01-21-at-17.07.20-4-225x300.jpeg 225w, https:\/\/goias.gov.br\/parquesdegoias\/wp-content\/uploads\/sites\/70\/2026\/01\/WhatsApp-Image-2026-01-21-at-17.07.20-4-1152x1536.jpeg 1152w, https:\/\/goias.gov.br\/parquesdegoias\/wp-content\/uploads\/sites\/70\/2026\/01\/WhatsApp-Image-2026-01-21-at-17.07.20-4-1536x2048.jpeg 1536w\" sizes=\"(max-width: 768px) 100vw, 768px\" \/>\t\t\t\t\t\t\t\t\t\t\t\t\t\t\t<\/div>\n\t\t\t\t<\/div>\n\t\t<div class=\"elementor-element elementor-element-fb80492 e-con-full e-flex e-con e-child\" data-id=\"fb80492\" data-element_type=\"container\" data-e-type=\"container\">\n\t\t\t\t<div class=\"elementor-element elementor-element-39e850b elementor-widget elementor-widget-image\" data-id=\"39e850b\" data-element_type=\"widget\" data-e-type=\"widget\" data-widget_type=\"image.default\">\n\t\t\t\t\t\t\t\t\t\t\t\t\t\t\t<img decoding=\"async\" width=\"1024\" height=\"768\" src=\"https:\/\/goias.gov.br\/parquesdegoias\/wp-content\/uploads\/sites\/70\/2026\/01\/WhatsApp-Image-2026-01-21-at-17.07.20-1024x768.jpeg\" class=\"attachment-large size-large wp-image-4192\" alt=\"\" srcset=\"https:\/\/goias.gov.br\/parquesdegoias\/wp-content\/uploads\/sites\/70\/2026\/01\/WhatsApp-Image-2026-01-21-at-17.07.20-1024x768.jpeg 1024w, https:\/\/goias.gov.br\/parquesdegoias\/wp-content\/uploads\/sites\/70\/2026\/01\/WhatsApp-Image-2026-01-21-at-17.07.20-300x225.jpeg 300w, https:\/\/goias.gov.br\/parquesdegoias\/wp-content\/uploads\/sites\/70\/2026\/01\/WhatsApp-Image-2026-01-21-at-17.07.20-768x576.jpeg 768w, https:\/\/goias.gov.br\/parquesdegoias\/wp-content\/uploads\/sites\/70\/2026\/01\/WhatsApp-Image-2026-01-21-at-17.07.20-1536x1152.jpeg 1536w, https:\/\/goias.gov.br\/parquesdegoias\/wp-content\/uploads\/sites\/70\/2026\/01\/WhatsApp-Image-2026-01-21-at-17.07.20-2048x1536.jpeg 2048w, https:\/\/goias.gov.br\/parquesdegoias\/wp-content\/uploads\/sites\/70\/2026\/01\/WhatsApp-Image-2026-01-21-at-17.07.20-600x450.jpeg 600w\" sizes=\"(max-width: 1024px) 100vw, 1024px\" \/>\t\t\t\t\t\t\t\t\t\t\t\t\t\t\t<\/div>\n\t\t\t\t<div class=\"elementor-element elementor-element-abcef9c elementor-widget elementor-widget-image\" data-id=\"abcef9c\" data-element_type=\"widget\" data-e-type=\"widget\" data-widget_type=\"image.default\">\n\t\t\t\t\t\t\t\t\t\t\t\t\t\t\t<img decoding=\"async\" width=\"1024\" height=\"768\" src=\"https:\/\/goias.gov.br\/parquesdegoias\/wp-content\/uploads\/sites\/70\/2026\/01\/WhatsApp-Image-2026-01-21-at-17.07.20-1-1024x768.jpeg\" class=\"attachment-large size-large wp-image-4191\" alt=\"\" srcset=\"https:\/\/goias.gov.br\/parquesdegoias\/wp-content\/uploads\/sites\/70\/2026\/01\/WhatsApp-Image-2026-01-21-at-17.07.20-1-1024x768.jpeg 1024w, https:\/\/goias.gov.br\/parquesdegoias\/wp-content\/uploads\/sites\/70\/2026\/01\/WhatsApp-Image-2026-01-21-at-17.07.20-1-300x225.jpeg 300w, https:\/\/goias.gov.br\/parquesdegoias\/wp-content\/uploads\/sites\/70\/2026\/01\/WhatsApp-Image-2026-01-21-at-17.07.20-1-768x576.jpeg 768w, https:\/\/goias.gov.br\/parquesdegoias\/wp-content\/uploads\/sites\/70\/2026\/01\/WhatsApp-Image-2026-01-21-at-17.07.20-1-1536x1152.jpeg 1536w, https:\/\/goias.gov.br\/parquesdegoias\/wp-content\/uploads\/sites\/70\/2026\/01\/WhatsApp-Image-2026-01-21-at-17.07.20-1-2048x1536.jpeg 2048w, https:\/\/goias.gov.br\/parquesdegoias\/wp-content\/uploads\/sites\/70\/2026\/01\/WhatsApp-Image-2026-01-21-at-17.07.20-1-600x450.jpeg 600w\" sizes=\"(max-width: 1024px) 100vw, 1024px\" \/>\t\t\t\t\t\t\t\t\t\t\t\t\t\t\t<\/div>\n\t\t\t\t<\/div>\n\t\t<div class=\"elementor-element elementor-element-e2d3ad3 e-con-full e-flex e-con e-child\" data-id=\"e2d3ad3\" data-element_type=\"container\" data-e-type=\"container\">\n\t\t\t\t<div class=\"elementor-element elementor-element-0bf7389 elementor-widget elementor-widget-image\" data-id=\"0bf7389\" data-element_type=\"widget\" data-e-type=\"widget\" data-widget_type=\"image.default\">\n\t\t\t\t\t\t\t\t\t\t\t\t\t\t\t<img loading=\"lazy\" decoding=\"async\" width=\"1024\" height=\"768\" src=\"https:\/\/goias.gov.br\/parquesdegoias\/wp-content\/uploads\/sites\/70\/2026\/01\/WhatsApp-Image-2026-01-21-at-17.07.20-2-1024x768.jpeg\" class=\"attachment-large size-large wp-image-4190\" alt=\"\" srcset=\"https:\/\/goias.gov.br\/parquesdegoias\/wp-content\/uploads\/sites\/70\/2026\/01\/WhatsApp-Image-2026-01-21-at-17.07.20-2-1024x768.jpeg 1024w, https:\/\/goias.gov.br\/parquesdegoias\/wp-content\/uploads\/sites\/70\/2026\/01\/WhatsApp-Image-2026-01-21-at-17.07.20-2-300x225.jpeg 300w, https:\/\/goias.gov.br\/parquesdegoias\/wp-content\/uploads\/sites\/70\/2026\/01\/WhatsApp-Image-2026-01-21-at-17.07.20-2-768x576.jpeg 768w, https:\/\/goias.gov.br\/parquesdegoias\/wp-content\/uploads\/sites\/70\/2026\/01\/WhatsApp-Image-2026-01-21-at-17.07.20-2-1536x1152.jpeg 1536w, https:\/\/goias.gov.br\/parquesdegoias\/wp-content\/uploads\/sites\/70\/2026\/01\/WhatsApp-Image-2026-01-21-at-17.07.20-2-2048x1536.jpeg 2048w, https:\/\/goias.gov.br\/parquesdegoias\/wp-content\/uploads\/sites\/70\/2026\/01\/WhatsApp-Image-2026-01-21-at-17.07.20-2-600x450.jpeg 600w\" sizes=\"(max-width: 1024px) 100vw, 1024px\" \/>\t\t\t\t\t\t\t\t\t\t\t\t\t\t\t<\/div>\n\t\t\t\t<div class=\"elementor-element elementor-element-e173d4d elementor-widget__width-initial elementor-widget elementor-widget-image\" data-id=\"e173d4d\" data-element_type=\"widget\" data-e-type=\"widget\" data-widget_type=\"image.default\">\n\t\t\t\t\t\t\t\t\t\t\t\t\t\t\t<img loading=\"lazy\" decoding=\"async\" width=\"1024\" height=\"768\" src=\"https:\/\/goias.gov.br\/parquesdegoias\/wp-content\/uploads\/sites\/70\/2026\/01\/WhatsApp-Image-2026-01-21-at-17.07.20-3-1024x768.jpeg\" class=\"attachment-large size-large wp-image-4189\" alt=\"\" srcset=\"https:\/\/goias.gov.br\/parquesdegoias\/wp-content\/uploads\/sites\/70\/2026\/01\/WhatsApp-Image-2026-01-21-at-17.07.20-3-1024x768.jpeg 1024w, https:\/\/goias.gov.br\/parquesdegoias\/wp-content\/uploads\/sites\/70\/2026\/01\/WhatsApp-Image-2026-01-21-at-17.07.20-3-300x225.jpeg 300w, https:\/\/goias.gov.br\/parquesdegoias\/wp-content\/uploads\/sites\/70\/2026\/01\/WhatsApp-Image-2026-01-21-at-17.07.20-3-768x576.jpeg 768w, https:\/\/goias.gov.br\/parquesdegoias\/wp-content\/uploads\/sites\/70\/2026\/01\/WhatsApp-Image-2026-01-21-at-17.07.20-3-1536x1152.jpeg 1536w, https:\/\/goias.gov.br\/parquesdegoias\/wp-content\/uploads\/sites\/70\/2026\/01\/WhatsApp-Image-2026-01-21-at-17.07.20-3-2048x1536.jpeg 2048w, https:\/\/goias.gov.br\/parquesdegoias\/wp-content\/uploads\/sites\/70\/2026\/01\/WhatsApp-Image-2026-01-21-at-17.07.20-3-600x450.jpeg 600w\" sizes=\"(max-width: 1024px) 100vw, 1024px\" \/>\t\t\t\t\t\t\t\t\t\t\t\t\t\t\t<\/div>\n\t\t\t\t<\/div>\n\t\t<div class=\"elementor-element elementor-element-3c6cfa4 e-con-full e-flex e-con e-child\" data-id=\"3c6cfa4\" data-element_type=\"container\" data-e-type=\"container\">\n\t\t\t\t<div class=\"elementor-element elementor-element-3031322 elementor-widget elementor-widget-image\" data-id=\"3031322\" data-element_type=\"widget\" data-e-type=\"widget\" data-widget_type=\"image.default\">\n\t\t\t\t\t\t\t\t\t\t\t\t\t\t\t<img loading=\"lazy\" decoding=\"async\" width=\"768\" height=\"1024\" src=\"https:\/\/goias.gov.br\/parquesdegoias\/wp-content\/uploads\/sites\/70\/2026\/01\/WhatsApp-Image-2026-01-22-at-10.53.29-2-768x1024.jpeg\" class=\"attachment-large size-large wp-image-4276\" alt=\"\" srcset=\"https:\/\/goias.gov.br\/parquesdegoias\/wp-content\/uploads\/sites\/70\/2026\/01\/WhatsApp-Image-2026-01-22-at-10.53.29-2-768x1024.jpeg 768w, https:\/\/goias.gov.br\/parquesdegoias\/wp-content\/uploads\/sites\/70\/2026\/01\/WhatsApp-Image-2026-01-22-at-10.53.29-2-225x300.jpeg 225w, https:\/\/goias.gov.br\/parquesdegoias\/wp-content\/uploads\/sites\/70\/2026\/01\/WhatsApp-Image-2026-01-22-at-10.53.29-2.jpeg 960w\" sizes=\"(max-width: 768px) 100vw, 768px\" \/>\t\t\t\t\t\t\t\t\t\t\t\t\t\t\t<\/div>\n\t\t\t\t<\/div>\n\t\t\t\t\t<\/div>\n\t\t\t\t<\/div>\n\t\t\t\t<\/div>\n\t\t","protected":false},"excerpt":{"rendered":"<p>PROJETO MELIPONIZAR O Projeto Meliponizar \u00e9 uma iniciativa estrat\u00e9gica do Governo de Goi\u00e1s, voltada \u00e0 conserva\u00e7\u00e3o das abelhas nativas sem ferr\u00e3o, \u00e0 promo\u00e7\u00e3o da educa\u00e7\u00e3o ambiental e ao fortalecimento das a\u00e7\u00f5es de prote\u00e7\u00e3o da biodiversidade no Estado de Goi\u00e1s. O projeto integra o conjunto de pol\u00edticas p\u00fablicas ambientais que buscam ampliar a participa\u00e7\u00e3o social, estimular [&hellip;]<\/p>\n","protected":false},"author":855,"featured_media":0,"parent":0,"menu_order":0,"comment_status":"closed","ping_status":"closed","template":"elementor_header_footer","meta":{"footnotes":""},"class_list":["post-4162","page","type-page","status-publish","hentry"],"acf":[],"rttpg_featured_image_url":null,"rttpg_author":{"display_name":"danyellaoliveira","author_link":"https:\/\/goias.gov.br\/parquesdegoias\/author\/danyellaoliveira\/"},"rttpg_comment":0,"rttpg_category":null,"rttpg_excerpt":"PROJETO MELIPONIZAR O Projeto Meliponizar \u00e9 uma iniciativa estrat\u00e9gica do Governo de Goi\u00e1s, voltada \u00e0 conserva\u00e7\u00e3o das abelhas nativas sem ferr\u00e3o, \u00e0 promo\u00e7\u00e3o da educa\u00e7\u00e3o ambiental e ao fortalecimento das a\u00e7\u00f5es de prote\u00e7\u00e3o da biodiversidade no Estado de Goi\u00e1s. O projeto integra o conjunto de pol\u00edticas p\u00fablicas ambientais que buscam ampliar a participa\u00e7\u00e3o social, estimular&hellip;","_links":{"self":[{"href":"https:\/\/goias.gov.br\/parquesdegoias\/wp-json\/wp\/v2\/pages\/4162","targetHints":{"allow":["GET"]}}],"collection":[{"href":"https:\/\/goias.gov.br\/parquesdegoias\/wp-json\/wp\/v2\/pages"}],"about":[{"href":"https:\/\/goias.gov.br\/parquesdegoias\/wp-json\/wp\/v2\/types\/page"}],"author":[{"embeddable":true,"href":"https:\/\/goias.gov.br\/parquesdegoias\/wp-json\/wp\/v2\/users\/855"}],"replies":[{"embeddable":true,"href":"https:\/\/goias.gov.br\/parquesdegoias\/wp-json\/wp\/v2\/comments?post=4162"}],"version-history":[{"count":2,"href":"https:\/\/goias.gov.br\/parquesdegoias\/wp-json\/wp\/v2\/pages\/4162\/revisions"}],"predecessor-version":[{"id":4282,"href":"https:\/\/goias.gov.br\/parquesdegoias\/wp-json\/wp\/v2\/pages\/4162\/revisions\/4282"}],"wp:attachment":[{"href":"https:\/\/goias.gov.br\/parquesdegoias\/wp-json\/wp\/v2\/media?parent=4162"}],"curies":[{"name":"wp","href":"https:\/\/api.w.org\/{rel}","templated":true}]}}