
{"id":3461,"date":"2025-12-19T16:40:31","date_gmt":"2025-12-19T19:40:31","guid":{"rendered":"https:\/\/goias.gov.br\/parquesdegoias\/?page_id=3461"},"modified":"2026-01-22T09:21:58","modified_gmt":"2026-01-22T12:21:58","slug":"campos-do-cerrado","status":"publish","type":"page","link":"https:\/\/goias.gov.br\/parquesdegoias\/campos-do-cerrado\/","title":{"rendered":"Programa Campos do Cerrado"},"content":{"rendered":"\t\t<div data-elementor-type=\"wp-page\" data-elementor-id=\"3461\" class=\"elementor elementor-3461\">\n\t\t\t\t<div class=\"elementor-element elementor-element-7f38d9a6 e-con-full e-flex e-con e-parent\" data-id=\"7f38d9a6\" data-element_type=\"container\" data-e-type=\"container\">\n\t\t<div class=\"elementor-element elementor-element-774626c7 e-con-full e-flex e-con e-child\" data-id=\"774626c7\" data-element_type=\"container\" data-e-type=\"container\" data-settings=\"{&quot;background_background&quot;:&quot;classic&quot;}\">\n\t\t\t\t<div class=\"elementor-element elementor-element-454f689f elementor-widget__width-initial elementor-widget-tablet__width-initial elementor-widget elementor-widget-heading\" data-id=\"454f689f\" data-element_type=\"widget\" data-e-type=\"widget\" data-widget_type=\"heading.default\">\n\t\t\t\t\t<h2 class=\"elementor-heading-title elementor-size-default\">PROGRAMA CAMPOS DO CERRADO<\/h2>\t\t\t\t<\/div>\n\t\t\t\t<\/div>\n\t\t<div class=\"elementor-element elementor-element-4f538b9e e-con-full e-flex e-con e-child\" data-id=\"4f538b9e\" data-element_type=\"container\" data-e-type=\"container\">\n\t\t<div class=\"elementor-element elementor-element-25b51f8c e-con-full e-flex e-con e-child\" data-id=\"25b51f8c\" data-element_type=\"container\" data-e-type=\"container\">\n\t\t\t\t<div class=\"elementor-element elementor-element-2c7db411 elementor-widget__width-initial elementor-widget-mobile__width-initial elementor-widget elementor-widget-text-editor\" data-id=\"2c7db411\" data-element_type=\"widget\" data-e-type=\"widget\" data-widget_type=\"text-editor.default\">\n\t\t\t\t\t\t\t\t\t<p><span style=\"font-weight: 400; font-family: arial, helvetica, sans-serif; font-size: 12pt; color: #000000;\">O Cerrado \u00e9 formado por um mosaico diverso de paisagens que incluem florestas, savanas e campos naturais. Entre elas, as fisionomias abertas (campos e savanas) concentram grande parte da biodiversidade do bioma e desempenham fun\u00e7\u00f5es essenciais para a vida, como a produ\u00e7\u00e3o de \u00e1gua, o armazenamento de carbono no solo e a manuten\u00e7\u00e3o de esp\u00e9cies end\u00eamicas.<\/span><\/p><p><span style=\"font-weight: 400; font-family: arial, helvetica, sans-serif; font-size: 12pt; color: #000000;\">Apesar dessa import\u00e2ncia ecol\u00f3gica, esses ambientes historicamente foram invisibilizados e, muitas vezes, confundidos com \u00e1reas degradadas ou tratados como espa\u00e7os de menor valor ambiental. O Programa Campos do Cerrado nasce justamente para enfrentar essa distor\u00e7\u00e3o e promover uma nova leitura da paisagem do Cerrado.<\/span><\/p><p><span style=\"font-weight: 400; font-family: arial, helvetica, sans-serif; font-size: 12pt; color: #000000;\">Lan\u00e7ado em 2024 pela Secretaria de Estado de Meio Ambiente e Desenvolvimento Sustent\u00e1vel de Goi\u00e1s (SEMAD), o programa tem como objetivo ampliar o conhecimento da sociedade sobre os campos e savanas do Cerrado, fortalecer sua conserva\u00e7\u00e3o e qualificar a gest\u00e3o ambiental desses ecossistemas no Estado. A iniciativa foi desenvolvida em parceria com pesquisadores da Universidade Estadual de Campinas (Unicamp), integrando ci\u00eancia, gest\u00e3o p\u00fablica e comunica\u00e7\u00e3o ambiental.<\/span><\/p><p><strong><span style=\"font-family: arial, helvetica, sans-serif; font-size: 12pt; color: #000000;\">RECONHECIMENTO INSTITUCIONAL REGISTRADO EM LEI<\/span><\/strong><\/p><p><span style=\"font-weight: 400; font-family: arial, helvetica, sans-serif; font-size: 12pt; color: #000000;\">A dificuldade de identificar, restaurar e reproduzir as fisionomias campestres do Cerrado levou o Estado de Goi\u00e1s a adotar uma postura preventiva e protetiva no campo normativo. Reconhecendo que ainda existem lacunas significativas no conhecimento cient\u00edfico sobre essas vegeta\u00e7\u00f5es, a legisla\u00e7\u00e3o estadual passou a priorizar a preserva\u00e7\u00e3o das fitofisionomias existentes.<\/span><\/p><p><span style=\"font-weight: 400; font-family: arial, helvetica, sans-serif; font-size: 12pt; color: #000000;\">Nesse sentido, a Lei n\u00ba 21.231\/2022 estabelece que, na hip\u00f3tese de supress\u00e3o de vegeta\u00e7\u00e3o campestre a compensa\u00e7\u00e3o ambiental deve ocorrer por meio da destina\u00e7\u00e3o de \u00e1rea de mesma fitofisionomia e no mesmo grau de conserva\u00e7\u00e3o, para institui\u00e7\u00e3o de servid\u00e3o ambiental perp\u00e9tua.<\/span><\/p><p><span style=\"font-weight: 400; font-family: arial, helvetica, sans-serif; font-size: 12pt; color: #000000;\">Essa diretriz expressa um reconhecimento institucional claro: diante da complexidade ecol\u00f3gica dos campos e da limita\u00e7\u00e3o atual das t\u00e9cnicas de restaura\u00e7\u00e3o, a preserva\u00e7\u00e3o dessas \u00e1reas constitui a estrat\u00e9gia ambientalmente mais segura e respons\u00e1vel.<\/span><\/p><p><strong><span style=\"font-family: arial, helvetica, sans-serif; font-size: 12pt; color: #000000;\">RECONHECIMENTO INSTITUCIONAL APLICADO NA PR\u00c1TICA<\/span><\/strong><\/p><p><span style=\"font-weight: 400; font-family: arial, helvetica, sans-serif; font-size: 12pt; color: #000000;\">O reconhecimento da import\u00e2ncia das fisionomias campestres n\u00e3o permaneceu restrito ao texto legal. Ele foi incorporado de forma concreta \u00e0s pol\u00edticas p\u00fablicas, aos instrumentos de gest\u00e3o ambiental e \u00e0s a\u00e7\u00f5es de sensibiliza\u00e7\u00e3o desenvolvidas pelo Estado de Goi\u00e1s, constituindo uma camada adicional de prote\u00e7\u00e3o aos campos e savanas do Cerrado.<\/span><\/p><p><strong><span style=\"font-family: arial, helvetica, sans-serif; font-size: 12pt; color: #000000;\">Sistema de licenciamento ambiental<\/span><\/strong><\/p><p><span style=\"font-weight: 400; font-family: arial, helvetica, sans-serif; font-size: 12pt; color: #000000;\">Esse entendimento foi incorporado ao sistema de licenciamento ambiental do Estado de Goi\u00e1s. Enquanto o sistema federal de controle da origem dos produtos florestais (SINAFLOR) reflete uma preocupa\u00e7\u00e3o historicamente concentrada nas esp\u00e9cies arb\u00f3reas e madeireiras, o sistema estadual de licenciamento (Sistema Ip\u00ea) amplia esse olhar.<\/span><\/p><p><span style=\"font-family: arial, helvetica, sans-serif; font-size: 12pt; color: #000000;\"><span style=\"font-weight: 400;\">No licenciamento ambiental goiano, todas as esp\u00e9cies importam, independentemente de seu porte ou valor econ\u00f4mico. \u00c1rvores, arbustos, subarbustos, ervas e gram\u00edneas nativas passam a ser reconhecidos como componentes essenciais do Cerrado e considerados nos processos de an\u00e1lise e decis\u00e3o, <\/span><span style=\"font-weight: 400;\">garantindo-se que, em caso de supress\u00e3o, haja a preserva\u00e7\u00e3o dessas \u00e1reas.<\/span><\/span><\/p><p><strong><span style=\"font-family: arial, helvetica, sans-serif; font-size: 12pt; color: #000000;\">Site do Programa Campos do Cerrado<\/span><\/strong><\/p><p><span style=\"font-weight: 400; font-family: arial, helvetica, sans-serif; font-size: 12pt; color: #000000;\">O Programa Campos do Cerrado conta com um site pr\u00f3prio que re\u00fane informa\u00e7\u00f5es t\u00e9cnicas, v\u00eddeos, materiais educativos e conte\u00fados cient\u00edficos sobre os campos e savanas do Cerrado. O site atua como uma ferramenta de democratiza\u00e7\u00e3o do conhecimento, aproximando gestores, t\u00e9cnicos, educadores, estudantes e a sociedade em geral da import\u00e2ncia dessas fitofisionomias e dos riscos associados \u00e0 sua degrada\u00e7\u00e3o.<\/span><\/p><p><span style=\"color: #000000; font-family: arial, helvetica, sans-serif; font-size: 12pt;\">Dispon\u00edvel no link:<\/span><span style=\"font-weight: 400; font-family: arial, helvetica, sans-serif; font-size: 12pt; color: #000000;\">\u00a0<\/span><a href=\"https:\/\/goias.gov.br\/camposdocerrado\/\"><span style=\"font-weight: 400;\">https:\/\/goias.gov.br\/camposdocerrado\/<\/span><\/a><\/p><p><strong><span style=\"font-family: arial, helvetica, sans-serif; font-size: 12pt; color: #000000;\">Manual para identifica\u00e7\u00e3o e conserva\u00e7\u00e3o das fisionomias abertas do Cerrado<\/span><\/strong><\/p><p><span style=\"font-weight: 400; font-family: arial, helvetica, sans-serif; font-size: 12pt; color: #000000;\">Como um dos principais produtos do programa, foi elaborado o \u201cManual para identifica\u00e7\u00e3o e conserva\u00e7\u00e3o das fisionomias abertas do Cerrado\u201d, utilizado nas capacita\u00e7\u00f5es e disponibilizado para consulta p\u00fablica. O material apoia a correta identifica\u00e7\u00e3o de campos e savanas, diferencia \u00e1reas conservadas e degradadas e orienta decis\u00f5es t\u00e9cnicas, fortalecendo a prote\u00e7\u00e3o dessas fitofisionomias no territ\u00f3rio goiano.<\/span><\/p><p><strong><span style=\"font-family: arial, helvetica, sans-serif; font-size: 12pt; color: #000000;\">Capacita\u00e7\u00f5es e forma\u00e7\u00e3o<\/span><\/strong><\/p><p><span style=\"font-weight: 400; font-family: arial, helvetica, sans-serif; font-size: 12pt; color: #000000;\">O reconhecimento institucional tamb\u00e9m se materializa por meio de a\u00e7\u00f5es de capacita\u00e7\u00e3o e sensibiliza\u00e7\u00e3o voltadas a p\u00fablicos estrat\u00e9gicos, capazes de multiplicar informa\u00e7\u00e3o e promover uma nova leitura da paisagem do Cerrado.<\/span><\/p><p><span style=\"font-weight: 400; font-family: arial, helvetica, sans-serif; font-size: 12pt; color: #000000;\">Em 11 de setembro, dia do Cerrado, a SEMAD, em parceria com a Universidade Estadual de Campinas (Unicamp), promoveu o Curso de Sensibiliza\u00e7\u00e3o e Capacita\u00e7\u00e3o sobre as Fisionomias Abertas do Cerrado, realizado em Alto Para\u00edso de Goi\u00e1s. A forma\u00e7\u00e3o reuniu guias de turismo com foco na valoriza\u00e7\u00e3o dos campos e savanas, forma\u00e7\u00f5es essenciais do bioma frequentemente invisibilizadas ou confundidas com \u00e1reas degradadas.<\/span><\/p><p><span style=\"font-weight: 400; font-family: arial, helvetica, sans-serif; font-size: 12pt; color: #000000;\">A escolha dos guias de turismo como p\u00fablico-alvo reflete o entendimento de que esses profissionais atuam como importantes agentes de sensibiliza\u00e7\u00e3o, capazes de transmitir conhecimento aos visitantes e contribuir para uma rela\u00e7\u00e3o mais consciente com o territ\u00f3rio.<\/span><\/p><p><span style=\"font-weight: 400; font-family: arial, helvetica, sans-serif; font-size: 12pt; color: #000000;\">Destaca-se a participa\u00e7\u00e3o planejada de guias comunit\u00e1rios oriundos do entorno do Parque Estadual de Terra Ronca, do Parque Estadual \u00c1guas do Para\u00edso e da comunidade Kalunga, territ\u00f3rios que abrigam \u00e1reas campestres. Essa sele\u00e7\u00e3o refor\u00e7a ainda o posicionamento da SEMAD de reconhecer os atores locais e as comunidades tradicionais como protagonistas na conserva\u00e7\u00e3o do Cerrado, valorizando seus saberes, pr\u00e1ticas e v\u00ednculos hist\u00f3ricos com o territ\u00f3rio.<\/span><\/p><p><span style=\"font-weight: 400; font-family: arial, helvetica, sans-serif; font-size: 12pt; color: #000000;\">Confira mais sobre o programa no Site: <\/span><a href=\"https:\/\/goias.gov.br\/camposdocerrado\/\"><span style=\"font-weight: 400;\">https:\/\/goias.gov.br\/camposdocerrado\/<\/span><\/a><\/p>\t\t\t\t\t\t\t\t<\/div>\n\t\t\t\t<\/div>\n\t\t\t\t<\/div>\n\t\t\t\t<\/div>\n\t\t<div class=\"elementor-element elementor-element-ff10c8f e-grid e-con-boxed e-con e-parent\" data-id=\"ff10c8f\" data-element_type=\"container\" data-e-type=\"container\">\n\t\t\t\t\t<div class=\"e-con-inner\">\n\t\t\t\t<div class=\"elementor-element elementor-element-b7dc720 elementor-widget elementor-widget-image\" data-id=\"b7dc720\" data-element_type=\"widget\" data-e-type=\"widget\" data-widget_type=\"image.default\">\n\t\t\t\t\t\t\t\t\t\t\t\t\t\t\t<img fetchpriority=\"high\" decoding=\"async\" width=\"1024\" height=\"768\" src=\"https:\/\/goias.gov.br\/parquesdegoias\/wp-content\/uploads\/sites\/70\/2025\/12\/Aspilia_reflexa-20-1024x768.jpg\" class=\"attachment-large size-large wp-image-3484\" alt=\"\" srcset=\"https:\/\/goias.gov.br\/parquesdegoias\/wp-content\/uploads\/sites\/70\/2025\/12\/Aspilia_reflexa-20-1024x768.jpg 1024w, https:\/\/goias.gov.br\/parquesdegoias\/wp-content\/uploads\/sites\/70\/2025\/12\/Aspilia_reflexa-20-300x225.jpg 300w, https:\/\/goias.gov.br\/parquesdegoias\/wp-content\/uploads\/sites\/70\/2025\/12\/Aspilia_reflexa-20-768x576.jpg 768w, https:\/\/goias.gov.br\/parquesdegoias\/wp-content\/uploads\/sites\/70\/2025\/12\/Aspilia_reflexa-20-1536x1152.jpg 1536w, https:\/\/goias.gov.br\/parquesdegoias\/wp-content\/uploads\/sites\/70\/2025\/12\/Aspilia_reflexa-20-2048x1536.jpg 2048w, https:\/\/goias.gov.br\/parquesdegoias\/wp-content\/uploads\/sites\/70\/2025\/12\/Aspilia_reflexa-20-600x450.jpg 600w\" sizes=\"(max-width: 1024px) 100vw, 1024px\" \/>\t\t\t\t\t\t\t\t\t\t\t\t\t\t\t<\/div>\n\t\t\t\t<div class=\"elementor-element elementor-element-b9711e1 elementor-widget elementor-widget-image\" data-id=\"b9711e1\" data-element_type=\"widget\" data-e-type=\"widget\" data-widget_type=\"image.default\">\n\t\t\t\t\t\t\t\t\t\t\t\t\t\t\t<img decoding=\"async\" width=\"1024\" height=\"768\" src=\"https:\/\/goias.gov.br\/parquesdegoias\/wp-content\/uploads\/sites\/70\/2025\/12\/Actinocephalus_polyanthus-50-1024x768.jpg\" class=\"attachment-large size-large wp-image-3487\" alt=\"\" srcset=\"https:\/\/goias.gov.br\/parquesdegoias\/wp-content\/uploads\/sites\/70\/2025\/12\/Actinocephalus_polyanthus-50-1024x768.jpg 1024w, https:\/\/goias.gov.br\/parquesdegoias\/wp-content\/uploads\/sites\/70\/2025\/12\/Actinocephalus_polyanthus-50-300x225.jpg 300w, https:\/\/goias.gov.br\/parquesdegoias\/wp-content\/uploads\/sites\/70\/2025\/12\/Actinocephalus_polyanthus-50-768x576.jpg 768w, https:\/\/goias.gov.br\/parquesdegoias\/wp-content\/uploads\/sites\/70\/2025\/12\/Actinocephalus_polyanthus-50-1536x1152.jpg 1536w, https:\/\/goias.gov.br\/parquesdegoias\/wp-content\/uploads\/sites\/70\/2025\/12\/Actinocephalus_polyanthus-50-2048x1536.jpg 2048w, https:\/\/goias.gov.br\/parquesdegoias\/wp-content\/uploads\/sites\/70\/2025\/12\/Actinocephalus_polyanthus-50-600x450.jpg 600w\" sizes=\"(max-width: 1024px) 100vw, 1024px\" \/>\t\t\t\t\t\t\t\t\t\t\t\t\t\t\t<\/div>\n\t\t\t\t<div class=\"elementor-element elementor-element-f61aa8e elementor-widget elementor-widget-image\" data-id=\"f61aa8e\" data-element_type=\"widget\" data-e-type=\"widget\" data-widget_type=\"image.default\">\n\t\t\t\t\t\t\t\t\t\t\t\t\t\t\t<img decoding=\"async\" width=\"1024\" height=\"768\" src=\"https:\/\/goias.gov.br\/parquesdegoias\/wp-content\/uploads\/sites\/70\/2025\/12\/Andira_humilis-3-1024x768.jpg\" class=\"attachment-large size-large wp-image-3485\" alt=\"\" srcset=\"https:\/\/goias.gov.br\/parquesdegoias\/wp-content\/uploads\/sites\/70\/2025\/12\/Andira_humilis-3-1024x768.jpg 1024w, https:\/\/goias.gov.br\/parquesdegoias\/wp-content\/uploads\/sites\/70\/2025\/12\/Andira_humilis-3-300x225.jpg 300w, https:\/\/goias.gov.br\/parquesdegoias\/wp-content\/uploads\/sites\/70\/2025\/12\/Andira_humilis-3-768x576.jpg 768w, https:\/\/goias.gov.br\/parquesdegoias\/wp-content\/uploads\/sites\/70\/2025\/12\/Andira_humilis-3-1536x1152.jpg 1536w, https:\/\/goias.gov.br\/parquesdegoias\/wp-content\/uploads\/sites\/70\/2025\/12\/Andira_humilis-3-2048x1536.jpg 2048w, https:\/\/goias.gov.br\/parquesdegoias\/wp-content\/uploads\/sites\/70\/2025\/12\/Andira_humilis-3-600x450.jpg 600w\" sizes=\"(max-width: 1024px) 100vw, 1024px\" \/>\t\t\t\t\t\t\t\t\t\t\t\t\t\t\t<\/div>\n\t\t\t\t\t<\/div>\n\t\t\t\t<\/div>\n\t\t<div class=\"elementor-element elementor-element-79cce54 e-grid e-con-boxed e-con e-parent\" data-id=\"79cce54\" data-element_type=\"container\" data-e-type=\"container\">\n\t\t\t\t\t<div class=\"e-con-inner\">\n\t\t\t\t<div class=\"elementor-element elementor-element-5e873c9 elementor-widget elementor-widget-image\" data-id=\"5e873c9\" data-element_type=\"widget\" data-e-type=\"widget\" data-widget_type=\"image.default\">\n\t\t\t\t\t\t\t\t\t\t\t\t\t\t\t<img loading=\"lazy\" decoding=\"async\" width=\"768\" height=\"1024\" src=\"https:\/\/goias.gov.br\/parquesdegoias\/wp-content\/uploads\/sites\/70\/2025\/12\/Amasonia_hirta-5-768x1024.jpg\" class=\"attachment-large size-large wp-image-3486\" alt=\"\" srcset=\"https:\/\/goias.gov.br\/parquesdegoias\/wp-content\/uploads\/sites\/70\/2025\/12\/Amasonia_hirta-5-768x1024.jpg 768w, https:\/\/goias.gov.br\/parquesdegoias\/wp-content\/uploads\/sites\/70\/2025\/12\/Amasonia_hirta-5-225x300.jpg 225w, https:\/\/goias.gov.br\/parquesdegoias\/wp-content\/uploads\/sites\/70\/2025\/12\/Amasonia_hirta-5-1152x1536.jpg 1152w, https:\/\/goias.gov.br\/parquesdegoias\/wp-content\/uploads\/sites\/70\/2025\/12\/Amasonia_hirta-5-1536x2048.jpg 1536w\" sizes=\"(max-width: 768px) 100vw, 768px\" \/>\t\t\t\t\t\t\t\t\t\t\t\t\t\t\t<\/div>\n\t\t\t\t<div class=\"elementor-element elementor-element-8d59d35 elementor-widget elementor-widget-image\" data-id=\"8d59d35\" data-element_type=\"widget\" data-e-type=\"widget\" data-widget_type=\"image.default\">\n\t\t\t\t\t\t\t\t\t\t\t\t\t\t\t<img loading=\"lazy\" decoding=\"async\" width=\"768\" height=\"1024\" src=\"https:\/\/goias.gov.br\/parquesdegoias\/wp-content\/uploads\/sites\/70\/2025\/12\/RSCN7294.jpg\" class=\"attachment-large size-large wp-image-3489\" alt=\"\" srcset=\"https:\/\/goias.gov.br\/parquesdegoias\/wp-content\/uploads\/sites\/70\/2025\/12\/RSCN7294.jpg 768w, https:\/\/goias.gov.br\/parquesdegoias\/wp-content\/uploads\/sites\/70\/2025\/12\/RSCN7294-225x300.jpg 225w\" sizes=\"(max-width: 768px) 100vw, 768px\" \/>\t\t\t\t\t\t\t\t\t\t\t\t\t\t\t<\/div>\n\t\t\t\t<div class=\"elementor-element elementor-element-c906c63 elementor-widget elementor-widget-image\" data-id=\"c906c63\" data-element_type=\"widget\" data-e-type=\"widget\" data-widget_type=\"image.default\">\n\t\t\t\t\t\t\t\t\t\t\t\t\t\t\t<img loading=\"lazy\" decoding=\"async\" width=\"591\" height=\"784\" src=\"https:\/\/goias.gov.br\/parquesdegoias\/wp-content\/uploads\/sites\/70\/2025\/12\/WhatsApp-Image-2024-06-05-at-10.26.39-1-3.jpeg\" class=\"attachment-large size-large wp-image-3494\" alt=\"\" srcset=\"https:\/\/goias.gov.br\/parquesdegoias\/wp-content\/uploads\/sites\/70\/2025\/12\/WhatsApp-Image-2024-06-05-at-10.26.39-1-3.jpeg 591w, https:\/\/goias.gov.br\/parquesdegoias\/wp-content\/uploads\/sites\/70\/2025\/12\/WhatsApp-Image-2024-06-05-at-10.26.39-1-3-226x300.jpeg 226w\" sizes=\"(max-width: 591px) 100vw, 591px\" \/>\t\t\t\t\t\t\t\t\t\t\t\t\t\t\t<\/div>\n\t\t\t\t\t<\/div>\n\t\t\t\t<\/div>\n\t\t<div class=\"elementor-element elementor-element-76c0bf4 e-flex e-con-boxed e-con e-parent\" data-id=\"76c0bf4\" data-element_type=\"container\" data-e-type=\"container\">\n\t\t\t\t\t<div class=\"e-con-inner\">\n\t\t\t\t\t<\/div>\n\t\t\t\t<\/div>\n\t\t\t\t<\/div>\n\t\t","protected":false},"excerpt":{"rendered":"<p>PROGRAMA CAMPOS DO CERRADO O Cerrado \u00e9 formado por um mosaico diverso de paisagens que incluem florestas, savanas e campos naturais. Entre elas, as fisionomias abertas (campos e savanas) concentram grande parte da biodiversidade do bioma e desempenham fun\u00e7\u00f5es essenciais para a vida, como a produ\u00e7\u00e3o de \u00e1gua, o armazenamento de carbono no solo e [&hellip;]<\/p>\n","protected":false},"author":855,"featured_media":0,"parent":0,"menu_order":0,"comment_status":"closed","ping_status":"closed","template":"elementor_header_footer","meta":{"footnotes":""},"class_list":["post-3461","page","type-page","status-publish","hentry"],"acf":[],"rttpg_featured_image_url":null,"rttpg_author":{"display_name":"danyellaoliveira","author_link":"https:\/\/goias.gov.br\/parquesdegoias\/author\/danyellaoliveira\/"},"rttpg_comment":0,"rttpg_category":null,"rttpg_excerpt":"PROGRAMA CAMPOS DO CERRADO O Cerrado \u00e9 formado por um mosaico diverso de paisagens que incluem florestas, savanas e campos naturais. Entre elas, as fisionomias abertas (campos e savanas) concentram grande parte da biodiversidade do bioma e desempenham fun\u00e7\u00f5es essenciais para a vida, como a produ\u00e7\u00e3o de \u00e1gua, o armazenamento de carbono no solo e&hellip;","_links":{"self":[{"href":"https:\/\/goias.gov.br\/parquesdegoias\/wp-json\/wp\/v2\/pages\/3461","targetHints":{"allow":["GET"]}}],"collection":[{"href":"https:\/\/goias.gov.br\/parquesdegoias\/wp-json\/wp\/v2\/pages"}],"about":[{"href":"https:\/\/goias.gov.br\/parquesdegoias\/wp-json\/wp\/v2\/types\/page"}],"author":[{"embeddable":true,"href":"https:\/\/goias.gov.br\/parquesdegoias\/wp-json\/wp\/v2\/users\/855"}],"replies":[{"embeddable":true,"href":"https:\/\/goias.gov.br\/parquesdegoias\/wp-json\/wp\/v2\/comments?post=3461"}],"version-history":[{"count":2,"href":"https:\/\/goias.gov.br\/parquesdegoias\/wp-json\/wp\/v2\/pages\/3461\/revisions"}],"predecessor-version":[{"id":4229,"href":"https:\/\/goias.gov.br\/parquesdegoias\/wp-json\/wp\/v2\/pages\/3461\/revisions\/4229"}],"wp:attachment":[{"href":"https:\/\/goias.gov.br\/parquesdegoias\/wp-json\/wp\/v2\/media?parent=3461"}],"curies":[{"name":"wp","href":"https:\/\/api.w.org\/{rel}","templated":true}]}}