
{"id":66,"date":"2023-01-11T15:00:48","date_gmt":"2023-01-11T18:00:48","guid":{"rendered":"http:\/\/localhost\/multisites\/modelo\/?page_id=49"},"modified":"2026-04-16T11:14:29","modified_gmt":"2026-04-16T14:14:29","slug":"homepage","status":"publish","type":"page","link":"https:\/\/goias.gov.br\/observatoriodeinovacao\/","title":{"rendered":"Homepage"},"content":{"rendered":"\t\t<div data-elementor-type=\"wp-page\" data-elementor-id=\"66\" class=\"elementor elementor-66\">\n\t\t\t\t<div class=\"elementor-element elementor-element-fe250c4 e-con-full e-flex e-con e-parent\" data-id=\"fe250c4\" data-element_type=\"container\" data-e-type=\"container\" data-settings=\"{&quot;background_background&quot;:&quot;classic&quot;}\">\n\t\t<div class=\"elementor-element elementor-element-273ab46 e-flex e-con-boxed e-con e-child\" data-id=\"273ab46\" data-element_type=\"container\" data-e-type=\"container\">\n\t\t\t\t\t<div class=\"e-con-inner\">\n\t\t\t\t<div class=\"elementor-element elementor-element-0e2e30c elementor-widget elementor-widget-heading\" data-id=\"0e2e30c\" data-element_type=\"widget\" data-e-type=\"widget\" data-widget_type=\"heading.default\">\n\t\t\t\t\t<h1 class=\"elementor-heading-title elementor-size-default\">OBSERVAT\u00d3RIO DE INOVA\u00c7\u00c3O EM\n<br>\nPOL\u00cdTICAS P\u00daBLICAS DE GOI\u00c1S\n\n<style>\n#title-observatorio h1 {\nfont-family: \"meridiana\";\nfont-weight: 700;\nline-height: 56px;\n}\n<\/style><\/h1>\t\t\t\t<\/div>\n\t\t\t\t<div class=\"elementor-element elementor-element-a7e6027 elementor-absolute elementor-widget elementor-widget-button\" data-id=\"a7e6027\" data-element_type=\"widget\" data-e-type=\"widget\" data-settings=\"{&quot;_position&quot;:&quot;absolute&quot;}\" data-widget_type=\"button.default\">\n\t\t\t\t\t\t\t\t\t\t<a class=\"elementor-button elementor-button-link elementor-size-sm\" href=\"https:\/\/goias.gov.br\/inovacao\/\">\n\t\t\t\t\t\t<span class=\"elementor-button-content-wrapper\">\n\t\t\t\t\t\t\t\t\t<span class=\"elementor-button-text\">CONHE\u00c7A MAIS A\u00c7\u00d5ES DA SECTI<\/span>\n\t\t\t\t\t<\/span>\n\t\t\t\t\t<\/a>\n\t\t\t\t\t\t\t\t<\/div>\n\t\t\t\t\t<\/div>\n\t\t\t\t<\/div>\n\t\t\t\t<\/div>\n\t\t<div class=\"elementor-element elementor-element-8b0a312 e-con-full e-flex e-con e-parent\" data-id=\"8b0a312\" data-element_type=\"container\" data-e-type=\"container\" data-settings=\"{&quot;background_background&quot;:&quot;classic&quot;}\">\n\t\t<div class=\"elementor-element elementor-element-6560747 e-con-full e-flex e-con e-child\" data-id=\"6560747\" data-element_type=\"container\" data-e-type=\"container\">\n\t\t\t\t<div class=\"elementor-element elementor-element-9735df7 elementor-widget elementor-widget-image\" data-id=\"9735df7\" data-element_type=\"widget\" data-e-type=\"widget\" data-widget_type=\"image.default\">\n\t\t\t\t\t\t\t\t\t\t\t\t\t\t\t\t<a href=\"https:\/\/goias.gov.br\/observatoriodeinovacao\/politicas-publicas-de-cti\/\">\n\t\t\t\t\t\t\t<img decoding=\"async\" src=\"https:\/\/goias.gov.br\/observatoriodeinovacao\/wp-content\/uploads\/sites\/57\/2024\/08\/menu1-2.png\" title=\"\" alt=\"\" loading=\"lazy\" \/>\t\t\t\t\t\t\t\t<\/a>\n\t\t\t\t\t\t\t\t\t\t\t\t\t\t\t<\/div>\n\t\t\t\t<div class=\"elementor-element elementor-element-cacc1ca elementor-widget elementor-widget-image\" data-id=\"cacc1ca\" data-element_type=\"widget\" data-e-type=\"widget\" data-widget_type=\"image.default\">\n\t\t\t\t\t\t\t\t\t\t\t\t\t\t\t\t<a href=\"https:\/\/goias.gov.br\/observatoriodeinovacao\/solucoes-publicas-inovadoras\/#aba-bottons\">\n\t\t\t\t\t\t\t<img decoding=\"async\" src=\"https:\/\/goias.gov.br\/observatoriodeinovacao\/wp-content\/uploads\/sites\/57\/2024\/08\/menu2.png\" title=\"\" alt=\"\" loading=\"lazy\" \/>\t\t\t\t\t\t\t\t<\/a>\n\t\t\t\t\t\t\t\t\t\t\t\t\t\t\t<\/div>\n\t\t\t\t<div class=\"elementor-element elementor-element-8f275e3 elementor-widget elementor-widget-image\" data-id=\"8f275e3\" data-element_type=\"widget\" data-e-type=\"widget\" data-widget_type=\"image.default\">\n\t\t\t\t\t\t\t\t\t\t\t\t\t\t\t\t<a href=\"https:\/\/goias.gov.br\/observatoriodeinovacao\/maturidade\/\">\n\t\t\t\t\t\t\t<img decoding=\"async\" src=\"https:\/\/goias.gov.br\/observatoriodeinovacao\/wp-content\/uploads\/sites\/57\/2024\/08\/menu3.png\" title=\"\" alt=\"\" loading=\"lazy\" \/>\t\t\t\t\t\t\t\t<\/a>\n\t\t\t\t\t\t\t\t\t\t\t\t\t\t\t<\/div>\n\t\t\t\t<div class=\"elementor-element elementor-element-f702b95 elementor-widget elementor-widget-image\" data-id=\"f702b95\" data-element_type=\"widget\" data-e-type=\"widget\" data-widget_type=\"image.default\">\n\t\t\t\t\t\t\t\t\t\t\t\t\t\t\t\t<a href=\"\/observatoriodeinovacao\/rede-goiana-de-laboratorios-de-inovacao\/\">\n\t\t\t\t\t\t\t<img decoding=\"async\" src=\"https:\/\/goias.gov.br\/observatoriodeinovacao\/wp-content\/uploads\/sites\/57\/2024\/04\/Group-1413.png\" title=\"\" alt=\"\" loading=\"lazy\" \/>\t\t\t\t\t\t\t\t<\/a>\n\t\t\t\t\t\t\t\t\t\t\t\t\t\t\t<\/div>\n\t\t\t\t<div class=\"elementor-element elementor-element-98b1b19 elementor-widget elementor-widget-image\" data-id=\"98b1b19\" data-element_type=\"widget\" data-e-type=\"widget\" data-widget_type=\"image.default\">\n\t\t\t\t\t\t\t\t\t\t\t\t\t\t\t\t<a href=\"https:\/\/goias.gov.br\/observatoriodeinovacao\/rede-estadual-de-transformacao-digital\/\">\n\t\t\t\t\t\t\t<img decoding=\"async\" src=\"https:\/\/goias.gov.br\/observatoriodeinovacao\/wp-content\/uploads\/sites\/57\/2024\/12\/Frame-2035.png\" title=\"\" alt=\"\" loading=\"lazy\" \/>\t\t\t\t\t\t\t\t<\/a>\n\t\t\t\t\t\t\t\t\t\t\t\t\t\t\t<\/div>\n\t\t\t\t<\/div>\n\t\t<div class=\"elementor-element elementor-element-0ab2bf0 e-con-full e-flex e-con e-child\" data-id=\"0ab2bf0\" data-element_type=\"container\" data-e-type=\"container\" data-settings=\"{&quot;background_background&quot;:&quot;classic&quot;}\">\n\t\t\t\t<\/div>\n\t\t\t\t<\/div>\n\t\t<div class=\"elementor-element elementor-element-4bfccf8 e-con-full e-flex e-con e-parent\" data-id=\"4bfccf8\" data-element_type=\"container\" data-e-type=\"container\">\n\t\t<div class=\"elementor-element elementor-element-dfd0650 e-flex e-con-boxed e-con e-child\" data-id=\"dfd0650\" data-element_type=\"container\" data-e-type=\"container\">\n\t\t\t\t\t<div class=\"e-con-inner\">\n\t\t\t\t<div class=\"elementor-element elementor-element-8880c61 elementor-widget elementor-widget-heading\" data-id=\"8880c61\" data-element_type=\"widget\" data-e-type=\"widget\" data-widget_type=\"heading.default\">\n\t\t\t\t\t<h3 class=\"elementor-heading-title elementor-size-default\">AMPLIE O IMPACTO UNINDO FOR\u00c7AS NAS\n<br>\nNOSSAS REDES DE COLABORA\u00c7\u00c3O\n\n<style>\n#title h3 {\nfont-family: \"meridiana\";\nfont-weight: 600;\n}\n<\/style>\n<\/h3>\t\t\t\t<\/div>\n\t\t\t\t\t<\/div>\n\t\t\t\t<\/div>\n\t\t<div class=\"elementor-element elementor-element-f48e0b7 e-flex e-con-boxed e-con e-child\" data-id=\"f48e0b7\" data-element_type=\"container\" data-e-type=\"container\">\n\t\t\t\t\t<div class=\"e-con-inner\">\n\t\t<div class=\"elementor-element elementor-element-d31e88c e-con-full e-flex e-con e-child\" data-id=\"d31e88c\" data-element_type=\"container\" data-e-type=\"container\" data-settings=\"{&quot;background_background&quot;:&quot;classic&quot;}\">\n\t\t\t\t<div class=\"elementor-element elementor-element-4117eba elementor-widget elementor-widget-heading\" data-id=\"4117eba\" data-element_type=\"widget\" data-e-type=\"widget\" data-widget_type=\"heading.default\">\n\t\t\t\t\t<h2 class=\"elementor-heading-title elementor-size-default\">REDE ESTADUAL DE\nTRANSFORMA\u00c7\u00c3O DIGITAL<\/h2>\t\t\t\t<\/div>\n\t\t\t\t<div class=\"elementor-element elementor-element-d7f0552 elementor-widget elementor-widget-heading\" data-id=\"d7f0552\" data-element_type=\"widget\" data-e-type=\"widget\" data-widget_type=\"heading.default\">\n\t\t\t\t\t<h6 class=\"elementor-heading-title elementor-size-default\">Uma alian\u00e7a estrat\u00e9gica para o <br>\ndesenvolvimento da inova\u00e7\u00e3o e da <br> transforma\u00e7\u00e3o digital no Estado de Goi\u00e1s.<\/h6>\t\t\t\t<\/div>\n\t\t<div class=\"elementor-element elementor-element-22d0798 e-con-full e-flex e-con e-child\" data-id=\"22d0798\" data-element_type=\"container\" data-e-type=\"container\">\n\t\t\t\t<div class=\"elementor-element elementor-element-95eee65 elementor-widget elementor-widget-button\" data-id=\"95eee65\" data-element_type=\"widget\" data-e-type=\"widget\" data-widget_type=\"button.default\">\n\t\t\t\t\t\t\t\t\t\t<a class=\"elementor-button elementor-button-link elementor-size-sm\" href=\"\/observatoriodeinovacao\/rede-estadual-de-transformacao-digital\/#mapadarede\">\n\t\t\t\t\t\t<span class=\"elementor-button-content-wrapper\">\n\t\t\t\t\t\t\t\t\t<span class=\"elementor-button-text\">INTEGRANTES<\/span>\n\t\t\t\t\t<\/span>\n\t\t\t\t\t<\/a>\n\t\t\t\t\t\t\t\t<\/div>\n\t\t\t\t<div class=\"elementor-element elementor-element-9e6adc4 elementor-widget elementor-widget-button\" data-id=\"9e6adc4\" data-element_type=\"widget\" data-e-type=\"widget\" data-widget_type=\"button.default\">\n\t\t\t\t\t\t\t\t\t\t<a class=\"elementor-button elementor-button-link elementor-size-sm\" href=\"\/observatoriodeinovacao\/rede-estadual-de-transformacao-digital\/#mapadarede\">\n\t\t\t\t\t\t<span class=\"elementor-button-content-wrapper\">\n\t\t\t\t\t\t\t\t\t<span class=\"elementor-button-text\">MAPA DA REDE<\/span>\n\t\t\t\t\t<\/span>\n\t\t\t\t\t<\/a>\n\t\t\t\t\t\t\t\t<\/div>\n\t\t\t\t<div class=\"elementor-element elementor-element-821b9d0 elementor-widget elementor-widget-button\" data-id=\"821b9d0\" data-element_type=\"widget\" data-e-type=\"widget\" data-widget_type=\"button.default\">\n\t\t\t\t\t\t\t\t\t\t<a class=\"elementor-button elementor-button-link elementor-size-sm\" href=\"\/observatoriodeinovacao\/rede-estadual-de-transformacao-digital\/#sessao-teapoiar\">\n\t\t\t\t\t\t<span class=\"elementor-button-content-wrapper\">\n\t\t\t\t\t\t\t\t\t<span class=\"elementor-button-text\">COMO PARTICIPAR<\/span>\n\t\t\t\t\t<\/span>\n\t\t\t\t\t<\/a>\n\t\t\t\t\t\t\t\t<\/div>\n\t\t\t\t<\/div>\n\t\t\t\t<\/div>\n\t\t<div class=\"elementor-element elementor-element-715312d e-con-full e-flex e-con e-child\" data-id=\"715312d\" data-element_type=\"container\" data-e-type=\"container\" data-settings=\"{&quot;background_background&quot;:&quot;classic&quot;}\">\n\t\t\t\t<div class=\"elementor-element elementor-element-e96e81d elementor-widget elementor-widget-heading\" data-id=\"e96e81d\" data-element_type=\"widget\" data-e-type=\"widget\" data-widget_type=\"heading.default\">\n\t\t\t\t\t<h2 class=\"elementor-heading-title elementor-size-default\">REDE&nbsp;\nGOIANA \nDE&nbsp;\nLABORAT\u00d3RIOS \nDE&nbsp;\nINOVA\u00c7\u00c3O<\/h2>\t\t\t\t<\/div>\n\t\t\t\t<div class=\"elementor-element elementor-element-07dfd0d elementor-widget elementor-widget-heading\" data-id=\"07dfd0d\" data-element_type=\"widget\" data-e-type=\"widget\" data-widget_type=\"heading.default\">\n\t\t\t\t\t<h6 class=\"elementor-heading-title elementor-size-default\">Espa\u00e7o para troca de experi\u00eancias, <br>\naprendizado m\u00fatuo e a colabora\u00e7\u00e3o no <br>\ndesenvolvimento de solu\u00e7\u00f5es inovadoras para <br>\no Estado de Goi\u00e1s.<\/h6>\t\t\t\t<\/div>\n\t\t<div class=\"elementor-element elementor-element-41eea7b e-con-full e-flex e-con e-child\" data-id=\"41eea7b\" data-element_type=\"container\" data-e-type=\"container\">\n\t\t\t\t<div class=\"elementor-element elementor-element-37b3e5f elementor-widget elementor-widget-button\" data-id=\"37b3e5f\" data-element_type=\"widget\" data-e-type=\"widget\" data-widget_type=\"button.default\">\n\t\t\t\t\t\t\t\t\t\t<a class=\"elementor-button elementor-button-link elementor-size-sm\" href=\"\/observatoriodeinovacao\/rede-goiana-de-laboratorios-de-inovacao\/#sessao-impactos\">\n\t\t\t\t\t\t<span class=\"elementor-button-content-wrapper\">\n\t\t\t\t\t\t\t\t\t<span class=\"elementor-button-text\">INTEGRANTES<\/span>\n\t\t\t\t\t<\/span>\n\t\t\t\t\t<\/a>\n\t\t\t\t\t\t\t\t<\/div>\n\t\t\t\t<div class=\"elementor-element elementor-element-8e71f2f elementor-widget elementor-widget-button\" data-id=\"8e71f2f\" data-element_type=\"widget\" data-e-type=\"widget\" data-widget_type=\"button.default\">\n\t\t\t\t\t\t\t\t\t\t<a class=\"elementor-button elementor-button-link elementor-size-sm\" href=\"\/observatoriodeinovacao\/rede-goiana-de-laboratorios-de-inovacao\/#como-participar\">\n\t\t\t\t\t\t<span class=\"elementor-button-content-wrapper\">\n\t\t\t\t\t\t\t\t\t<span class=\"elementor-button-text\">COMO PARTICIPAR<\/span>\n\t\t\t\t\t<\/span>\n\t\t\t\t\t<\/a>\n\t\t\t\t\t\t\t\t<\/div>\n\t\t\t\t<\/div>\n\t\t\t\t<\/div>\n\t\t\t\t\t<\/div>\n\t\t\t\t<\/div>\n\t\t\t\t<\/div>\n\t\t\t\t<\/div>\n\t\t","protected":false},"excerpt":{"rendered":"<p>OBSERVAT\u00d3RIO DE INOVA\u00c7\u00c3O EM POL\u00cdTICAS P\u00daBLICAS DE GOI\u00c1S CONHE\u00c7A MAIS A\u00c7\u00d5ES DA SECTI AMPLIE O IMPACTO UNINDO FOR\u00c7AS NAS NOSSAS REDES DE COLABORA\u00c7\u00c3O REDE ESTADUAL DE TRANSFORMA\u00c7\u00c3O DIGITAL Uma alian\u00e7a estrat\u00e9gica para o desenvolvimento da inova\u00e7\u00e3o e da transforma\u00e7\u00e3o digital no Estado de Goi\u00e1s. INTEGRANTES MAPA DA REDE COMO PARTICIPAR REDE&nbsp; GOIANA DE&nbsp; LABORAT\u00d3RIOS DE&nbsp; [&hellip;]<\/p>\n","protected":false},"author":1,"featured_media":0,"parent":0,"menu_order":0,"comment_status":"closed","ping_status":"closed","template":"elementor_header_footer","meta":{"footnotes":"","_links_to":"","_links_to_target":""},"class_list":["post-66","page","type-page","status-publish","hentry"],"rttpg_featured_image_url":null,"rttpg_author":{"display_name":"wagner.viana","author_link":"https:\/\/goias.gov.br\/observatoriodeinovacao\/author\/wagner-viana\/"},"rttpg_comment":0,"rttpg_category":null,"rttpg_excerpt":"OBSERVAT\u00d3RIO DE INOVA\u00c7\u00c3O EM POL\u00cdTICAS P\u00daBLICAS DE GOI\u00c1S CONHE\u00c7A MAIS A\u00c7\u00d5ES DA SECTI AMPLIE O IMPACTO UNINDO FOR\u00c7AS NAS NOSSAS REDES DE COLABORA\u00c7\u00c3O REDE ESTADUAL DE TRANSFORMA\u00c7\u00c3O DIGITAL Uma alian\u00e7a estrat\u00e9gica para o desenvolvimento da inova\u00e7\u00e3o e da transforma\u00e7\u00e3o digital no Estado de Goi\u00e1s. INTEGRANTES MAPA DA REDE COMO PARTICIPAR REDE&nbsp; GOIANA DE&nbsp; LABORAT\u00d3RIOS DE&nbsp;&hellip;","_links":{"self":[{"href":"https:\/\/goias.gov.br\/observatoriodeinovacao\/wp-json\/wp\/v2\/pages\/66","targetHints":{"allow":["GET"]}}],"collection":[{"href":"https:\/\/goias.gov.br\/observatoriodeinovacao\/wp-json\/wp\/v2\/pages"}],"about":[{"href":"https:\/\/goias.gov.br\/observatoriodeinovacao\/wp-json\/wp\/v2\/types\/page"}],"author":[{"embeddable":true,"href":"https:\/\/goias.gov.br\/observatoriodeinovacao\/wp-json\/wp\/v2\/users\/1"}],"replies":[{"embeddable":true,"href":"https:\/\/goias.gov.br\/observatoriodeinovacao\/wp-json\/wp\/v2\/comments?post=66"}],"version-history":[{"count":2,"href":"https:\/\/goias.gov.br\/observatoriodeinovacao\/wp-json\/wp\/v2\/pages\/66\/revisions"}],"predecessor-version":[{"id":206786,"href":"https:\/\/goias.gov.br\/observatoriodeinovacao\/wp-json\/wp\/v2\/pages\/66\/revisions\/206786"}],"wp:attachment":[{"href":"https:\/\/goias.gov.br\/observatoriodeinovacao\/wp-json\/wp\/v2\/media?parent=66"}],"curies":[{"name":"wp","href":"https:\/\/api.w.org\/{rel}","templated":true}]}}