
{"id":204441,"date":"2024-10-11T16:16:20","date_gmt":"2024-10-11T19:16:20","guid":{"rendered":"https:\/\/siteshom.goias.gov.br\/observatoriodeinovacao\/?page_id=204441"},"modified":"2026-03-31T10:56:43","modified_gmt":"2026-03-31T13:56:43","slug":"maturidade","status":"publish","type":"page","link":"https:\/\/goias.gov.br\/observatoriodeinovacao\/maturidade\/","title":{"rendered":"Maturidade"},"content":{"rendered":"\t\t<div data-elementor-type=\"wp-page\" data-elementor-id=\"204441\" class=\"elementor elementor-204441\">\n\t\t\t\t<div class=\"elementor-element elementor-element-68c1c9e e-con-full elementor-hidden-tablet elementor-hidden-mobile e-flex e-con e-parent\" data-id=\"68c1c9e\" data-element_type=\"container\" data-e-type=\"container\">\n\t\t\t\t<div class=\"elementor-element elementor-element-2d57f4e elementor-widget__width-auto elementor-hidden-tablet elementor-hidden-mobile elementor-widget elementor-widget-image\" data-id=\"2d57f4e\" data-element_type=\"widget\" data-e-type=\"widget\" data-widget_type=\"image.default\">\n\t\t\t\t\t\t\t\t\t\t\t\t\t\t\t<img decoding=\"async\" src=\"https:\/\/goias.gov.br\/observatoriodeinovacao\/wp-content\/uploads\/sites\/57\/2024\/10\/Site-Quadro-de-Imagens-51-3-1.png\" title=\"\" alt=\"\" loading=\"lazy\" \/>\t\t\t\t\t\t\t\t\t\t\t\t\t\t\t<\/div>\n\t\t<div class=\"elementor-element elementor-element-b9c58cd e-con-full e-flex e-con e-child\" data-id=\"b9c58cd\" data-element_type=\"container\" data-e-type=\"container\" data-settings=\"{&quot;position&quot;:&quot;absolute&quot;}\">\n\t\t<div class=\"elementor-element elementor-element-be53596 e-con-full elementor-hidden-tablet elementor-hidden-mobile e-flex e-con e-child\" data-id=\"be53596\" data-element_type=\"container\" data-e-type=\"container\" data-settings=\"{&quot;background_background&quot;:&quot;classic&quot;}\">\n\t\t<div class=\"elementor-element elementor-element-7253181 e-con-full e-flex e-con e-child\" data-id=\"7253181\" data-element_type=\"container\" data-e-type=\"container\">\n\t\t\t\t<div class=\"elementor-element elementor-element-3d5ceb1 elementor-widget elementor-widget-button\" data-id=\"3d5ceb1\" data-element_type=\"widget\" data-e-type=\"widget\" data-widget_type=\"button.default\">\n\t\t\t\t\t\t\t\t\t\t<a class=\"elementor-button elementor-button-link elementor-size-sm\" href=\"#\">\n\t\t\t\t\t\t<span class=\"elementor-button-content-wrapper\">\n\t\t\t\t\t\t\t\t\t<span class=\"elementor-button-text\">MATURIDADE DIGITAL<\/span>\n\t\t\t\t\t<\/span>\n\t\t\t\t\t<\/a>\n\t\t\t\t\t\t\t\t<\/div>\n\t\t\t\t<div class=\"elementor-element elementor-element-3bd12f1 elementor-widget elementor-widget-heading\" data-id=\"3bd12f1\" data-element_type=\"widget\" data-e-type=\"widget\" data-widget_type=\"heading.default\">\n\t\t\t\t\t<h1 class=\"elementor-heading-title elementor-size-default\">\u00cdNDICE DE TRANSFORMA\u00c7\u00c3O\n<br>\nDIGITAL DOS MUNIC\u00cdPIOS\n<br>\nDE GOI\u00c1S<\/h1>\t\t\t\t<\/div>\n\t\t\t\t<\/div>\n\t\t\t\t<\/div>\n\t\t\t\t<\/div>\n\t\t<div class=\"elementor-element elementor-element-795502f e-con-full e-flex e-con e-child\" data-id=\"795502f\" data-element_type=\"container\" data-e-type=\"container\">\n\t\t<div class=\"elementor-element elementor-element-822aa39 e-con-full e-flex e-con e-child\" data-id=\"822aa39\" data-element_type=\"container\" data-e-type=\"container\">\n\t\t\t\t<div class=\"elementor-element elementor-element-6212356 elementor-widget__width-inherit elementor-widget elementor-widget-text-editor\" data-id=\"6212356\" data-element_type=\"widget\" data-e-type=\"widget\" data-widget_type=\"text-editor.default\">\n\t\t\t\t\t\t\t\t\t<p><span style=\"font-size: 14pt;\">O <strong>\u00cdndice de Transforma\u00e7\u00e3o Digital dos Munic\u00edpios de Goi\u00e1s<\/strong> <strong>(ITD Goi\u00e1s)<\/strong> foi criado pela Secretaria de Estado de Ci\u00eancia, Tecnologia e Inova\u00e7\u00e3o e realiza o diagn\u00f3stico e acompanha a evolu\u00e7\u00e3o da transforma\u00e7\u00e3o digital, trazendo medidas relacionadas a diversos setores da sociedade e abrangendo todos os 246 munic\u00edpios.<\/span><\/p>\t\t\t\t\t\t\t\t<\/div>\n\t\t\t\t<\/div>\n\t\t<div class=\"elementor-element elementor-element-4d61e11 e-con-full e-flex e-con e-child\" data-id=\"4d61e11\" data-element_type=\"container\" data-e-type=\"container\">\n\t\t\t\t<\/div>\n\t\t\t\t<\/div>\n\t\t\t\t<\/div>\n\t\t<div class=\"elementor-element elementor-element-b41c85f elementor-hidden-desktop e-flex e-con-boxed e-con e-parent\" data-id=\"b41c85f\" data-element_type=\"container\" data-e-type=\"container\">\n\t\t\t\t\t<div class=\"e-con-inner\">\n\t\t<div class=\"elementor-element elementor-element-e441b88 e-con-full elementor-hidden-desktop e-flex e-con e-child\" data-id=\"e441b88\" data-element_type=\"container\" data-e-type=\"container\" data-settings=\"{&quot;background_background&quot;:&quot;classic&quot;}\">\n\t\t<div class=\"elementor-element elementor-element-531e8f4 e-con-full e-flex e-con e-child\" data-id=\"531e8f4\" data-element_type=\"container\" data-e-type=\"container\">\n\t\t\t\t<div class=\"elementor-element elementor-element-e4d3e0f elementor-widget elementor-widget-button\" data-id=\"e4d3e0f\" data-element_type=\"widget\" data-e-type=\"widget\" data-widget_type=\"button.default\">\n\t\t\t\t\t\t\t\t\t\t<a class=\"elementor-button elementor-button-link elementor-size-sm\" href=\"#\">\n\t\t\t\t\t\t<span class=\"elementor-button-content-wrapper\">\n\t\t\t\t\t\t\t\t\t<span class=\"elementor-button-text\">MATURIDADE DIGITAL<\/span>\n\t\t\t\t\t<\/span>\n\t\t\t\t\t<\/a>\n\t\t\t\t\t\t\t\t<\/div>\n\t\t\t\t<div class=\"elementor-element elementor-element-9c4f9a1 elementor-widget elementor-widget-heading\" data-id=\"9c4f9a1\" data-element_type=\"widget\" data-e-type=\"widget\" data-widget_type=\"heading.default\">\n\t\t\t\t\t<h2 class=\"elementor-heading-title elementor-size-default\">\u00cdNDICE DE TRANSFORMA\u00c7\u00c3O\n<br>\nDIGITAL DOS MUNIC\u00cdPIOS\n<br>\nDE GOI\u00c1S <\/h2>\t\t\t\t<\/div>\n\t\t\t\t<\/div>\n\t\t\t\t<\/div>\n\t\t\t\t<div class=\"elementor-element elementor-element-182c90b elementor-widget__width-inherit elementor-hidden-desktop elementor-widget elementor-widget-text-editor\" data-id=\"182c90b\" data-element_type=\"widget\" data-e-type=\"widget\" data-widget_type=\"text-editor.default\">\n\t\t\t\t\t\t\t\t\t<p><span style=\"font-size: 14pt;\">O <strong>\u00cdndice de Transforma\u00e7\u00e3o Digital dos Munic\u00edpios de Goi\u00e1s<\/strong> <strong>(ITD Goi\u00e1s)<\/strong> foi criado pela Secretaria de Estado de Ci\u00eancia, Tecnologia e Inova\u00e7\u00e3o e realiza o diagn\u00f3stico e acompanha a evolu\u00e7\u00e3o da transforma\u00e7\u00e3o digital, trazendo medidas relacionadas a diversos setores da sociedade e abrangendo todos os 246 munic\u00edpios.<\/span><\/p>\t\t\t\t\t\t\t\t<\/div>\n\t\t\t\t\t<\/div>\n\t\t\t\t<\/div>\n\t\t<div class=\"elementor-element elementor-element-431decf e-con-full e-flex e-con e-parent\" data-id=\"431decf\" data-element_type=\"container\" data-e-type=\"container\" data-settings=\"{&quot;background_background&quot;:&quot;classic&quot;}\">\n\t\t<div class=\"elementor-element elementor-element-1226cbc e-con-full e-flex e-con e-child\" data-id=\"1226cbc\" data-element_type=\"container\" data-e-type=\"container\">\n\t\t<div class=\"elementor-element elementor-element-e9fec25 e-con-full e-flex e-con e-child\" data-id=\"e9fec25\" data-element_type=\"container\" data-e-type=\"container\">\n\t\t\t\t<div class=\"elementor-element elementor-element-b058102 elementor-widget elementor-widget-text-editor\" data-id=\"b058102\" data-element_type=\"widget\" data-e-type=\"widget\" data-widget_type=\"text-editor.default\">\n\t\t\t\t\t\t\t\t\t<p style=\"text-align: right;\"><span style=\"font-size: 18pt;\"><strong>OBJETIVO DO \u00cdNDICE<\/strong><\/span><\/p><p><strong>1. Aferir o n\u00edvel de transforma\u00e7\u00e3o digital dos munic\u00edpios goianos<\/strong>, por meio de diagn\u00f3stico sobre ado\u00e7\u00e3o de pr\u00e1ticas digitais, tecnologias emergentes e inova\u00e7\u00e3o nos 246 munic\u00edpios goianos;<\/p><p><strong>2. Embasar a\u00e7\u00f5es e tomada de decis\u00f5es para a transforma\u00e7\u00e3o digital<\/strong>, de modo a fornecer anualmente dados precisos, confi\u00e1veis e replic\u00e1veis que possibilitem a cria\u00e7\u00e3o de pol\u00edticas p\u00fablicas e a realiza\u00e7\u00e3o de investimentos para ou a partir da transforma\u00e7\u00e3o digital;<\/p><p><strong>3. Apontar lacunas e potencialidades em transforma\u00e7\u00e3o digital<\/strong>, identificando diferen\u00e7as entre os diversos munic\u00edpios e, consequentemente, embasando a defini\u00e7\u00e3o de a\u00e7\u00f5es estrat\u00e9gicas em infraestrutura, conectividade, capacita\u00e7\u00e3o e inclus\u00e3o digital.<\/p>\t\t\t\t\t\t\t\t<\/div>\n\t\t\t\t<\/div>\n\t\t<div class=\"elementor-element elementor-element-4d8ca3a e-con-full e-flex e-con e-child\" data-id=\"4d8ca3a\" data-element_type=\"container\" data-e-type=\"container\">\n\t\t\t\t<div class=\"elementor-element elementor-element-1c8774f elementor-widget elementor-widget-image\" data-id=\"1c8774f\" data-element_type=\"widget\" data-e-type=\"widget\" data-widget_type=\"image.default\">\n\t\t\t\t\t\t\t\t\t\t\t\t\t\t\t<img decoding=\"async\" src=\"https:\/\/goias.gov.br\/observatoriodeinovacao\/wp-content\/uploads\/sites\/57\/2024\/10\/Site-Quadro-de-Imagens-60.png\" title=\"\" alt=\"\" loading=\"lazy\" \/>\t\t\t\t\t\t\t\t\t\t\t\t\t\t\t<\/div>\n\t\t\t\t<\/div>\n\t\t\t\t<\/div>\n\t\t\t\t<\/div>\n\t\t<div class=\"elementor-element elementor-element-1415130 e-con-full e-flex e-con e-parent\" data-id=\"1415130\" data-element_type=\"container\" data-e-type=\"container\" data-settings=\"{&quot;background_background&quot;:&quot;classic&quot;}\">\n\t\t<div class=\"elementor-element elementor-element-04bb4a4 e-con-full e-flex e-con e-child\" data-id=\"04bb4a4\" data-element_type=\"container\" data-e-type=\"container\">\n\t\t<div class=\"elementor-element elementor-element-205d7b9 e-con-full e-flex e-con e-child\" data-id=\"205d7b9\" data-element_type=\"container\" data-e-type=\"container\">\n\t\t\t\t<div class=\"elementor-element elementor-element-c0954b3 elementor-widget elementor-widget-image\" data-id=\"c0954b3\" data-element_type=\"widget\" data-e-type=\"widget\" data-widget_type=\"image.default\">\n\t\t\t\t\t\t\t\t\t\t\t\t\t\t\t<img decoding=\"async\" src=\"https:\/\/goias.gov.br\/observatoriodeinovacao\/wp-content\/uploads\/sites\/57\/2024\/10\/Site-Quadro-de-Imagens-61.png\" title=\"\" alt=\"\" loading=\"lazy\" \/>\t\t\t\t\t\t\t\t\t\t\t\t\t\t\t<\/div>\n\t\t\t\t<\/div>\n\t\t<div class=\"elementor-element elementor-element-4b55bfa e-con-full e-flex e-con e-child\" data-id=\"4b55bfa\" data-element_type=\"container\" data-e-type=\"container\">\n\t\t\t\t<div class=\"elementor-element elementor-element-0c653bd elementor-widget elementor-widget-heading\" data-id=\"0c653bd\" data-element_type=\"widget\" data-e-type=\"widget\" data-widget_type=\"heading.default\">\n\t\t\t\t\t<h2 class=\"elementor-heading-title elementor-size-default\">METODOLOGIA<\/h2>\t\t\t\t<\/div>\n\t\t\t\t<div class=\"elementor-element elementor-element-f1ff4e5 elementor-widget__width-initial elementor-widget elementor-widget-text-editor\" data-id=\"f1ff4e5\" data-element_type=\"widget\" data-e-type=\"widget\" data-widget_type=\"text-editor.default\">\n\t\t\t\t\t\t\t\t\t<p>Adotamos uma metodologia robusta e baseada em par\u00e2metros reconhecidos nacional e internacionalmente, para avaliar o est\u00e1gio de maturidade digital dos munic\u00edpios goianos. A metodologia considera um conjunto de indicadores que mensuram o grau de implementa\u00e7\u00e3o de iniciativas digitais nas administra\u00e7\u00f5es municipais, alinhadas \u00e0 Estrat\u00e9gia Brasileira de Transforma\u00e7\u00e3o Digital.<\/p><p>A an\u00e1lise envolve a coleta de dados quantitativos e qualitativos, que s\u00e3o submetidos a uma avalia\u00e7\u00e3o criteriosa. Os indicadores abrangem \u00e1reas essenciais para a transforma\u00e7\u00e3o digital, como infraestrutura tecnol\u00f3gica, digitaliza\u00e7\u00e3o de servi\u00e7os p\u00fablicos, inclus\u00e3o digital, capacita\u00e7\u00e3o dos servidores e integra\u00e7\u00e3o de dados.<\/p><p>Cada munic\u00edpio \u00e9 classificado de acordo com seu desempenho em diferentes dimens\u00f5es da governan\u00e7a digital, o que permite identificar suas for\u00e7as e \u00e1reas de melhoria. Esses resultados s\u00e3o consolidados em um \u00edndice que permite comparar os munic\u00edpios entre si e acompanhar seu progresso ao longo do tempo.<\/p>\t\t\t\t\t\t\t\t<\/div>\n\t\t\t\t<\/div>\n\t\t\t\t<\/div>\n\t\t\t\t<\/div>\n\t\t<div class=\"elementor-element elementor-element-f8cd4c0 e-con-full e-flex e-con e-parent\" data-id=\"f8cd4c0\" data-element_type=\"container\" data-e-type=\"container\" data-settings=\"{&quot;background_background&quot;:&quot;classic&quot;}\">\n\t\t<div class=\"elementor-element elementor-element-a7b66b3 e-con-full e-flex e-con e-child\" data-id=\"a7b66b3\" data-element_type=\"container\" data-e-type=\"container\">\n\t\t<div class=\"elementor-element elementor-element-f54a8d7 e-con-full e-flex e-con e-child\" data-id=\"f54a8d7\" data-element_type=\"container\" data-e-type=\"container\">\n\t\t\t\t<div class=\"elementor-element elementor-element-8911b77 elementor-widget elementor-widget-heading\" data-id=\"8911b77\" data-element_type=\"widget\" data-e-type=\"widget\" data-widget_type=\"heading.default\">\n\t\t\t\t\t<h2 class=\"elementor-heading-title elementor-size-default\">EBOOK: \u00cdNDICE DE TRANSFORMA\u00c7\u00c3O DIGITAL DE GOI\u00c1S 2025<\/h2>\t\t\t\t<\/div>\n\t\t\t\t<div class=\"elementor-element elementor-element-0a706cf elementor-widget elementor-widget-text-editor\" data-id=\"0a706cf\" data-element_type=\"widget\" data-e-type=\"widget\" data-widget_type=\"text-editor.default\">\n\t\t\t\t\t\t\t\t\t<p>O ebook \u00cdndice de Transforma\u00e7\u00e3o Digital de Goi\u00e1s (ITD Goi\u00e1s 2025) apresenta os resultados da aferi\u00e7\u00e3o realizada em 2025, com a participa\u00e7\u00e3o de 20 munic\u00edpios. A publica\u00e7\u00e3o re\u00fane an\u00e1lises, destaques e relat\u00f3rios municipais que evidenciam como as cidades goianas est\u00e3o avan\u00e7ando para qualificar a gest\u00e3o p\u00fablica e aprimorar os servi\u00e7os oferecidos \u00e0 popula\u00e7\u00e3o.<\/p><p>Mais do que um diagn\u00f3stico, o ITD Goi\u00e1s se consolida como uma ferramenta estrat\u00e9gica para orientar decis\u00f5es, identificar oportunidades e impulsionar uma gest\u00e3o mais eficiente e inovadora em todo o estado.<\/p><p>Quer entender onde estamos e quais s\u00e3o os pr\u00f3ximos passos da transforma\u00e7\u00e3o digital nos munic\u00edpios?<\/p><p><b><span data-contrast=\"auto\"><a href=\"https:\/\/goias.gov.br\/observatoriodeinovacao\/wp-content\/uploads\/sites\/57\/2026\/03\/Ebook-ITD-Goias-2025-1.pdf\">Clique aqui e acesse o ebook completo!<\/a><\/span><\/b><\/p>\t\t\t\t\t\t\t\t<\/div>\n\t\t\t\t<\/div>\n\t\t<div class=\"elementor-element elementor-element-a60e524 e-con-full e-flex e-con e-child\" data-id=\"a60e524\" data-element_type=\"container\" data-e-type=\"container\">\n\t\t\t\t<div class=\"elementor-element elementor-element-b41aa02 elementor-widget elementor-widget-image\" data-id=\"b41aa02\" data-element_type=\"widget\" data-e-type=\"widget\" data-widget_type=\"image.default\">\n\t\t\t\t\t\t\t\t\t\t\t\t\t\t\t<img fetchpriority=\"high\" decoding=\"async\" width=\"407\" height=\"351\" src=\"https:\/\/goias.gov.br\/observatoriodeinovacao\/wp-content\/uploads\/sites\/57\/2026\/03\/indice-de-transformacao-digital-2025.png\" class=\"attachment-large size-large wp-image-206714\" alt=\"\u00cdndice de Transforma\u00e7\u00e3o Digital de Goi\u00e1s (ITD Goi\u00e1s 2025)\" srcset=\"https:\/\/goias.gov.br\/observatoriodeinovacao\/wp-content\/uploads\/sites\/57\/2026\/03\/indice-de-transformacao-digital-2025.png 407w, https:\/\/goias.gov.br\/observatoriodeinovacao\/wp-content\/uploads\/sites\/57\/2026\/03\/indice-de-transformacao-digital-2025-300x259.png 300w\" sizes=\"(max-width: 407px) 100vw, 407px\" \/>\t\t\t\t\t\t\t\t\t\t\t\t\t\t\t<\/div>\n\t\t\t\t<\/div>\n\t\t\t\t<\/div>\n\t\t\t\t<\/div>\n\t\t\t\t<\/div>\n\t\t","protected":false},"excerpt":{"rendered":"<p>MATURIDADE DIGITAL \u00cdNDICE DE TRANSFORMA\u00c7\u00c3O DIGITAL DOS MUNIC\u00cdPIOS DE GOI\u00c1S O \u00cdndice de Transforma\u00e7\u00e3o Digital dos Munic\u00edpios de Goi\u00e1s (ITD Goi\u00e1s) foi criado pela Secretaria de Estado de Ci\u00eancia, Tecnologia e Inova\u00e7\u00e3o e realiza o diagn\u00f3stico e acompanha a evolu\u00e7\u00e3o da transforma\u00e7\u00e3o digital, trazendo medidas relacionadas a diversos setores da sociedade e abrangendo todos os [&hellip;]<\/p>\n","protected":false},"author":1414,"featured_media":0,"parent":0,"menu_order":0,"comment_status":"closed","ping_status":"closed","template":"elementor_header_footer","meta":{"footnotes":"","_links_to":"","_links_to_target":""},"class_list":["post-204441","page","type-page","status-publish","hentry"],"rttpg_featured_image_url":null,"rttpg_author":{"display_name":"","author_link":"https:\/\/goias.gov.br\/observatoriodeinovacao\/author\/"},"rttpg_comment":0,"rttpg_category":null,"rttpg_excerpt":"MATURIDADE DIGITAL \u00cdNDICE DE TRANSFORMA\u00c7\u00c3O DIGITAL DOS MUNIC\u00cdPIOS DE GOI\u00c1S O \u00cdndice de Transforma\u00e7\u00e3o Digital dos Munic\u00edpios de Goi\u00e1s (ITD Goi\u00e1s) foi criado pela Secretaria de Estado de Ci\u00eancia, Tecnologia e Inova\u00e7\u00e3o e realiza o diagn\u00f3stico e acompanha a evolu\u00e7\u00e3o da transforma\u00e7\u00e3o digital, trazendo medidas relacionadas a diversos setores da sociedade e abrangendo todos os&hellip;","_links":{"self":[{"href":"https:\/\/goias.gov.br\/observatoriodeinovacao\/wp-json\/wp\/v2\/pages\/204441","targetHints":{"allow":["GET"]}}],"collection":[{"href":"https:\/\/goias.gov.br\/observatoriodeinovacao\/wp-json\/wp\/v2\/pages"}],"about":[{"href":"https:\/\/goias.gov.br\/observatoriodeinovacao\/wp-json\/wp\/v2\/types\/page"}],"author":[{"embeddable":true,"href":"https:\/\/goias.gov.br\/observatoriodeinovacao\/wp-json\/wp\/v2\/users\/1414"}],"replies":[{"embeddable":true,"href":"https:\/\/goias.gov.br\/observatoriodeinovacao\/wp-json\/wp\/v2\/comments?post=204441"}],"version-history":[{"count":2,"href":"https:\/\/goias.gov.br\/observatoriodeinovacao\/wp-json\/wp\/v2\/pages\/204441\/revisions"}],"predecessor-version":[{"id":206742,"href":"https:\/\/goias.gov.br\/observatoriodeinovacao\/wp-json\/wp\/v2\/pages\/204441\/revisions\/206742"}],"wp:attachment":[{"href":"https:\/\/goias.gov.br\/observatoriodeinovacao\/wp-json\/wp\/v2\/media?parent=204441"}],"curies":[{"name":"wp","href":"https:\/\/api.w.org\/{rel}","templated":true}]}}