

{"id":5747,"date":"2023-09-22T14:09:05","date_gmt":"2023-09-22T17:09:05","guid":{"rendered":"https:\/\/siteshom.goias.gov.br\/metrobus\/?page_id=5747"},"modified":"2024-07-08T21:15:08","modified_gmt":"2024-07-09T00:15:08","slug":"mapa-do-site","status":"publish","type":"page","link":"https:\/\/goias.gov.br\/metrobus\/mapa-do-site\/","title":{"rendered":"Mapa do Site"},"content":{"rendered":"<div id=\"custom-sitemap\" class=\"sitemap-container\"><div class='sitemap-group'><h3>A<\/h3><ul><li><a href='https:\/\/goias.gov.br\/metrobus\/acesso-a-informacao\/' target='_blank'>ACESSO \u00c0 INFORMA\u00c7\u00c3O<\/a><\/li><li><a href='https:\/\/portal.al.go.leg.br\/' target='_blank'>ASSEMBLEIA LEGISLATIVA DO ESTADO DE GOI\u00c1S<\/a><\/li><li><a href='https:\/\/goias.gov.br\/metrobus\/agenda-de-autoridades\/' target='_blank'>AGENDA DE AUTORIDADES<\/a><\/li><li><a href='\/metrobus\/agenda-de-autoridades\/' target='_blank'>AGENDA\u00a0DE AUTORIDADES<\/a><\/li><li><a href='https:\/\/goias.gov.br\/metrobus\/acordos-sem-transferencia-de-recursos\/' target='_blank'>ACORDOS SEM TRANSFER\u00caNCIA DE RECURSOS<\/a><\/li><li><a href='https:\/\/goias.gov.br\/metrobus\/autoridade-responsavel-pelo-monitoramento-de-pedidos-de-acesso-a-informacao\/' target='_blank'>AUTORIDADE DE MONITORAMENTO DE APLICA\u00c7\u00c3O DA LAI<\/a><\/li><li><a href='https:\/\/goias.gov.br\/metrobus\/audiencias-publicas\/' target='_blank'>AUDI\u00caNCIAS P\u00daBLICAS<\/a><\/li><\/ul><\/div><div class='sitemap-group'><h3>B<\/h3><ul><li><a href='https:\/\/goias.gov.br\/metrobus\/bens-moveis1\/' target='_blank'>BENS M\u00d3VEIS<\/a><\/li><li><a href='https:\/\/goias.gov.br\/metrobus\/bens-imoveis1\/' target='_blank'>BENS IM\u00d3VEIS<\/a><\/li><li><a href='https:\/\/goias.gov.br\/economia\/prestacao-de-contas-de-governo\/' target='_blank'>BALAN\u00c7O GERAL DO ESTADO<\/a><\/li><\/ul><\/div><div class='sitemap-group'><h3>C<\/h3><ul><li><a href='http:\/\/www.sitpass.com.br\/site\/produtos\/cartao-metrobus\/' target='_blank'>CART\u00c3O METROBUS<\/a><\/li><li><a href='\/metrobus\/wp-content\/uploads\/sites\/13\/2018\/06\/CartadeServico-METROBUSv.1.2em03.07.2023-fe9.pdf' target='_blank'>CARTA DE SERVI\u00c7OS<\/a><\/li><li><a href='https:\/\/legisla.casacivil.go.gov.br\/pesquisa_legislacao\/103904\/decreto-9837' target='_blank'>C\u00d3DIGO DE \u00c9TICA<\/a><\/li><li><a href='https:\/\/goias.gov.br\/controladoria' target='_blank'>CONTROLADORIA-GERAL DO ESTADO DE GOI\u00c1S<\/a><\/li><li><a href='https:\/\/goias.gov.br\/governo\/cadastro-de-autoridade\/' target='_blank'>CADASTRO DE AUTORIDADES<\/a><\/li><li><a href='https:\/\/goias.gov.br\/metrobus\/competencias\/' target='_blank'>COMPET\u00caNCIAS<\/a><\/li><li><a href='https:\/\/goias.gov.br\/metrobus\/cargos-e-seus-ocupantes\/' target='_blank'>CARGOS E SEUS OCUPANTES<\/a><\/li><li><a href='https:\/\/goias.gov.br\/metrobus\/wp-content\/uploads\/sites\/13\/2018\/06\/CartadeServico-METROBUSv.1.2em03.07.2023-fe9.pdf' target='_blank'>CARTA DE SERVI\u00c7OS<\/a><\/li><li><a href='https:\/\/goias.gov.br\/metrobus\/comite-de-auditoria-estatutario\/' target='_blank'>COMIT\u00ca DE AUDITORIA ESTATUT\u00c1RIO<\/a><\/li><li><a href='https:\/\/goias.gov.br\/metrobus\/comite-estatutario\/' target='_blank'>COMIT\u00ca DE ELEGIBILIDADE<\/a><\/li><li><a href='https:\/\/goias.gov.br\/metrobus\/comite-da-mulher-e-da-diversidade\/' target='_blank'>COMIT\u00ca DA MULHER E DA DIVERSIDADE<\/a><\/li><li><a href='https:\/\/goias.gov.br\/metrobus\/convenios\/' target='_blank'>CONV\u00caNIOS RECEBIDOS<\/a><\/li><li><a href='https:\/\/goias.gov.br\/metrobus\/convenios-concedidos\/' target='_blank'>CONV\u00caNIOS CONCEDIDOS<\/a><\/li><li><a href='https:\/\/goias.gov.br\/metrobus\/convenios-para-exploracao-de-atividade-economica\/' target='_blank'>CONV\u00caNIOS PARA EXPLORA\u00c7\u00c3O DE ATIVIDADE ECON\u00d4MICA<\/a><\/li><li><a href='https:\/\/goias.gov.br\/metrobus\/concursos-publicos-e-selecoes\/' target='_blank'>CONCURSOS P\u00daBLICOS E SELE\u00c7\u00d5ES<\/a><\/li><li><a href='https:\/\/goias.gov.br\/metrobus\/contratos-2\/' target='_blank'>CONTRATOS<\/a><\/li><li><a href='https:\/\/goias.gov.br\/metrobus\/contratos-emergenciais\/' target='_blank'>CONTRATOS EMERGENCIAIS<\/a><\/li><li><a href='https:\/\/goias.gov.br\/metrobus\/contratos-para-exploracao-da-atividade-economica\/' target='_blank'>CONTRATOS PARA EXPLORA\u00c7\u00c3O DA ATIVIDADE ECON\u00d4MICA<\/a><\/li><li><a href='https:\/\/goias.gov.br\/metrobus\/contratos-de-locacao-de-imoveis\/' target='_blank'>CONTRATOS DE LOCA\u00c7\u00c3O DE IM\u00d3VEIS<\/a><\/li><li><a href='https:\/\/goias.gov.br\/metrobus\/classificacao-das-informacoes-sigilosas\/' target='_blank'>CLASSIFICA\u00c7\u00c3O DAS INFORMA\u00c7\u00d5ES SIGILOSAS<\/a><\/li><li><a href='https:\/\/goias.gov.br\/metrobus\/carta-anual-de-governanca-corporativa\/' target='_blank'>CARTA ANUAL DE GOVERNAN\u00c7A\u00a0<\/a><\/li><li><a href='https:\/\/goias.gov.br\/metrobus\/wp-content\/uploads\/sites\/13\/2025\/05\/CODIGO_DE_ETICA2C_CONDUTA_E_INTEGRIDADE_2025_-_REVISAO_FINAL_assinado.pdf' target='_blank'>C\u00d3DIGO DE CONDUTA E INTEGRIDADE\u00a0<\/a><\/li><li><a href='https:\/\/goias.gov.br\/metrobus\/consultas-publicas\/' target='_blank'>CONSULTAS P\u00daBLICAS<\/a><\/li><\/ul><\/div><div class='sitemap-group'><h3>D<\/h3><ul><li><a href='https:\/\/goias.gov.br\/metrobus\/demonstracoes-contabeis\/' target='_blank'>DEMONSTRA\u00c7\u00d5ES FINANCEIRAS<\/a><\/li><li><a href='https:\/\/dadosabertos.go.gov.br\/' target='_blank'>DADOS ABERTOS<\/a><\/li><li><a href='https:\/\/www.go.gov.br\/servicos-digitais\/cge\/nova-ouvidoria\/nova-manifestacao\/tela-negativo?orgao=25' target='_blank'>DEN\u00daNCIAS CONTRA CORRUP\u00c7\u00c3O<\/a><\/li><li><a href='http:\/\/diariooficial.abc.go.gov.br\/' target='_blank'>DI\u00c1RIO OFICIAL<\/a><\/li><li><a href='https:\/\/dadosabertos.go.gov.br\/' target='_blank'>DADOS ABERTOS GOI\u00c1S<\/a><\/li><li><a href='https:\/\/goias.gov.br\/metrobus\/doacoes\/' target='_blank'>DOA\u00c7\u00d5ES<\/a><\/li><li><a href='https:\/\/goias.gov.br\/metrobus\/wp-content\/uploads\/sites\/13\/2018\/06\/DeclaracaodeEmpresaDependenteLeideResponsabilidadeFiscal-6dc.pdf' target='_blank'>DECLARA\u00c7\u00c3O DE EMPRESA DEPENDENTE (LEI DE RESPONSABILIDADE FISCAL)<\/a><\/li><li><a href='https:\/\/goias.gov.br\/metrobus\/despesas-realizadas\/' target='_blank'>DESPESAS<\/a><\/li><li><a href='https:\/\/www.transparencia.go.gov.br\/wp-content\/uploads\/sites\/2\/painel\/lai.php?painel=execucao_orcamentaria_visao_geral&orgao=metrobus' target='_blank'>DESPESAS - EXECU\u00c7\u00c3O OR\u00c7AMENT\u00c1RIA<\/a><\/li><li><a href='https:\/\/goias.gov.br\/metrobus\/diarias\/' target='_blank'>DI\u00c1RIAS<\/a><\/li><li><a href='https:\/\/goias.gov.br\/metrobus\/demais-instrumentos\/' target='_blank'>DEMAIS INSTRUMENTOS<\/a><\/li><li><a href='https:\/\/dadosabertos.go.gov.br\/organization\/metrobus-transporte-coletivo-s-a' target='_blank'>DADOS ABERTOS<\/a><\/li><\/ul><\/div><div class='sitemap-group'><h3>E<\/h3><ul><li><a href='https:\/\/www.go.gov.br\/servicos-digitais\/cge\/nova-ouvidoria\/pedido-informacao-publica?orgao=25&tipo_manifestacao=7' target='_blank'>E-SIC<\/a><\/li><li><a href='https:\/\/www.go.gov.br\/servicos-digitais\/cge\/nova-ouvidoria\/pedido-informacao-publica?orgao=25&tipo_manifestacao=7' target='_blank'>E-SIC - SERVI\u00c7O ELETR\u00d4NICO DE INFORMA\u00c7\u00c3O AO CIDAD\u00c3O<\/a><\/li><li><a href='https:\/\/www.go.gov.br\/' target='_blank'>EXPRESSO GOI\u00c1S<\/a><\/li><li><a href='https:\/\/portal.go.gov.br\/' target='_blank'>EXPRESSO APLICA\u00c7\u00d5ES<\/a><\/li><li><a href='https:\/\/www.go.gov.br\/' target='_blank'>EXPRESSO SERVIDOR<\/a><\/li><li><a href='https:\/\/goias.gov.br\/escoladegoverno\/' target='_blank'>ESCOLA DE GOVERNO<\/a><\/li><li><a href='https:\/\/goias.gov.br\/metrobus\/estrutura-organizacional-3\/' target='_blank'>ESTRUTURA ORGANIZACIONAL<\/a><\/li><li><a href='https:\/\/goias.gov.br\/metrobus\/telefones-enderecos-e-horarios-de-atendimento\/' target='_blank'>ENDERE\u00c7OS, TELEFONES, E-MAILS E HOR\u00c1RIOS DE ATENDIMENTO<\/a><\/li><li><a href='https:\/\/goias.gov.br\/metrobus\/encarregado-pelo-tratamento-dos-dados-pessoais\/' target='_blank'>ENCARREGADO PELO TRATAMENTO DOS DADOS PESSOAIS<\/a><\/li><\/ul><\/div><div class='sitemap-group'><h3>F<\/h3><ul><li><a href='https:\/\/goias.gov.br\/metrobus\/nossa-frota\/' target='_blank'>FROTA<\/a><\/li><li><a href='https:\/\/goias.gov.br\/metrobus\/fale-conosco\/' target='_blank'>FALE CONOSCO<\/a><\/li><li><a href='https:\/\/www.facebook.com\/metrobusgoias' target='_blank'>FACEBOOK<\/a><\/li><li><a href='https:\/\/goias.gov.br\/metrobus\/folha-de-pagamento-2\/' target='_blank'>FOLHA DE PAGAMENTO\u00a0<\/a><\/li><li><a href='https:\/\/goias.gov.br\/metrobus\/category\/noticias\/' target='_blank'>FATOS RELEVANTES<\/a><\/li><\/ul><\/div><div class='sitemap-group'><h3>G<\/h3><ul><li><a href='http:\/\/www.brasil.gov.br\/' target='_blank'>GOVERNO FEDERAL<\/a><\/li><li><a href='http:\/\/www.transparencia.go.gov.br\/portaldatransparencia\/' target='_blank'>GOI\u00c1S TRANSPAR\u00caNCIA<\/a><\/li><li><a href='https:\/\/goias.gov.br\/metrobus\/gastos-com-publicidade-e-propaganda\/' target='_blank'>GASTOS COM PUBLICIDADE E PROPAGANDA<\/a><\/li><li><a href='https:\/\/goias.gov.br\/metrobus\/gastos-com-patrocinio\/' target='_blank'>GASTOS COM PATROC\u00cdNIO<\/a><\/li><\/ul><\/div><div class='sitemap-group'><h3>H<\/h3><ul><li><a href='https:\/\/goias.gov.br\/metrobus\/historia-do-eixo-anhanguera\/' target='_blank'>HIST\u00d3RIA<\/a><\/li><\/ul><\/div><div class='sitemap-group'><h3>I<\/h3><ul><li><a href='https:\/\/goias.gov.br\/metrobus\/a-metrobus\/' target='_blank'>INSTITUCIONAL<\/a><\/li><li><a href='https:\/\/www.instagram.com\/metrobusgoias\/' target='_blank'>INSTAGRAM<\/a><\/li><li><a href='https:\/\/www.transparencia.go.gov.br\/wp-content\/uploads\/sites\/2\/painel\/lai.php?painel=pda&orgao=metrobus' target='_blank'>INVENT\u00c1RIO DE DADOS<\/a><\/li><\/ul><\/div><div class='sitemap-group'><h3>J<\/h3><ul><li><a href='https:\/\/goias.gov.br\/metrobus\/julgamento-das-contas-pelo-tce-go\/' target='_blank'>JULGAMENTO DAS CONTAS PELO TCE-GO <\/a><\/li><\/ul><\/div><div class='sitemap-group'><h3>L<\/h3><ul><li><a href='https:\/\/goias.gov.br\/metrobus\/licitacoes-e-contratos\/' target='_blank'>LICITA\u00c7\u00d5ES, CONTRATOS E CHAMAMENTOS P\u00daBLICOS<\/a><\/li><li><a href='https:\/\/goias.gov.br\/metrobus\/lei-geral-de-protecao-de-dados\/' target='_blank'>LGPD<\/a><\/li><li><a href='https:\/\/goias.gov.br\/metrobus\/legislacao-aplicavel\/' target='_blank'>LEGISLA\u00c7\u00c3O APLIC\u00c1VEL<\/a><\/li><li><a href='https:\/\/goias.gov.br\/metrobus\/lista-de-estagiarios\/' target='_blank'>LISTA DE ESTAGI\u00c1RIOS<\/a><\/li><li><a href='https:\/\/goias.gov.br\/metrobus\/licitacoes\/' target='_blank'>LICITA\u00c7\u00d5ES<\/a><\/li><li><a href='https:\/\/goias.gov.br\/metrobus\/licitantes-sancionados-administrativamente-2\/' target='_blank'>LICITANTES SANCIONADOS ADMINISTRATIVAMENTE<\/a><\/li><li><a href='https:\/\/goias.gov.br\/metrobus\/ldo-e-loa\/' target='_blank'>LDO E LOA<\/a><\/li><li><a href='https:\/\/www.planalto.gov.br\/ccivil_03\/leis\/lcp\/lcp101.htm' target='_blank'>LEI DE RESPONSABILIDADE FISCAL (LRF) - RELAT\u00d3RIOS<\/a><\/li><li><a href='https:\/\/goias.gov.br\/metrobus\/lei-de-acesso-a-informacao-estadual\/' target='_blank'>LEI DE ACESSO \u00c0 INFORMA\u00c7\u00c3O ESTADUAL<\/a><\/li><li><a href='https:\/\/transparencia.go.gov.br\/governo-digital\/' target='_blank'>LEI DO GOVERNO DIGITAL<\/a><\/li><\/ul><\/div><div class='sitemap-group'><h3>M<\/h3><ul><li><a href='https:\/\/www.mpgo.mp.br\/portal\/' target='_blank'>MINIST\u00c9RIO P\u00daBLICO DO ESTADO DE GOI\u00c1S<\/a><\/li><li><a href='https:\/\/goias.gov.br\/metrobus\/missao-principios-e-valores\/' target='_blank'>MISS\u00c3O, PRINC\u00cdPIOS E VALORES<\/a><\/li><li><a href='https:\/\/goias.gov.br\/metrobus\/monitoramento-de-programas-projetos-acoes-e-atividades\/' target='_blank'>MONITORAMENTO DE PROGRAMAS, PROJETOS, A\u00c7\u00d5ES E ATIVIDADES<\/a><\/li><\/ul><\/div><div class='sitemap-group'><h3>O<\/h3><ul><li><a href='https:\/\/www.go.gov.br\/servicos-digitais\/cge\/nova-ouvidoria?orgao=25' target='_blank'>OUVIDORIA<\/a><\/li><li><a href='https:\/\/www.go.gov.br\/servicos-digitais\/cge\/nova-ouvidoria?orgao=25' target='_blank'>OUVIDORIA SETORIAL (EXPRESSO)<\/a><\/li><li><a href='https:\/\/goias.gov.br\/metrobus\/ouvidoria-setorial\/' target='_blank'>OUVIDORIA SETORIAL (PRESENCIAL)<\/a><\/li><li><a href='https:\/\/goias.gov.br\/metrobus\/faq-2\/' target='_blank'>OUVIDORIA DA METROBUS<\/a><\/li><li><a href='https:\/\/www.transparencia.go.gov.br\/wp-content\/uploads\/sites\/2\/painel\/lai.php?painel=ordem_cronologica_despesas&orgao=metrobus' target='_blank'>ORDEM CRONOL\u00d3GICA DE PAGAMENTOS <\/a><\/li><li><a href='https:\/\/goias.gov.br\/metrobus\/obras-2\/' target='_blank'>OBRAS<\/a><\/li><li><a href='https:\/\/goias.gov.br\/metrobus\/obras-paralisadas\/' target='_blank'>OBRAS PARALISADAS<\/a><\/li><li><a href='https:\/\/goias.gov.br\/metrobus\/contato-ouvidoria-metrobus\/' target='_blank'>OUVIDORIA - ATENDIMENTO PRESENCIAL\u00a0<\/a><\/li><li><a href='https:\/\/www.go.gov.br\/servicos-digitais\/cge\/nova-ouvidoria\/nova-manifestacao?orgao=25' target='_blank'>OUVIDORIA ELETR\u00d4NICA\/E-SIC\u00a0<\/a><\/li><\/ul><\/div><div class='sitemap-group'><h3>P<\/h3><ul><li><a href='http:\/\/www.sitpass.com.br\/site\/pontos-de-venda-de-bilhete\/' target='_blank'>PONTOS DE VENDA DO SIT PASS<\/a><\/li><li><a href='https:\/\/transparencia.go.gov.br\/' target='_blank'>PORTAL DA TRANSPAR\u00caNCIA<\/a><\/li><li><a href='https:\/\/goias.gov.br\/controladoria\/programa-de-compliance-publico-do-governo-de-goias\/' target='_blank'>PCP<\/a><\/li><li><a href='https:\/\/goias.gov.br\/procuradoria\/' target='_blank'>PROCURADORIA-GERAL DO ESTADO DE GOI\u00c1S<\/a><\/li><li><a href='https:\/\/app.powerbi.com\/view?r=eyJrIjoiYzBiOTRmYjYtM2NmOC00OGVhLWFmZmUtMWQxNmVlMmU2NzE5IiwidCI6IjY3ZmQ0MzFjLWIyYWQtNDg2Ny04MWJjLWQ3NTYyMjBiNTZkNCJ9&pageName=ReportSection7765beba28765a9ded12' target='_blank'>PAINEL DAS ESTATAIS<\/a><\/li><li><a href='https:\/\/goias.gov.br\/metrobus\/faq\/' target='_blank'>PERGUNTAS E RESPOSTAS FREQUENTES<\/a><\/li><li><a href='https:\/\/goias.gov.br\/metrobus\/politica-de-remuneracao-2\/' target='_blank'>POL\u00cdTICA DE REMUNERA\u00c7\u00c3O<\/a><\/li><li><a href='https:\/\/goias.gov.br\/metrobus\/parcerias-com-oscs\/' target='_blank'>PARCERIAS COM OSCS<\/a><\/li><li><a href='https:\/\/goias.gov.br\/metrobus\/parecer-do-conselho-fiscal\/' target='_blank'>PARECER DO CONSELHO FISCAL<\/a><\/li><li><a href='https:\/\/goias.gov.br\/metrobus\/plano-estrategico-institucional\/' target='_blank'>PLANO ESTRAT\u00c9GICO INSTITUCIONAL<\/a><\/li><li><a href='https:\/\/goias.gov.br\/metrobus\/plano-de-negocios\/' target='_blank'>PLANO DE NEG\u00d3CIOS<\/a><\/li><li><a href='https:\/\/ppa.go.gov.br\/' target='_blank'>PPA<\/a><\/li><li><a href='https:\/\/www.planalto.gov.br\/ccivil_03\/_ato2015-2018\/2018\/lei\/l13709.htm' target='_blank'>POL\u00cdTICA DE PRIVACIDADE E PROTE\u00c7\u00c3O DE DADOS<\/a><\/li><li><a href='https:\/\/app.powerbi.com\/view?r=eyJrIjoiNmRhN2MzZmYtMWZkMi00ODdmLWJhNGQtYTJkODcwNDJlMTU4IiwidCI6IjY3ZmQ0MzFjLWIyYWQtNDg2Ny04MWJjLWQ3NTYyMjBiNTZkNCJ9' target='_blank'>PESQUISA DE SATISFA\u00c7\u00c3O<\/a><\/li><li><a href='https:\/\/goias.gov.br\/metrobus\/politica-de-divulgacao-de-informacoes\/' target='_blank'>POL\u00cdTICA DE DIVULGA\u00c7\u00c3O DE INFORMA\u00c7\u00d5ES<\/a><\/li><li><a href='https:\/\/goias.gov.br\/metrobus\/politica-de-distribuicao-de-dividendos\/' target='_blank'>POL\u00cdTICA DE DISTRIBUI\u00c7\u00c3O DE DIVIDENDOS<\/a><\/li><li><a href='https:\/\/goias.gov.br\/metrobus\/politica-de-transacao-com-partes-relacionadas\/' target='_blank'>POL\u00cdTICA DE TRANSA\u00c7\u00d5ES COM PARTES RELACIONADAS<\/a><\/li><li><a href='https:\/\/goias.gov.br\/metrobus\/projetos-de-participacao-social\/' target='_blank'>PROJETOS DE PARTICIPA\u00c7\u00c3O SOCIAL<\/a><\/li><li><a href='https:\/\/goias.gov.br\/metrobus\/projetos-de-inovacao-no-servico-publico\/' target='_blank'>PROJETOS DE INOVA\u00c7\u00c3O NO SERVI\u00c7O P\u00daBLICO<\/a><\/li><li><a href='https:\/\/goias.gov.br\/metrobus\/politica-de-participacao-societaria\/' target='_blank'>POL\u00cdTICA DE PARTICIPA\u00c7\u00c3O SOCIET\u00c1RIA<\/a><\/li><\/ul><\/div><div class='sitemap-group'><h3>Q<\/h3><ul><li><a href='https:\/\/goias.gov.br\/metrobus\/2021-2\/' target='_blank'>QUANTITATIVO DE CARGOS\u00a0<\/a><\/li><\/ul><\/div><div class='sitemap-group'><h3>R<\/h3><ul><li><a href='https:\/\/radardatransparencia.atricon.org.br\/' target='_blank'>RADAR DA TRANSPAR\u00caNCIA<\/a><\/li><li><a href='https:\/\/goias.gov.br\/metrobus\/receitasprevistas\/' target='_blank'>RECEITA\u00a0PREVIS\u00c3O E REALIZA\u00c7\u00c3O<\/a><\/li><li><a href='https:\/\/www.transparencia.go.gov.br\/wp-content\/uploads\/sites\/2\/painel\/lai.php?painel=receitas_estaduais&orgao=metrobus' target='_blank'>RECEITA - CLASSIFICA\u00c7\u00c3O OR\u00c7AMENT\u00c1RIA<\/a><\/li><li><a href='https:\/\/goias.gov.br\/metrobus\/relacao-de-terceirizados\/' target='_blank'>RELA\u00c7\u00c3O DE TERCEIRIZADOS<\/a><\/li><li><a href='https:\/\/goias.gov.br\/metrobus\/relatorio-de-igualdade-salarial-de-mulheres-e-homens\/' target='_blank'>RELAT\u00d3RIO DE IGUALDADE SALARIAL DE MULHERES E HOMENS<\/a><\/li><li><a href='https:\/\/goias.gov.br\/metrobus\/regulamento-interno-de-licitacoes-e-contratos\/' target='_blank'>REGULAMENTO INTERNO DE LICITA\u00c7\u00d5ES E CONTRATOS<\/a><\/li><li><a href='https:\/\/goias.gov.br\/metrobus\/relacao-dos-fiscais-dos-contratos\/' target='_blank'>RELA\u00c7\u00c3O DOS FISCAIS DOS CONTRATOS<\/a><\/li><li><a href='https:\/\/goias.gov.br\/metrobus\/relatorio-integrado-ou-de-sustentabilidade\/' target='_blank'>RELAT\u00d3RIO DE ADMINISTRA\u00c7\u00c3O<\/a><\/li><li><a href='https:\/\/goias.gov.br\/metrobus\/relatorio-de-auditoria-independente\/' target='_blank'>RELAT\u00d3RIO DE AUDITORIA INDEPENDENTE<\/a><\/li><li><a href='https:\/\/goias.gov.br\/metrobus\/relatorio-integrado-ou-de-sustentabilidade-2\/' target='_blank'>RELAT\u00d3RIO INTEGRADO OU DE SUSTENTABILIDADE<\/a><\/li><li><a href='https:\/\/www.transparencia.go.gov.br\/rreo-e-rgf\/' target='_blank'>RGF\/RREO<\/a><\/li><li><a href='https:\/\/www.ouvidoriageral.go.gov.br\/api\/relatorio_gestao.php?tipo=7&orgao=25' target='_blank'>RELAT\u00d3RIO DE PEDIDOS DE ACESSO \u00c0 INFORMA\u00c7\u00c3O<\/a><\/li><li><a href='https:\/\/goias.gov.br\/metrobus\/relatorio-de-gestao-de-ouvidoria\/' target='_blank'>RELAT\u00d3RIO DE GEST\u00c3O DE OUVIDORIA<\/a><\/li><\/ul><\/div><div class='sitemap-group'><h3>S<\/h3><ul><li><a href='https:\/\/goias.gov.br\/administracao\/siga-eng\/' target='_blank'>SIGA<\/a><\/li><li><a href='https:\/\/www.go.gov.br\/unidadesvaptvupt' target='_blank'>SIC - SERVI\u00c7O DE INFORMA\u00c7\u00c3O AO CIDAD\u00c3O<\/a><\/li><li><a href='https:\/\/sei.go.gov.br\/sei\/modulos\/goias\/login-sei\/MdGoiasLoginSEI.php?acao=md_goias_login_SEI&sigla_orgao_sistema=GOVERNADORIA&sigla_sistema=SEI&infra_url=L3NlaS8=' target='_blank'>SEI GOVERNADORIA<\/a><\/li><li><a href='https:\/\/vaptvupt.go.gov.br\/unidades' target='_blank'>SIC F\u00cdSICO - UNIDADES DO VAPT VUPT<\/a><\/li><\/ul><\/div><div class='sitemap-group'><h3>T<\/h3><ul><li><a href='https:\/\/goias.gov.br\/metrobus\/terminais-do-eixo-anhanguera\/' target='_blank'>TERMINAIS E ESTA\u00c7\u00d5ES<\/a><\/li><li><a href='https:\/\/www.tjgo.jus.br\/' target='_blank'>TRIBUNAL DE JUSTI\u00c7A DO ESTADO DE GOI\u00c1S<\/a><\/li><li><a href='https:\/\/twitter.com\/metrobusgoias' target='_blank'>TWITTER<\/a><\/li><li><a href='https:\/\/goias.gov.br\/metrobus\/tabela-remuneratoria\/' target='_blank'>TABELA REMUNERAT\u00d3RIA<\/a><\/li><\/ul><\/div><\/div>\n","protected":false},"excerpt":{"rendered":"","protected":false},"author":7,"featured_media":0,"parent":0,"menu_order":0,"comment_status":"closed","ping_status":"closed","template":"","meta":{"footnotes":""},"class_list":["post-5747","page","type-page","status-publish","hentry"],"rttpg_featured_image_url":null,"rttpg_author":{"display_name":"gustavogoncalves","author_link":"https:\/\/goias.gov.br\/metrobus\/author\/gustavogoncalves\/"},"rttpg_comment":0,"rttpg_category":null,"rttpg_excerpt":null,"_links":{"self":[{"href":"https:\/\/goias.gov.br\/metrobus\/wp-json\/wp\/v2\/pages\/5747","targetHints":{"allow":["GET"]}}],"collection":[{"href":"https:\/\/goias.gov.br\/metrobus\/wp-json\/wp\/v2\/pages"}],"about":[{"href":"https:\/\/goias.gov.br\/metrobus\/wp-json\/wp\/v2\/types\/page"}],"author":[{"embeddable":true,"href":"https:\/\/goias.gov.br\/metrobus\/wp-json\/wp\/v2\/users\/7"}],"replies":[{"embeddable":true,"href":"https:\/\/goias.gov.br\/metrobus\/wp-json\/wp\/v2\/comments?post=5747"}],"version-history":[{"count":2,"href":"https:\/\/goias.gov.br\/metrobus\/wp-json\/wp\/v2\/pages\/5747\/revisions"}],"predecessor-version":[{"id":9478,"href":"https:\/\/goias.gov.br\/metrobus\/wp-json\/wp\/v2\/pages\/5747\/revisions\/9478"}],"wp:attachment":[{"href":"https:\/\/goias.gov.br\/metrobus\/wp-json\/wp\/v2\/media?parent=5747"}],"curies":[{"name":"wp","href":"https:\/\/api.w.org\/{rel}","templated":true}]}}