

{"id":85902,"date":"2025-04-09T12:19:51","date_gmt":"2025-04-09T15:19:51","guid":{"rendered":"https:\/\/goias.gov.br\/meioambiente\/?page_id=85902"},"modified":"2026-03-06T13:18:09","modified_gmt":"2026-03-06T16:18:09","slug":"planos-de-recursos-hidricos","status":"publish","type":"page","link":"https:\/\/goias.gov.br\/meioambiente\/planos-de-recursos-hidricos\/","title":{"rendered":"Planos de recursos h\u00eddricos"},"content":{"rendered":"\t\t<div data-elementor-type=\"wp-page\" data-elementor-id=\"85902\" class=\"elementor elementor-85902\">\n\t\t\t\t<div class=\"elementor-element elementor-element-c4fa439 e-flex e-con-boxed e-con e-parent\" data-id=\"c4fa439\" data-element_type=\"container\" data-e-type=\"container\" data-settings=\"{&quot;background_background&quot;:&quot;classic&quot;}\">\n\t\t\t\t\t<div class=\"e-con-inner\">\n\t\t\t\t<div class=\"elementor-element elementor-element-37643ea elementor-widget elementor-widget-heading\" data-id=\"37643ea\" data-element_type=\"widget\" data-e-type=\"widget\" data-widget_type=\"heading.default\">\n\t\t\t\t\t<h3 class=\"elementor-heading-title elementor-size-default\">Planos de recursos h\u00eddricos<\/h3>\t\t\t\t<\/div>\n\t\t\t\t<div class=\"elementor-element elementor-element-b8984a4 elementor-widget elementor-widget-heading\" data-id=\"b8984a4\" data-element_type=\"widget\" data-e-type=\"widget\" data-widget_type=\"heading.default\">\n\t\t\t\t\t<h4 class=\"elementor-heading-title elementor-size-default\">Superintend\u00eancia de Recursos H\u00eddricos<\/h4>\t\t\t\t<\/div>\n\t\t\t\t\t<\/div>\n\t\t\t\t<\/div>\n\t\t<div class=\"elementor-element elementor-element-3ac7ab2 e-flex e-con-boxed e-con e-parent\" data-id=\"3ac7ab2\" data-element_type=\"container\" data-e-type=\"container\">\n\t\t\t\t\t<div class=\"e-con-inner\">\n\t\t\t\t<div class=\"elementor-element elementor-element-0a22308 elementor-widget elementor-widget-text-editor\" data-id=\"0a22308\" data-element_type=\"widget\" data-e-type=\"widget\" data-widget_type=\"text-editor.default\">\n\t\t\t\t\t\t\t\t\t<ul><li><a href=\"https:\/\/goias.gov.br\/meioambiente\/wp-content\/uploads\/sites\/33\/2025\/04\/bases.pdf\">Bases metodol\u00f3gicas<\/a><\/li><li><a href=\"https:\/\/goias.gov.br\/meioambiente\/wp-content\/uploads\/sites\/33\/2025\/04\/partea.pdf\">Diagn\u00f3stico dos Recursos H\u00eddricos do Estado (parte A)<\/a><\/li><li><a href=\"https:\/\/goias.gov.br\/meioambiente\/wp-content\/uploads\/sites\/33\/2025\/04\/parteb.pdf\">Diagn\u00f3stico dos Recursos H\u00eddricos do Estado (parte B)<\/a><\/li><li><a href=\"https:\/\/goias.gov.br\/meioambiente\/wp-content\/uploads\/sites\/33\/2025\/04\/partec.pdf\">Diagn\u00f3stico dos Recursos H\u00eddricos do Estado (parte C)<\/a><\/li><li><a href=\"https:\/\/goias.gov.br\/meioambiente\/wp-content\/uploads\/sites\/33\/2025\/04\/prog.pdf\">Progn\u00f3stico dos Recursos H\u00eddricos do Estado<\/a><\/li><li><a href=\"https:\/\/goias.gov.br\/meioambiente\/wp-content\/uploads\/sites\/33\/2025\/04\/diretrizes.pdf\">Diretrizes, programas e metas<\/a><\/li><li><a href=\"https:\/\/goias.gov.br\/meioambiente\/wp-content\/uploads\/sites\/33\/2025\/04\/final.pdf\">Plano Estadual de Recursos H\u00eddricos<\/a><\/li><\/ul><p><strong>Base de dados vetoriais<\/strong><\/p><ul><li style=\"list-style-type: none;\"><ul><li><a href=\"https:\/\/drive.google.com\/file\/d\/1yWzTriij_IxW-j0NJPHuqkc5EKxOAIm-\/view?usp=sharing\">Base de dados<\/a><\/li><li><a href=\"https:\/\/drive.google.com\/file\/d\/1iOXfEGDgsmS5q5-2YIdEkao3CVjA1WXE\/view?usp=sharing\">Geodados<\/a><\/li><li><a href=\"https:\/\/drive.google.com\/file\/d\/1GM6yVIqy0HUoPWjq4aWEKG7qAT9eusIj\/view?usp=sharing\">Progn\u00f3stico<\/a><\/li><li><a href=\"https:\/\/drive.google.com\/file\/d\/1T3hHjxCMcnvWEAo9E5rJswyWeo7hk46L\/view?usp=sharing\">Diagn\u00f3stico<\/a><\/li><\/ul><\/li><\/ul>\t\t\t\t\t\t\t\t<\/div>\n\t\t\t\t\t<\/div>\n\t\t\t\t<\/div>\n\t\t\t\t<\/div>\n\t\t","protected":false},"excerpt":{"rendered":"<p>Planos de recursos h\u00eddricos Superintend\u00eancia de Recursos H\u00eddricos Bases metodol\u00f3gicas Diagn\u00f3stico dos Recursos H\u00eddricos do Estado (parte A) Diagn\u00f3stico dos Recursos H\u00eddricos do Estado (parte B) Diagn\u00f3stico dos Recursos H\u00eddricos do Estado (parte C) Progn\u00f3stico dos Recursos H\u00eddricos do Estado Diretrizes, programas e metas Plano Estadual de Recursos H\u00eddricos Base de dados vetoriais Base de [&hellip;]<\/p>\n","protected":false},"author":231,"featured_media":0,"parent":0,"menu_order":0,"comment_status":"closed","ping_status":"closed","template":"wppb_theme_template","meta":{"footnotes":"","_links_to":"","_links_to_target":""},"class_list":["post-85902","page","type-page","status-publish","hentry"],"rttpg_featured_image_url":null,"rttpg_author":{"display_name":"alexandrebittencourt","author_link":"https:\/\/goias.gov.br\/meioambiente\/author\/alexandrebittencourt\/"},"rttpg_comment":0,"rttpg_category":null,"rttpg_excerpt":"Planos de recursos h\u00eddricos Superintend\u00eancia de Recursos H\u00eddricos Bases metodol\u00f3gicas Diagn\u00f3stico dos Recursos H\u00eddricos do Estado (parte A) Diagn\u00f3stico dos Recursos H\u00eddricos do Estado (parte B) Diagn\u00f3stico dos Recursos H\u00eddricos do Estado (parte C) Progn\u00f3stico dos Recursos H\u00eddricos do Estado Diretrizes, programas e metas Plano Estadual de Recursos H\u00eddricos Base de dados vetoriais Base de&hellip;","_links":{"self":[{"href":"https:\/\/goias.gov.br\/meioambiente\/wp-json\/wp\/v2\/pages\/85902","targetHints":{"allow":["GET"]}}],"collection":[{"href":"https:\/\/goias.gov.br\/meioambiente\/wp-json\/wp\/v2\/pages"}],"about":[{"href":"https:\/\/goias.gov.br\/meioambiente\/wp-json\/wp\/v2\/types\/page"}],"author":[{"embeddable":true,"href":"https:\/\/goias.gov.br\/meioambiente\/wp-json\/wp\/v2\/users\/231"}],"replies":[{"embeddable":true,"href":"https:\/\/goias.gov.br\/meioambiente\/wp-json\/wp\/v2\/comments?post=85902"}],"version-history":[{"count":2,"href":"https:\/\/goias.gov.br\/meioambiente\/wp-json\/wp\/v2\/pages\/85902\/revisions"}],"predecessor-version":[{"id":297676,"href":"https:\/\/goias.gov.br\/meioambiente\/wp-json\/wp\/v2\/pages\/85902\/revisions\/297676"}],"wp:attachment":[{"href":"https:\/\/goias.gov.br\/meioambiente\/wp-json\/wp\/v2\/media?parent=85902"}],"curies":[{"name":"wp","href":"https:\/\/api.w.org\/{rel}","templated":true}]}}