

{"id":341148,"date":"2026-05-08T23:41:42","date_gmt":"2026-05-09T02:41:42","guid":{"rendered":"https:\/\/goias.gov.br\/meioambiente\/?page_id=341148"},"modified":"2026-05-08T23:42:40","modified_gmt":"2026-05-09T02:42:40","slug":"perguntas-outorga","status":"publish","type":"page","link":"https:\/\/goias.gov.br\/meioambiente\/perguntas-outorga\/","title":{"rendered":"Outorga de Direito de Uso de Recursos H\u00eddricos"},"content":{"rendered":"\t\t<div data-elementor-type=\"wp-page\" data-elementor-id=\"341148\" class=\"elementor elementor-341148\">\n\t\t\t\t<div class=\"elementor-element elementor-element-3adc0ad e-flex e-con-boxed e-con e-parent\" data-id=\"3adc0ad\" data-element_type=\"container\" data-e-type=\"container\">\n\t\t\t\t\t<div class=\"e-con-inner\">\n\t\t\t\t<div class=\"elementor-element elementor-element-b24538c elementor-widget elementor-widget-text-editor\" data-id=\"b24538c\" data-element_type=\"widget\" data-e-type=\"widget\" data-widget_type=\"text-editor.default\">\n\t\t\t\t\t\t\t\t\t<p><strong>Para que serve e quem precisa de Outorga?<\/strong><\/p><p>A Outorga da \u00e1gua \u00e9 o documento que autoriza o uso de \u00e1gua bruta por pessoas f\u00edsicas e jur\u00eddicas. Ela deve ser solicitada para os casos de capta\u00e7\u00e3o direta nos mananciais (rios, c\u00f3rregos, riachos, lagos e lagoas), para barragens (represas), capta\u00e7\u00f5es nas barragens, po\u00e7os tubulares profundos, po\u00e7os rasos (mini po\u00e7o \/ cisterna), al\u00e9m de outras obras que interfiram nos corpos d\u2019\u00e1gua, como deriva\u00e7\u00f5es por canaliza\u00e7\u00e3o.<\/p><p>A Solicita\u00e7\u00e3o da Outorga ou do Registro \u00e9 realizada pelo Sistema Veredas. O procedimento \u00e9 explicado no\u00a0<a href=\"https:\/\/goias.gov.br\/meioambiente\/wp-content\/uploads\/sites\/33\/2026\/02\/okglossarioedefinicoestecnicasdosistemaveredas.pdf\" target=\"_blank\" rel=\"noopener\">Guia de Abertura de Processos.<\/a><\/p>\t\t\t\t\t\t\t\t<\/div>\n\t\t\t\t\t<\/div>\n\t\t\t\t<\/div>\n\t\t<div class=\"elementor-element elementor-element-629cd7f e-flex e-con-boxed e-con e-parent\" data-id=\"629cd7f\" data-element_type=\"container\" data-e-type=\"container\">\n\t\t\t\t\t<div class=\"e-con-inner\">\n\t\t<div class=\"elementor-element elementor-element-aa287c1 e-con-full e-flex e-con e-child\" data-id=\"aa287c1\" data-element_type=\"container\" data-e-type=\"container\">\n\t\t\t\t<div class=\"elementor-element elementor-element-4e2bac0 elementor-widget elementor-widget-image\" data-id=\"4e2bac0\" data-element_type=\"widget\" data-e-type=\"widget\" data-widget_type=\"image.default\">\n\t\t\t\t\t\t\t\t\t\t\t\t<figure class=\"wp-caption\">\n\t\t\t\t\t\t\t\t\t\t\t<a href=\"https:\/\/portal.meioambiente.go.gov.br\/portal\/login.mago\" target=\"_blank\">\n\t\t\t\t\t\t\t<img decoding=\"async\" width=\"150\" height=\"150\" src=\"https:\/\/goias.gov.br\/meioambiente\/wp-content\/uploads\/sites\/33\/2026\/05\/portal-ambiental-verde-semFundo-150x150.png\" class=\"attachment-thumbnail size-thumbnail wp-image-341223\" alt=\"\" srcset=\"https:\/\/goias.gov.br\/meioambiente\/wp-content\/uploads\/sites\/33\/2026\/05\/portal-ambiental-verde-semFundo-150x150.png 150w, https:\/\/goias.gov.br\/meioambiente\/wp-content\/uploads\/sites\/33\/2026\/05\/portal-ambiental-verde-semFundo.png 250w\" sizes=\"(max-width: 150px) 100vw, 150px\" \/>\t\t\t\t\t\t\t\t<\/a>\n\t\t\t\t\t\t\t\t\t\t\t<figcaption class=\"widget-image-caption wp-caption-text\">Acesse aqui o Portal Ambiental<\/figcaption>\n\t\t\t\t\t\t\t\t\t\t<\/figure>\n\t\t\t\t\t\t\t\t\t<\/div>\n\t\t\t\t<\/div>\n\t\t<div class=\"elementor-element elementor-element-830a87f e-con-full e-flex e-con e-child\" data-id=\"830a87f\" data-element_type=\"container\" data-e-type=\"container\">\n\t\t\t\t<div class=\"elementor-element elementor-element-dd8cfa8 elementor-widget elementor-widget-text-editor\" data-id=\"dd8cfa8\" data-element_type=\"widget\" data-e-type=\"widget\" data-widget_type=\"text-editor.default\">\n\t\t\t\t\t\t\t\t\t<p>O acesso ao sistema de solicita\u00e7\u00e3o de Outorga \u00e9 realizado atrav\u00e9s do\u00a0<a href=\"https:\/\/portal.meioambiente.go.gov.br\/portal\/login.mago\"><strong>Portal Ambiental.<\/strong><\/a><br \/>A etapa inicial consiste no cadastro do empreendedor (Pessoa F\u00edsica ou Jur\u00eddica) seguida do cadastro do empreendimento, que devem ser realizados conforme\u00a0<a href=\"https:\/\/portal.meioambiente.go.gov.br\/portal\/login.mago\" target=\"_blank\" rel=\"noopener\">Manual T\u00e9cnico de Cadastro de Empreendimento do Portal Ambiental<\/a>. O Manual pode ser acessado tamb\u00e9m por meio do Portal Ambiental no campo Ajuda localizado no sistema.<\/p>\t\t\t\t\t\t\t\t<\/div>\n\t\t\t\t<\/div>\n\t\t\t\t\t<\/div>\n\t\t\t\t<\/div>\n\t\t<div class=\"elementor-element elementor-element-af4a96a e-flex e-con-boxed e-con e-parent\" data-id=\"af4a96a\" data-element_type=\"container\" data-e-type=\"container\">\n\t\t\t\t\t<div class=\"e-con-inner\">\n\t\t\t\t<div class=\"elementor-element elementor-element-f74bf5b elementor-widget elementor-widget-text-editor\" data-id=\"f74bf5b\" data-element_type=\"widget\" data-e-type=\"widget\" data-widget_type=\"text-editor.default\">\n\t\t\t\t\t\t\t\t\t<p><strong>Como obter o Registro de Uso Insignificante?<\/strong><\/p><p>Os usos considerados insignificantes est\u00e3o sujeitos a\u00a0<strong data-start=\"229\" data-end=\"263\">Registro de Uso Insignificante<\/strong>, e n\u00e3o \u00e0 outorga de direito de uso de recursos h\u00eddricos.<\/p><p>Assim, sempre que o empreendimento se enquadrar nos crit\u00e9rios de insignific\u00e2ncia estabelecidos na\u00a0<a href=\"https:\/\/legisla.casacivil.go.gov.br\/pesquisa_ato_infralegal\/semad\/2871\/resolucao-cerhi-66\" target=\"_blank\" rel=\"noopener\">Resolu\u00e7\u00e3o CERHi n\u00ba 66, de 26 de janeiro de 2024<\/a>, o interessado dever\u00e1 requerer o\u00a0<strong data-start=\"479\" data-end=\"491\">Registro<\/strong>, por meio do sistema oficial da Semad, instruindo o pedido com as informa\u00e7\u00f5es t\u00e9cnicas exigidas.<\/p><p><strong>Quando o uso \u00e9 considerado insignificante?<\/strong><\/p><p>Enquadram-se como usos insignificantes:<\/p><p><strong data-start=\"686\" data-end=\"738\">1. Capta\u00e7\u00f5es ou deriva\u00e7\u00f5es de \u00e1guas superficiais<\/strong><br data-start=\"738\" data-end=\"741\" \/>S\u00e3o consideradas insignificantes quando a vaz\u00e3o captada for\u00a0<strong data-start=\"801\" data-end=\"857\">igual ou inferior a 1 (um) litro por segundo (1 L\/s)<\/strong>.<\/p><p><strong data-start=\"862\" data-end=\"902\">2. Acumula\u00e7\u00f5es de \u00e1gua (barramentos)<\/strong><br data-start=\"902\" data-end=\"905\" \/>S\u00e3o consideradas insignificantes quando atendidos, cumulativamente, os seguintes crit\u00e9rios:<\/p><ul><li>\u00c1rea inundada de at\u00e9\u00a0<strong data-start=\"1022\" data-end=\"1035\">12.000 m\u00b2<\/strong>; e<\/li><li>Altura m\u00e1xima do aterro de at\u00e9\u00a0<strong data-start=\"1074\" data-end=\"1093\">3 (tr\u00eas) metros<\/strong>.<\/li><\/ul><p><strong data-start=\"1098\" data-end=\"1135\">3. Extra\u00e7\u00e3o de \u00e1guas subterr\u00e2neas<\/strong><\/p><p>\u00c9 considerada insignificante quando se tratar de:<\/p><ul data-start=\"1190\" data-end=\"1321\"><li data-start=\"1190\" data-end=\"1321\"><p data-start=\"1192\" data-end=\"1321\"><strong data-start=\"1192\" data-end=\"1246\">Tanques escavados com surg\u00eancia do len\u00e7ol fre\u00e1tico<\/strong>, cuja \u00e1rea total inundada do empreendimento n\u00e3o ultrapasse\u00a0<strong data-start=\"1306\" data-end=\"1318\">5.000 m\u00b2<\/strong>.<\/p><\/li><li data-start=\"1190\" data-end=\"1321\"><p data-start=\"1192\" data-end=\"1321\">Caso o uso pretendido ultrapasse qualquer desses limites, ser\u00e1 necess\u00e1ria a solicita\u00e7\u00e3o de\u00a0<strong data-start=\"1414\" data-end=\"1464\">outorga de direito de uso de recursos h\u00eddricos<\/strong>, conforme a legisla\u00e7\u00e3o vigente.<\/p><\/li><\/ul>\t\t\t\t\t\t\t\t<\/div>\n\t\t\t\t\t<\/div>\n\t\t\t\t<\/div>\n\t\t<div class=\"elementor-element elementor-element-96e385e e-flex e-con-boxed e-con e-parent\" data-id=\"96e385e\" data-element_type=\"container\" data-e-type=\"container\">\n\t\t\t\t\t<div class=\"e-con-inner\">\n\t\t\t\t<div class=\"elementor-element elementor-element-2cbaf04 elementor-align-center elementor-widget elementor-widget-button\" data-id=\"2cbaf04\" data-element_type=\"widget\" data-e-type=\"widget\" data-widget_type=\"button.default\">\n\t\t\t\t\t\t\t\t\t\t<a class=\"elementor-button elementor-button-link elementor-size-sm\" href=\"https:\/\/goias.gov.br\/meioambiente\/outorga\/\">\n\t\t\t\t\t\t<span class=\"elementor-button-content-wrapper\">\n\t\t\t\t\t\t\t\t\t<span class=\"elementor-button-text\">Saiba mais sobre Outorga<\/span>\n\t\t\t\t\t<\/span>\n\t\t\t\t\t<\/a>\n\t\t\t\t\t\t\t\t<\/div>\n\t\t\t\t\t<\/div>\n\t\t\t\t<\/div>\n\t\t<div class=\"elementor-element elementor-element-1e70473 e-flex e-con-boxed e-con e-parent\" data-id=\"1e70473\" data-element_type=\"container\" data-e-type=\"container\">\n\t\t\t\t\t<div class=\"e-con-inner\">\n\t\t<div class=\"elementor-element elementor-element-7ff6486 e-con-full e-flex e-con e-child\" data-id=\"7ff6486\" data-element_type=\"container\" data-e-type=\"container\">\n\t\t\t\t<div class=\"elementor-element elementor-element-da57e1b elementor-widget elementor-widget-text-editor\" data-id=\"da57e1b\" data-element_type=\"widget\" data-e-type=\"widget\" data-widget_type=\"text-editor.default\">\n\t\t\t\t\t\t\t\t\t<p><strong>Ger\u00eancia de Outorga de Recursos H\u00eddricos \u2013 GEOUT<\/strong><br \/>Respons\u00e1vel: Guilherme Matheus Coelho de Lemos<br \/><a href=\"mailto:outorga.meioambiente@goias.gov.br\">outorga.meioambiente@goias.gov.br<\/a><br \/>(62) 9 8425-9666 | (62) 3265-1309<br \/>Telegram:\u00a0<a href=\"https:\/\/t.me\/joinchat\/YaaMpektesJkYmEx\">https:\/\/t.me\/joinchat\/YaaMpektesJkYmEx<\/a><\/p>\t\t\t\t\t\t\t\t<\/div>\n\t\t\t\t<\/div>\n\t\t<div class=\"elementor-element elementor-element-40cc6c4 e-con-full e-flex e-con e-child\" data-id=\"40cc6c4\" data-element_type=\"container\" data-e-type=\"container\">\n\t\t\t\t<div class=\"elementor-element elementor-element-7d624b4 elementor-widget elementor-widget-google_maps\" data-id=\"7d624b4\" data-element_type=\"widget\" data-e-type=\"widget\" data-widget_type=\"google_maps.default\">\n\t\t\t\t\t\t\t<div class=\"elementor-custom-embed\">\n\t\t\t<iframe loading=\"lazy\"\n\t\t\t\t\tsrc=\"https:\/\/maps.google.com\/maps?q=semad%20parque%20amaz%C3%B4nia&#038;t=m&#038;z=15&#038;output=embed&#038;iwloc=near\"\n\t\t\t\t\ttitle=\"semad parque amaz\u00f4nia\"\n\t\t\t\t\taria-label=\"semad parque amaz\u00f4nia\"\n\t\t\t><\/iframe>\n\t\t<\/div>\n\t\t\t\t\t\t<\/div>\n\t\t\t\t<\/div>\n\t\t\t\t\t<\/div>\n\t\t\t\t<\/div>\n\t\t\t\t<\/div>\n\t\t","protected":false},"excerpt":{"rendered":"<p>Para que serve e quem precisa de Outorga? A Outorga da \u00e1gua \u00e9 o documento que autoriza o uso de \u00e1gua bruta por pessoas f\u00edsicas e jur\u00eddicas. Ela deve ser solicitada para os casos de capta\u00e7\u00e3o direta nos mananciais (rios, c\u00f3rregos, riachos, lagos e lagoas), para barragens (represas), capta\u00e7\u00f5es nas barragens, po\u00e7os tubulares profundos, po\u00e7os [&hellip;]<\/p>\n","protected":false},"author":724,"featured_media":0,"parent":0,"menu_order":0,"comment_status":"closed","ping_status":"closed","template":"","meta":{"footnotes":"","_links_to":"","_links_to_target":""},"class_list":["post-341148","page","type-page","status-publish","hentry"],"rttpg_featured_image_url":null,"rttpg_author":{"display_name":"mairarezende","author_link":"https:\/\/goias.gov.br\/meioambiente\/author\/mairarezende\/"},"rttpg_comment":0,"rttpg_category":null,"rttpg_excerpt":"Para que serve e quem precisa de Outorga? A Outorga da \u00e1gua \u00e9 o documento que autoriza o uso de \u00e1gua bruta por pessoas f\u00edsicas e jur\u00eddicas. Ela deve ser solicitada para os casos de capta\u00e7\u00e3o direta nos mananciais (rios, c\u00f3rregos, riachos, lagos e lagoas), para barragens (represas), capta\u00e7\u00f5es nas barragens, po\u00e7os tubulares profundos, po\u00e7os&hellip;","_links":{"self":[{"href":"https:\/\/goias.gov.br\/meioambiente\/wp-json\/wp\/v2\/pages\/341148","targetHints":{"allow":["GET"]}}],"collection":[{"href":"https:\/\/goias.gov.br\/meioambiente\/wp-json\/wp\/v2\/pages"}],"about":[{"href":"https:\/\/goias.gov.br\/meioambiente\/wp-json\/wp\/v2\/types\/page"}],"author":[{"embeddable":true,"href":"https:\/\/goias.gov.br\/meioambiente\/wp-json\/wp\/v2\/users\/724"}],"replies":[{"embeddable":true,"href":"https:\/\/goias.gov.br\/meioambiente\/wp-json\/wp\/v2\/comments?post=341148"}],"version-history":[{"count":2,"href":"https:\/\/goias.gov.br\/meioambiente\/wp-json\/wp\/v2\/pages\/341148\/revisions"}],"predecessor-version":[{"id":343719,"href":"https:\/\/goias.gov.br\/meioambiente\/wp-json\/wp\/v2\/pages\/341148\/revisions\/343719"}],"wp:attachment":[{"href":"https:\/\/goias.gov.br\/meioambiente\/wp-json\/wp\/v2\/media?parent=341148"}],"curies":[{"name":"wp","href":"https:\/\/api.w.org\/{rel}","templated":true}]}}