

{"id":30225,"date":"2024-05-16T14:46:01","date_gmt":"2024-05-16T17:46:01","guid":{"rendered":"https:\/\/goias.gov.br\/meioambiente\/?page_id=30225"},"modified":"2024-05-17T13:20:08","modified_gmt":"2024-05-17T16:20:08","slug":"spg","status":"publish","type":"page","link":"https:\/\/goias.gov.br\/meioambiente\/spg\/","title":{"rendered":"Superintendencia de Planejamento, Formula\u00e7\u00e3o e Gest\u00e3o Institucional:"},"content":{"rendered":"\n<p>Integrada \u00e0 Subsecretaria de Planejamento, Gest\u00e3o Ambiental e Desenvolvimento Sustent\u00e1vel, a Superintend\u00eancia de Planejamento, Formula\u00e7\u00e3o e Gest\u00e3o Institucional (SPG)<strong> <\/strong>conta com tr\u00eas ger\u00eancias, al\u00e9m da escola de meio ambiente. A SPG \u00e9 respons\u00e1vel pelo planejamento estrat\u00e9gico e plurianual, assim como pelo seu monitoramento. Em outras palavras, ela define as diretrizes, objetivos e metas para cada \u00e1rea da secretaria.<\/p>\n\n\n\n<p>A superintend\u00eancia tamb\u00e9m desempenha um papel fundamental na proposi\u00e7\u00e3o de novos atos normativos e pol\u00edticas p\u00fablicas ambientais, bem como suas revis\u00f5es. Al\u00e9m disso, cabe \u00e0 SPG a defini\u00e7\u00e3o de regras de neg\u00f3cio e crit\u00e9rios t\u00e9cnicos para a elabora\u00e7\u00e3o dos sistemas ambientais, como \u00e9 o caso do sistema IP\u00ca, por exemplo.<\/p>\n\n\n\n<p>Assista ao v\u00eddeo da&nbsp;superintendente <strong>Nat\u00e1lia Cristina Lino&nbsp;<\/strong>e confira abaixo informa\u00e7\u00f5es sobre cada ger\u00eancia:<\/p>\n\n\n\n<figure class=\"wp-block-embed is-type-video is-provider-youtube wp-block-embed-youtube wp-embed-aspect-16-9 wp-has-aspect-ratio\"><div class=\"wp-block-embed__wrapper\">\n<iframe title=\"Conhe\u00e7a a Superintend\u00eancia de Planejamento, Formula\u00e7\u00e3o e Gest\u00e3o Institucional da Semad\" width=\"500\" height=\"281\" src=\"https:\/\/www.youtube.com\/embed\/11qH3iLHcX4?feature=oembed\" frameborder=\"0\" allow=\"accelerometer; autoplay; clipboard-write; encrypted-media; gyroscope; picture-in-picture; web-share\" referrerpolicy=\"strict-origin-when-cross-origin\" allowfullscreen><\/iframe>\n<\/div><\/figure>\n\n\n\n<h2 class=\"wp-block-heading\">Divis\u00f5es da SPG:<\/h2>\n\n\n\n<ul class=\"wp-block-list\">\n<li><strong>Ger\u00eancia de Planejamento dos Servi\u00e7os Ambientais e Conselhos (Gepla)<br><\/strong>Respons\u00e1vel pela gest\u00e3o estrat\u00e9gica da Semad, com o desenvolvimento e implementa\u00e7\u00e3o da cultura de gest\u00e3o estrat\u00e9gico, al\u00e9m de gerir a estrat\u00e9gia da secretaria. A ger\u00eancia simplifica processos e melhora a presta\u00e7\u00e3o dos servi\u00e7os p\u00fablicos feitos pela Semad. A Gepla tamb\u00e9m \u00e9 respons\u00e1vel por secretariar e organizar reuni\u00f5es, documentos e rotinas relacionadas ao Conselho Estadual do Meio Ambiente e ao Conselho Estadual dos Recursos H\u00eddricos.<\/li>\n<\/ul>\n\n\n\n<p><\/p>\n\n\n\n<ul class=\"wp-block-list\">\n<li><strong>Ger\u00eancia de Formula\u00e7\u00e3o de Pol\u00edticas P\u00fablicas e Rela\u00e7\u00f5es Institucionais&nbsp;(Gepri)<br><\/strong>Tem como principal atribui\u00e7\u00e3o o planejamento de pol\u00edticas p\u00fablicas na \u00e1rea ambiental. Para isso, \u00e9 realizada a confer\u00eancia e atualiza\u00e7\u00e3o da legisla\u00e7\u00e3o ambiental estadual, bem como a elabora\u00e7\u00e3o de atos normativos pr\u00f3prios como Portarias, Instru\u00e7\u00f5es e Orienta\u00e7\u00f5es Normativas e Resolu\u00e7\u00f5es. Al\u00e9m disso, a Gepri auxilia nas rela\u00e7\u00f5es institucionais em busca de uma coer\u00eancia entre as pol\u00edticas ambientais em Goi\u00e1s.<\/li>\n<\/ul>\n\n\n\n<p><\/p>\n\n\n\n<ul class=\"wp-block-list\">\n<li><strong>Ger\u00eancia de Desenvolvimento e Inova\u00e7\u00e3o Ambiental (Gedin)<br><\/strong>Respons\u00e1vel pela defini\u00e7\u00e3o das regras de neg\u00f3cio para orientar a opera\u00e7\u00e3o de novos sistemas a serem desenvolvidos. A equipe da ger\u00eancia dedica-se \u00e0 inova\u00e7\u00e3o ambiental, realizando an\u00e1lises, levantamento de requisitos e atualiza\u00e7\u00f5es constantes em sistemas j\u00e1 existentes, para garantir que as demandas e expectativas dos p\u00fablicos interno e externo sejam atendidas.<\/li>\n<\/ul>\n\n\n\n<p><\/p>\n\n\n\n<ul class=\"wp-block-list\">\n<li><strong>Escola de Meio Ambiente e Desenvolvimento Sustent\u00e1vel&nbsp;(Emago)<br><\/strong>A Emago assume a responsabilidade pelos programas de capacita\u00e7\u00e3o, cursos e treinamentos. Al\u00e9m da forma\u00e7\u00e3o interna dos colaboradores, a escola de meio ambiente promove cursos tanto para os servidores locais como para membros da comunidade externa, incluindo aqueles de outros estados ou cidades.<\/li>\n<\/ul>\n","protected":false},"excerpt":{"rendered":"<p>Integrada \u00e0 Subsecretaria de Planejamento, Gest\u00e3o Ambiental e Desenvolvimento Sustent\u00e1vel, a Superintend\u00eancia de Planejamento, Formula\u00e7\u00e3o e Gest\u00e3o Institucional (SPG) conta com tr\u00eas ger\u00eancias, al\u00e9m da escola de meio ambiente. A SPG \u00e9 respons\u00e1vel pelo planejamento estrat\u00e9gico e plurianual, assim como pelo seu monitoramento. Em outras palavras, ela define as diretrizes, objetivos e metas para cada [&hellip;]<\/p>\n","protected":false},"author":230,"featured_media":0,"parent":0,"menu_order":0,"comment_status":"closed","ping_status":"closed","template":"","meta":{"footnotes":"","_links_to":"","_links_to_target":""},"class_list":["post-30225","page","type-page","status-publish","hentry"],"rttpg_featured_image_url":null,"rttpg_author":{"display_name":"andresfreitas","author_link":"https:\/\/goias.gov.br\/meioambiente\/author\/andresfreitas\/"},"rttpg_comment":0,"rttpg_category":null,"rttpg_excerpt":"Integrada \u00e0 Subsecretaria de Planejamento, Gest\u00e3o Ambiental e Desenvolvimento Sustent\u00e1vel, a Superintend\u00eancia de Planejamento, Formula\u00e7\u00e3o e Gest\u00e3o Institucional (SPG) conta com tr\u00eas ger\u00eancias, al\u00e9m da escola de meio ambiente. A SPG \u00e9 respons\u00e1vel pelo planejamento estrat\u00e9gico e plurianual, assim como pelo seu monitoramento. Em outras palavras, ela define as diretrizes, objetivos e metas para cada&hellip;","_links":{"self":[{"href":"https:\/\/goias.gov.br\/meioambiente\/wp-json\/wp\/v2\/pages\/30225","targetHints":{"allow":["GET"]}}],"collection":[{"href":"https:\/\/goias.gov.br\/meioambiente\/wp-json\/wp\/v2\/pages"}],"about":[{"href":"https:\/\/goias.gov.br\/meioambiente\/wp-json\/wp\/v2\/types\/page"}],"author":[{"embeddable":true,"href":"https:\/\/goias.gov.br\/meioambiente\/wp-json\/wp\/v2\/users\/230"}],"replies":[{"embeddable":true,"href":"https:\/\/goias.gov.br\/meioambiente\/wp-json\/wp\/v2\/comments?post=30225"}],"version-history":[{"count":2,"href":"https:\/\/goias.gov.br\/meioambiente\/wp-json\/wp\/v2\/pages\/30225\/revisions"}],"predecessor-version":[{"id":30248,"href":"https:\/\/goias.gov.br\/meioambiente\/wp-json\/wp\/v2\/pages\/30225\/revisions\/30248"}],"wp:attachment":[{"href":"https:\/\/goias.gov.br\/meioambiente\/wp-json\/wp\/v2\/media?parent=30225"}],"curies":[{"name":"wp","href":"https:\/\/api.w.org\/{rel}","templated":true}]}}