

{"id":29222,"date":"2024-02-15T16:27:33","date_gmt":"2024-02-15T19:27:33","guid":{"rendered":"https:\/\/goias.gov.br\/meioambiente\/?page_id=29222"},"modified":"2024-02-15T16:27:35","modified_gmt":"2024-02-15T19:27:35","slug":"geasi","status":"publish","type":"page","link":"https:\/\/goias.gov.br\/meioambiente\/licenciamento-ambiental\/geasi\/","title":{"rendered":"GEASI\u2013 Ger\u00eancia de Licenciamento Ambiental de Atividades Estrat\u00e9gicas e de Significativo Impacto"},"content":{"rendered":"\n<p><strong>ATIVIDADES LICENCIADAS:<\/strong><\/p>\n\n\n\n<p>A Ger\u00eancia de Licenciamento de Atividades Estrat\u00e9gicas e de Significativo Impacto (GEASI) \u00e9 a respons\u00e1vel pela an\u00e1lise dos processos de licenciamento ambiental das atividades enquadradas como Classe 6 e as atividades do Grupo E2: gera\u00e7\u00e3o, transmiss\u00e3o e distribui\u00e7\u00e3o de energia (E2.1 a E2.4), considerando os Decretos Estaduais n\u00ba <a href=\"https:\/\/legisla.casacivil.go.gov.br\/pesquisa_legislacao\/103356\" data-type=\"link\" data-id=\"https:\/\/legisla.casacivil.go.gov.br\/pesquisa_legislacao\/103356\">9.710\/2020<\/a>, <a href=\"https:\/\/legisla.casacivil.go.gov.br\/pesquisa_legislacao\/105142\" data-type=\"link\" data-id=\"https:\/\/legisla.casacivil.go.gov.br\/pesquisa_legislacao\/105142\">10.054\/2022 <\/a>e <a href=\"https:\/\/legisla.casacivil.go.gov.br\/pesquisa_legislacao\/108253\" data-type=\"link\" data-id=\"https:\/\/legisla.casacivil.go.gov.br\/pesquisa_legislacao\/108253\">10.371\/2023<\/a>:<\/p>\n\n\n\n<p>Para iniciar um processo de licenciamento, primeiramente deve-se consultar na <a href=\"https:\/\/portal.meioambiente.go.gov.br\/portal\/login.mago\" data-type=\"link\" data-id=\"https:\/\/portal.meioambiente.go.gov.br\/portal\/login.mago\">plataforma IP\u00ca<\/a> se a tipologia pretendida est\u00e1 dispon\u00edvel. Caso esteja, o empreendedor dever\u00e1 realizar o cadastro de seu empreendimento e o respons\u00e1vel t\u00e9cnico solicitar\u00e1 as licen\u00e7as necess\u00e1rias dentro da pr\u00f3pria plataforma. Caso a tipologia pretendida ou documento a ser emitido pela SEMAD n\u00e3o esteja dispon\u00edvel na plataforma IP\u00ca, a solicita\u00e7\u00e3o de licen\u00e7a ou documento ou altera\u00e7\u00e3o de licen\u00e7a j\u00e1 emitida dever\u00e1 ser feita no sistema antigo (SGA\/SEI) encaminhando os of\u00edcios, documentos e estudos para o e-mail <a href=\"mailto:vaptvup.meioambiente@goias.gov.br\">vaptvup.meioambiente@goias.gov.br<\/a>.<\/p>\n\n\n\n<p>A migra\u00e7\u00e3o de processos de licenciamento do SGA para o Sistema Ip\u00ea, dever\u00e3o ocorrer conforme os crit\u00e9rios dispostos na <a href=\"https:\/\/legisla.casacivil.go.gov.br\/pesquisa_ato_infralegal\/2636\/instrucao-normativa-14\" data-type=\"link\" data-id=\"https:\/\/legisla.casacivil.go.gov.br\/pesquisa_ato_infralegal\/2636\/instrucao-normativa-14\">Instru\u00e7\u00e3o Normativa 14\/2023<\/a>.<\/p>\n\n\n\n<p>As solicita\u00e7\u00f5es de licen\u00e7as de instala\u00e7\u00e3o e de amplia\u00e7\u00e3o dever\u00e3o ser realizadas simultaneamente com a solicita\u00e7\u00e3o de processo de compensa\u00e7\u00e3o ambiental (SNUC\/SEUC) na ger\u00eancia espec\u00edfica (GECAM), referente ao objeto da solicita\u00e7\u00e3o de licenciamento, conforme previsto no <a href=\"https:\/\/legisla.casacivil.go.gov.br\/pesquisa_legislacao\/71506\/decreto-9308\" data-type=\"link\" data-id=\"https:\/\/legisla.casacivil.go.gov.br\/pesquisa_legislacao\/71506\/decreto-9308\">decreto 9.308\/2018<\/a> e suas altera\u00e7\u00f5es.<\/p>\n\n\n\n<p><strong>INFORMA\u00c7\u00d5ES IMPORTANTES:<\/strong><\/p>\n\n\n\n<p>No sistema Ip\u00ea de licenciamento ambiental dispon\u00edvel em: <a href=\"https:\/\/portal.meioambiente.go.gov.br\/portal\/login.mago\">https:\/\/portal.meioambiente.go.gov.br\/portal\/login.mago<\/a> ap\u00f3s efetuado os devidos cadastros (empreendedor, empreendimento, respons\u00e1vel t\u00e9cnico) antes de formalizar o pedido de licenciamento utilize a op\u00e7\u00e3o IP\u00ca SIMULA\u00c7\u00c3O (SIMULADOR). Essa \u00e9 a ferramenta de simula\u00e7\u00e3o de licenciamento ambiental e funciona como \u201cchecklist\u201d de todas as informa\u00e7\u00f5es a serem apresentadas tais como: dados geoespaciais; documentos gerais; laudos\/estudos t\u00e9cnicos; anota\u00e7\u00f5es de responsabilidade t\u00e9cnica; projetos.<\/p>\n\n\n\n<p>Para minimizar ocorr\u00eancia de erros que podem levar ao indeferimento da solicita\u00e7\u00e3o de licenciamento ambiental requerido aten\u00e7\u00e3o a seguinte situa\u00e7\u00e3o:<\/p>\n\n\n\n<p>&#8211; Preencha conforme situa\u00e7\u00e3o real do empreendimento as abas INFORMA\u00c7\u00d5ES DE REQUERIMENTO e ao QUESTION\u00c1RIO, pois o sistema Ip\u00ea \u00e9 uma matriz de decis\u00e3o e conforme a resposta dada ser\u00e1 gerada consequ\u00eancias tais como apresentar dados geoespaciais; documentos gerais; laudos\/estudos t\u00e9cnicos; anota\u00e7\u00f5es de responsabilidade t\u00e9cnica; projetos; bem como autoriza\u00e7\u00f5es, veda\u00e7\u00f5es e condicionantes especificas.<\/p>\n\n\n\n<p><strong>CANAIS DE ATENDIMENTO DA GEASI<\/strong><\/p>\n\n\n\n<p>Email: geasi.meioambiente@goias.gov.br&nbsp;<br>Telefone: (62) 9 9605-3085<br>Respons\u00e1vel: Brunno Tolentino Oliveira, atendimentos feitos via mensagens no WhatsApp por Andreia Cristina.<\/p>\n\n\n\n<p><\/p>\n","protected":false},"excerpt":{"rendered":"<p>ATIVIDADES LICENCIADAS: A Ger\u00eancia de Licenciamento de Atividades Estrat\u00e9gicas e de Significativo Impacto (GEASI) \u00e9 a respons\u00e1vel pela an\u00e1lise dos processos de licenciamento ambiental das atividades enquadradas como Classe 6 e as atividades do Grupo E2: gera\u00e7\u00e3o, transmiss\u00e3o e distribui\u00e7\u00e3o de energia (E2.1 a E2.4), considerando os Decretos Estaduais n\u00ba 9.710\/2020, 10.054\/2022 e 10.371\/2023: Para [&hellip;]<\/p>\n","protected":false},"author":230,"featured_media":0,"parent":28399,"menu_order":0,"comment_status":"closed","ping_status":"closed","template":"","meta":{"footnotes":"","_links_to":"","_links_to_target":""},"class_list":["post-29222","page","type-page","status-publish","hentry"],"rttpg_featured_image_url":null,"rttpg_author":{"display_name":"andresfreitas","author_link":"https:\/\/goias.gov.br\/meioambiente\/author\/andresfreitas\/"},"rttpg_comment":0,"rttpg_category":null,"rttpg_excerpt":"ATIVIDADES LICENCIADAS: A Ger\u00eancia de Licenciamento de Atividades Estrat\u00e9gicas e de Significativo Impacto (GEASI) \u00e9 a respons\u00e1vel pela an\u00e1lise dos processos de licenciamento ambiental das atividades enquadradas como Classe 6 e as atividades do Grupo E2: gera\u00e7\u00e3o, transmiss\u00e3o e distribui\u00e7\u00e3o de energia (E2.1 a E2.4), considerando os Decretos Estaduais n\u00ba 9.710\/2020, 10.054\/2022 e 10.371\/2023: Para&hellip;","_links":{"self":[{"href":"https:\/\/goias.gov.br\/meioambiente\/wp-json\/wp\/v2\/pages\/29222","targetHints":{"allow":["GET"]}}],"collection":[{"href":"https:\/\/goias.gov.br\/meioambiente\/wp-json\/wp\/v2\/pages"}],"about":[{"href":"https:\/\/goias.gov.br\/meioambiente\/wp-json\/wp\/v2\/types\/page"}],"author":[{"embeddable":true,"href":"https:\/\/goias.gov.br\/meioambiente\/wp-json\/wp\/v2\/users\/230"}],"replies":[{"embeddable":true,"href":"https:\/\/goias.gov.br\/meioambiente\/wp-json\/wp\/v2\/comments?post=29222"}],"version-history":[{"count":2,"href":"https:\/\/goias.gov.br\/meioambiente\/wp-json\/wp\/v2\/pages\/29222\/revisions"}],"predecessor-version":[{"id":29226,"href":"https:\/\/goias.gov.br\/meioambiente\/wp-json\/wp\/v2\/pages\/29222\/revisions\/29226"}],"up":[{"embeddable":true,"href":"https:\/\/goias.gov.br\/meioambiente\/wp-json\/wp\/v2\/pages\/28399"}],"wp:attachment":[{"href":"https:\/\/goias.gov.br\/meioambiente\/wp-json\/wp\/v2\/media?parent=29222"}],"curies":[{"name":"wp","href":"https:\/\/api.w.org\/{rel}","templated":true}]}}