

{"id":28502,"date":"2023-11-22T10:51:57","date_gmt":"2023-11-22T13:51:57","guid":{"rendered":"https:\/\/siteshom.goias.gov.br\/meioambiente\/?page_id=28502"},"modified":"2026-03-06T16:00:56","modified_gmt":"2026-03-06T19:00:56","slug":"cemam","status":"publish","type":"page","link":"https:\/\/goias.gov.br\/meioambiente\/cemam\/","title":{"rendered":"CEMAm"},"content":{"rendered":"\t\t<div data-elementor-type=\"wp-page\" data-elementor-id=\"28502\" class=\"elementor elementor-28502\">\n\t\t\t\t<div class=\"elementor-element elementor-element-e62b08a e-flex e-con-boxed e-con e-parent\" data-id=\"e62b08a\" data-element_type=\"container\" data-e-type=\"container\">\n\t\t\t\t\t<div class=\"e-con-inner\">\n\t\t\t\t<div class=\"elementor-element elementor-element-866fd01 elementor-widget elementor-widget-heading\" data-id=\"866fd01\" data-element_type=\"widget\" data-e-type=\"widget\" data-widget_type=\"heading.default\">\n\t\t\t\t\t<h2 class=\"elementor-heading-title elementor-size-default\">Conselho Estadual do Meio Ambiente<\/h2>\t\t\t\t<\/div>\n\t\t\t\t\t<\/div>\n\t\t\t\t<\/div>\n\t\t<div class=\"elementor-element elementor-element-633996f e-flex e-con-boxed e-con e-parent\" data-id=\"633996f\" data-element_type=\"container\" data-e-type=\"container\">\n\t\t\t\t\t<div class=\"e-con-inner\">\n\t\t\t\t<div class=\"elementor-element elementor-element-63ba06d elementor-widget elementor-widget-image\" data-id=\"63ba06d\" data-element_type=\"widget\" data-e-type=\"widget\" data-widget_type=\"image.default\">\n\t\t\t\t\t\t\t\t\t\t\t\t\t\t\t\t<a href=\"https:\/\/goias.gov.br\/meioambiente\/cemam-legislacao\/\" target=\"_blank\">\n\t\t\t\t\t\t\t<img decoding=\"async\" src=\"https:\/\/goias.gov.br\/meioambiente\/wp-content\/uploads\/sites\/33\/2024\/06\/legislacao-1.png\" title=\"\" alt=\"\" loading=\"lazy\" \/>\t\t\t\t\t\t\t\t<\/a>\n\t\t\t\t\t\t\t\t\t\t\t\t\t\t\t<\/div>\n\t\t\t\t<div class=\"elementor-element elementor-element-ad771c5 elementor-widget elementor-widget-image\" data-id=\"ad771c5\" data-element_type=\"widget\" data-e-type=\"widget\" data-widget_type=\"image.default\">\n\t\t\t\t\t\t\t\t\t\t\t\t\t\t\t\t<a href=\"https:\/\/goias.gov.br\/meioambiente\/cemam-composicao-de-plenario\/\" target=\"_blank\">\n\t\t\t\t\t\t\t<img decoding=\"async\" src=\"https:\/\/goias.gov.br\/meioambiente\/wp-content\/uploads\/sites\/33\/2024\/06\/composicao-1.png\" title=\"\" alt=\"\" loading=\"lazy\" \/>\t\t\t\t\t\t\t\t<\/a>\n\t\t\t\t\t\t\t\t\t\t\t\t\t\t\t<\/div>\n\t\t\t\t<div class=\"elementor-element elementor-element-7f33388 elementor-widget elementor-widget-image\" data-id=\"7f33388\" data-element_type=\"widget\" data-e-type=\"widget\" data-widget_type=\"image.default\">\n\t\t\t\t\t\t\t\t\t\t\t\t\t\t\t\t<a href=\"https:\/\/legisla.casacivil.go.gov.br\/pesquisa_ato_infralegal?tipo_ato_infralegal=18&#038;orgao_emissor=13&#038;ano&#038;periodo_inicial_data&#038;periodo_final_data&#038;periodo_inicial_vigencia_inicio&#038;periodo_final_vigencia_inicio&#038;periodo_inicial_vigencia_fim&#038;periodo_final_vigencia_fim&#038;pagina=1&#038;qtd_por_pagina=10&#038;busca_avancada=1\" target=\"_blank\">\n\t\t\t\t\t\t\t<img decoding=\"async\" src=\"https:\/\/goias.gov.br\/meioambiente\/wp-content\/uploads\/sites\/33\/2024\/06\/resolucoes-1.png\" title=\"\" alt=\"\" loading=\"lazy\" \/>\t\t\t\t\t\t\t\t<\/a>\n\t\t\t\t\t\t\t\t\t\t\t\t\t\t\t<\/div>\n\t\t\t\t<div class=\"elementor-element elementor-element-9999427 elementor-widget elementor-widget-image\" data-id=\"9999427\" data-element_type=\"widget\" data-e-type=\"widget\" data-widget_type=\"image.default\">\n\t\t\t\t\t\t\t\t\t\t\t\t\t\t\t\t<a href=\"https:\/\/goias.gov.br\/meioambiente\/cemam-pautas-das-reunioes\/\" target=\"_blank\">\n\t\t\t\t\t\t\t<img decoding=\"async\" src=\"https:\/\/goias.gov.br\/meioambiente\/wp-content\/uploads\/sites\/33\/2024\/06\/convocacoes.png\" title=\"\" alt=\"\" loading=\"lazy\" \/>\t\t\t\t\t\t\t\t<\/a>\n\t\t\t\t\t\t\t\t\t\t\t\t\t\t\t<\/div>\n\t\t\t\t<div class=\"elementor-element elementor-element-b9ea184 elementor-widget elementor-widget-image\" data-id=\"b9ea184\" data-element_type=\"widget\" data-e-type=\"widget\" data-widget_type=\"image.default\">\n\t\t\t\t\t\t\t\t\t\t\t\t\t\t\t\t<a href=\"https:\/\/goias.gov.br\/meioambiente\/cemam-atas\/\" target=\"_blank\">\n\t\t\t\t\t\t\t<img decoding=\"async\" src=\"https:\/\/goias.gov.br\/meioambiente\/wp-content\/uploads\/sites\/33\/2024\/06\/ata-1.png\" title=\"\" alt=\"\" loading=\"lazy\" \/>\t\t\t\t\t\t\t\t<\/a>\n\t\t\t\t\t\t\t\t\t\t\t\t\t\t\t<\/div>\n\t\t\t\t\t<\/div>\n\t\t\t\t<\/div>\n\t\t<div class=\"elementor-element elementor-element-4708394 e-flex e-con-boxed e-con e-parent\" data-id=\"4708394\" data-element_type=\"container\" data-e-type=\"container\">\n\t\t\t\t\t<div class=\"e-con-inner\">\n\t\t\t\t<div class=\"elementor-element elementor-element-e0e1c8c elementor-widget elementor-widget-text-editor\" data-id=\"e0e1c8c\" data-element_type=\"widget\" data-e-type=\"widget\" data-widget_type=\"text-editor.default\">\n\t\t\t\t\t\t\t\t\t<h2 class=\"nomargintop h6\">Edital de convoca\u00e7\u00e3o para elei\u00e7\u00e3o de institui\u00e7\u00f5es para composi\u00e7\u00e3o do Conselho<\/h2><p class=\"nomarginbottom\"><a class=\"btn btn-primary\" href=\"https:\/\/goias.gov.br\/meioambiente\/wp-content\/uploads\/sites\/33\/2024\/09\/edital-Cemam.pdf\" target=\"_blank\" rel=\"noopener\">Acesse o edital<\/a><\/p>\t\t\t\t\t\t\t\t<\/div>\n\t\t\t\t\t<\/div>\n\t\t\t\t<\/div>\n\t\t<div class=\"elementor-element elementor-element-dceda2b e-flex e-con-boxed e-con e-parent\" data-id=\"dceda2b\" data-element_type=\"container\" data-e-type=\"container\">\n\t\t\t\t\t<div class=\"e-con-inner\">\n\t\t\t\t<div class=\"elementor-element elementor-element-1e5725a elementor-widget elementor-widget-text-editor\" data-id=\"1e5725a\" data-element_type=\"widget\" data-e-type=\"widget\" data-widget_type=\"text-editor.default\">\n\t\t\t\t\t\t\t\t\t<h2 class=\"nomargintop h6\">Cadastro de Entidades Ambientalistas<\/h2><p>Criado pela <a href=\"#\">Resolu\u00e7\u00e3o n\u00ba 018\/2013 &#8211; CEMAm<\/a>, o CEAMG foi institu\u00eddo com o objetivo de manter em banco de dados o registro das Entidades Ambientalistas n\u00e3o governamentais atuantes no Estado, cuja finalidade principal seja a defesa do meio ambiente.<\/p><p class=\"nomarginbottom\"><a class=\"btn btn-primary\" href=\"https:\/\/portal.meioambiente.go.gov.br\/portal\/login.mago\">Acesse o Cadastro de Entidades Ambientalistas de Goi\u00e1s<\/a><\/p>\t\t\t\t\t\t\t\t<\/div>\n\t\t\t\t\t<\/div>\n\t\t\t\t<\/div>\n\t\t<div class=\"elementor-element elementor-element-191afd1 e-flex e-con-boxed e-con e-parent\" data-id=\"191afd1\" data-element_type=\"container\" data-e-type=\"container\">\n\t\t\t\t\t<div class=\"e-con-inner\">\n\t\t\t\t<div class=\"elementor-element elementor-element-aa82b17 elementor-widget elementor-widget-text-editor\" data-id=\"aa82b17\" data-element_type=\"widget\" data-e-type=\"widget\" data-widget_type=\"text-editor.default\">\n\t\t\t\t\t\t\t\t\t<h2 class=\"nomargintop h6\">Confira os documentos para solicitar a licen\u00e7a para seu Munic\u00edpio:<\/h2><p>CEMAm \u2013 Formul\u00e1rio 1 \u2013 Credenciamento \u2013 Plenamente Capacitado: <a href=\"https:\/\/goias.gov.br\/meioambiente\/wp-content\/uploads\/sites\/33\/2025\/05\/Form1_Plen_capacitado-pdf.pdf\">PDF<\/a><br \/>CEMAm \u2013 Formul\u00e1rio 2 \u2013 Credenciamento \u2013 Parcialmente Capacitado \u2013 Plano Adequa\u00e7\u00e3o: INCISOS 2.6.7: <a href=\"https:\/\/goias.gov.br\/meioambiente\/wp-content\/uploads\/sites\/33\/2025\/05\/Form2_Parc_Capacitado-pdf.pdf\">PDF<\/a><br \/>CEMAm \u2013 Formul\u00e1rio 3 \u2013 Credenciamento \u2013 Atua\u00e7\u00e3o Supletiva e Plano de Adequa\u00e7\u00e3o: <a href=\"https:\/\/goias.gov.br\/meioambiente\/wp-content\/uploads\/sites\/33\/2025\/05\/Form3_Atu_Supletiva-pdf.pdf\">PDF<\/a><br \/>CEMAm \u2013 Formul\u00e1rio 4 \u2013 Credenciamento \u2013 Cons\u00f3rcio: <a href=\"https:\/\/goias.gov.br\/meioambiente\/wp-content\/uploads\/sites\/33\/2025\/05\/Form4_Consorcio-pdf.pdf\">PDF<\/a><\/p><p><a href=\"https:\/\/goias.gov.br\/meioambiente\/descentralizacao\/\">Mais informa\u00e7\u00f5es<\/a><\/p>\t\t\t\t\t\t\t\t<\/div>\n\t\t\t\t\t<\/div>\n\t\t\t\t<\/div>\n\t\t\t\t<\/div>\n\t\t","protected":false},"excerpt":{"rendered":"<p>Conselho Estadual do Meio Ambiente Edital de convoca\u00e7\u00e3o para elei\u00e7\u00e3o de institui\u00e7\u00f5es para composi\u00e7\u00e3o do Conselho Acesse o edital Cadastro de Entidades Ambientalistas Criado pela Resolu\u00e7\u00e3o n\u00ba 018\/2013 &#8211; CEMAm, o CEAMG foi institu\u00eddo com o objetivo de manter em banco de dados o registro das Entidades Ambientalistas n\u00e3o governamentais atuantes no Estado, cuja finalidade [&hellip;]<\/p>\n","protected":false},"author":230,"featured_media":0,"parent":0,"menu_order":0,"comment_status":"closed","ping_status":"closed","template":"wppb_theme_template","meta":{"footnotes":"","_links_to":"","_links_to_target":""},"class_list":["post-28502","page","type-page","status-publish","hentry"],"rttpg_featured_image_url":null,"rttpg_author":{"display_name":"andresfreitas","author_link":"https:\/\/goias.gov.br\/meioambiente\/author\/andresfreitas\/"},"rttpg_comment":0,"rttpg_category":null,"rttpg_excerpt":"Conselho Estadual do Meio Ambiente Edital de convoca\u00e7\u00e3o para elei\u00e7\u00e3o de institui\u00e7\u00f5es para composi\u00e7\u00e3o do Conselho Acesse o edital Cadastro de Entidades Ambientalistas Criado pela Resolu\u00e7\u00e3o n\u00ba 018\/2013 &#8211; CEMAm, o CEAMG foi institu\u00eddo com o objetivo de manter em banco de dados o registro das Entidades Ambientalistas n\u00e3o governamentais atuantes no Estado, cuja finalidade&hellip;","_links":{"self":[{"href":"https:\/\/goias.gov.br\/meioambiente\/wp-json\/wp\/v2\/pages\/28502","targetHints":{"allow":["GET"]}}],"collection":[{"href":"https:\/\/goias.gov.br\/meioambiente\/wp-json\/wp\/v2\/pages"}],"about":[{"href":"https:\/\/goias.gov.br\/meioambiente\/wp-json\/wp\/v2\/types\/page"}],"author":[{"embeddable":true,"href":"https:\/\/goias.gov.br\/meioambiente\/wp-json\/wp\/v2\/users\/230"}],"replies":[{"embeddable":true,"href":"https:\/\/goias.gov.br\/meioambiente\/wp-json\/wp\/v2\/comments?post=28502"}],"version-history":[{"count":2,"href":"https:\/\/goias.gov.br\/meioambiente\/wp-json\/wp\/v2\/pages\/28502\/revisions"}],"predecessor-version":[{"id":299763,"href":"https:\/\/goias.gov.br\/meioambiente\/wp-json\/wp\/v2\/pages\/28502\/revisions\/299763"}],"wp:attachment":[{"href":"https:\/\/goias.gov.br\/meioambiente\/wp-json\/wp\/v2\/media?parent=28502"}],"curies":[{"name":"wp","href":"https:\/\/api.w.org\/{rel}","templated":true}]}}