

{"id":275858,"date":"2026-02-15T16:11:12","date_gmt":"2026-02-15T19:11:12","guid":{"rendered":"https:\/\/goias.gov.br\/meioambiente\/?page_id=275858"},"modified":"2026-03-25T10:52:11","modified_gmt":"2026-03-25T13:52:11","slug":"plano-estrategico-institucional","status":"publish","type":"page","link":"https:\/\/goias.gov.br\/meioambiente\/plano-estrategico-institucional\/","title":{"rendered":"Plano Estrat\u00e9gico Institucional"},"content":{"rendered":"\t\t<div data-elementor-type=\"wp-page\" data-elementor-id=\"275858\" class=\"elementor elementor-275858\">\n\t\t\t\t<div class=\"elementor-element elementor-element-d2a27cb e-flex e-con-boxed e-con e-parent\" data-id=\"d2a27cb\" data-element_type=\"container\" data-e-type=\"container\">\n\t\t\t\t\t<div class=\"e-con-inner\">\n\t\t\t\t<div class=\"elementor-element elementor-element-b6d5023 elementor-widget elementor-widget-text-editor\" data-id=\"b6d5023\" data-element_type=\"widget\" data-e-type=\"widget\" data-widget_type=\"text-editor.default\">\n\t\t\t\t\t\t\t\t\t<p>No cen\u00e1rio global em constante evolu\u00e7\u00e3o, a preserva\u00e7\u00e3o do meio ambiente e o desenvolvimento sustent\u00e1vel emergem como pilares fundamentais para garantir um futuro pr\u00f3spero e equitativo para as gera\u00e7\u00f5es presentes e futuras. A Semad reconhece o imperativo de desempenhar um papel vital nesse contexto, promovendo uma abordagem que harmonize a conserva\u00e7\u00e3o ambiental com o progresso socioecon\u00f4mico.<\/p><p>O Plano Estrat\u00e9gico da Semad representa um compromisso claro e direcionado para guiar a atua\u00e7\u00e3o do \u00f3rg\u00e3o nos pr\u00f3ximos anos. Institu\u00eddo pela <a href=\"https:\/\/legisla.casacivil.go.gov.br\/pesquisa_ato_infralegal\/semad\/3034\/portaria-544\">Portaria n\u00ba 544\/2023<\/a>, trata-se de um documento estrat\u00e9gico que delineia os objetivos, estrat\u00e9gias e a\u00e7\u00f5es para promover um ambiente sustent\u00e1vel, preservando a rica biodiversidade do Estado de Goi\u00e1s, recursos naturais e qualidade de vida para todos os cidad\u00e3os goianos.<\/p>\t\t\t\t\t\t\t\t<\/div>\n\t\t\t\t\t<\/div>\n\t\t\t\t<\/div>\n\t\t<div class=\"elementor-element elementor-element-6f42638 e-flex e-con-boxed e-con e-parent\" data-id=\"6f42638\" data-element_type=\"container\" data-e-type=\"container\">\n\t\t\t\t\t<div class=\"e-con-inner\">\n\t\t<div class=\"elementor-element elementor-element-1b726ce e-con-full e-flex e-con e-child\" data-id=\"1b726ce\" data-element_type=\"container\" data-e-type=\"container\">\n\t\t\t\t<div class=\"elementor-element elementor-element-df804dd elementor-view-default elementor-widget elementor-widget-icon\" data-id=\"df804dd\" data-element_type=\"widget\" data-e-type=\"widget\" data-widget_type=\"icon.default\">\n\t\t\t\t\t\t\t<div class=\"elementor-icon-wrapper\">\n\t\t\t<a class=\"elementor-icon\" href=\"https:\/\/goias.gov.br\/meioambiente\/wp-content\/uploads\/sites\/33\/2026\/02\/Plano-EstrategicoSEMAD.pdf\" target=\"_blank\">\n\t\t\t<svg aria-hidden=\"true\" class=\"e-font-icon-svg e-fas-book-open\" viewBox=\"0 0 576 512\" xmlns=\"http:\/\/www.w3.org\/2000\/svg\"><path d=\"M542.22 32.05c-54.8 3.11-163.72 14.43-230.96 55.59-4.64 2.84-7.27 7.89-7.27 13.17v363.87c0 11.55 12.63 18.85 23.28 13.49 69.18-34.82 169.23-44.32 218.7-46.92 16.89-.89 30.02-14.43 30.02-30.66V62.75c.01-17.71-15.35-31.74-33.77-30.7zM264.73 87.64C197.5 46.48 88.58 35.17 33.78 32.05 15.36 31.01 0 45.04 0 62.75V400.6c0 16.24 13.13 29.78 30.02 30.66 49.49 2.6 149.59 12.11 218.77 46.95 10.62 5.35 23.21-1.94 23.21-13.46V100.63c0-5.29-2.62-10.14-7.27-12.99z\"><\/path><\/svg>\t\t\t<\/a>\n\t\t<\/div>\n\t\t\t\t\t\t<\/div>\n\t\t\t\t<\/div>\n\t\t<div class=\"elementor-element elementor-element-b351436 e-con-full e-flex e-con e-child\" data-id=\"b351436\" data-element_type=\"container\" data-e-type=\"container\">\n\t\t\t\t<div class=\"elementor-element elementor-element-dffb2a3 elementor-widget elementor-widget-text-editor\" data-id=\"dffb2a3\" data-element_type=\"widget\" data-e-type=\"widget\" data-widget_type=\"text-editor.default\">\n\t\t\t\t\t\t\t\t\t<p>Conhe\u00e7a na \u00edntegra o Planejamento Estrat\u00e9gico da Semad<\/p>\t\t\t\t\t\t\t\t<\/div>\n\t\t\t\t<\/div>\n\t\t\t\t\t<\/div>\n\t\t\t\t<\/div>\n\t\t<div class=\"elementor-element elementor-element-f692f0c e-flex e-con-boxed e-con e-parent\" data-id=\"f692f0c\" data-element_type=\"container\" data-e-type=\"container\">\n\t\t\t\t\t<div class=\"e-con-inner\">\n\t\t<div class=\"elementor-element elementor-element-361509c e-con-full e-flex e-con e-child\" data-id=\"361509c\" data-element_type=\"container\" data-e-type=\"container\">\n\t\t\t\t<div class=\"elementor-element elementor-element-7db0238 elementor-view-default elementor-widget elementor-widget-icon\" data-id=\"7db0238\" data-element_type=\"widget\" data-e-type=\"widget\" data-widget_type=\"icon.default\">\n\t\t\t\t\t\t\t<div class=\"elementor-icon-wrapper\">\n\t\t\t<a class=\"elementor-icon\" href=\"https:\/\/goias.gov.br\/meioambiente\/wp-content\/uploads\/sites\/33\/2026\/02\/Modelo-de-Gestao-Estrategica.pdf\" target=\"_blank\">\n\t\t\t<svg aria-hidden=\"true\" class=\"e-font-icon-svg e-fas-book\" viewBox=\"0 0 448 512\" xmlns=\"http:\/\/www.w3.org\/2000\/svg\"><path d=\"M448 360V24c0-13.3-10.7-24-24-24H96C43 0 0 43 0 96v320c0 53 43 96 96 96h328c13.3 0 24-10.7 24-24v-16c0-7.5-3.5-14.3-8.9-18.7-4.2-15.4-4.2-59.3 0-74.7 5.4-4.3 8.9-11.1 8.9-18.6zM128 134c0-3.3 2.7-6 6-6h212c3.3 0 6 2.7 6 6v20c0 3.3-2.7 6-6 6H134c-3.3 0-6-2.7-6-6v-20zm0 64c0-3.3 2.7-6 6-6h212c3.3 0 6 2.7 6 6v20c0 3.3-2.7 6-6 6H134c-3.3 0-6-2.7-6-6v-20zm253.4 250H96c-17.7 0-32-14.3-32-32 0-17.6 14.4-32 32-32h285.4c-1.9 17.1-1.9 46.9 0 64z\"><\/path><\/svg>\t\t\t<\/a>\n\t\t<\/div>\n\t\t\t\t\t\t<\/div>\n\t\t\t\t<\/div>\n\t\t<div class=\"elementor-element elementor-element-14c16eb e-con-full e-flex e-con e-child\" data-id=\"14c16eb\" data-element_type=\"container\" data-e-type=\"container\">\n\t\t\t\t<div class=\"elementor-element elementor-element-4019e58 elementor-widget elementor-widget-text-editor\" data-id=\"4019e58\" data-element_type=\"widget\" data-e-type=\"widget\" data-widget_type=\"text-editor.default\">\n\t\t\t\t\t\t\t\t\t<p>Acesse o Modelo de Gest\u00e3o da Estrat\u00e9gia<\/p>\t\t\t\t\t\t\t\t<\/div>\n\t\t\t\t<\/div>\n\t\t\t\t\t<\/div>\n\t\t\t\t<\/div>\n\t\t<div class=\"elementor-element elementor-element-290fa4b e-flex e-con-boxed e-con e-parent\" data-id=\"290fa4b\" data-element_type=\"container\" data-e-type=\"container\">\n\t\t\t\t\t<div class=\"e-con-inner\">\n\t\t\t\t<div class=\"elementor-element elementor-element-38fe9ad elementor-widget elementor-widget-text-editor\" data-id=\"38fe9ad\" data-element_type=\"widget\" data-e-type=\"widget\" data-widget_type=\"text-editor.default\">\n\t\t\t\t\t\t\t\t\t<p>O Plano Estrat\u00e9gico 2023-2027 da Semad foi estruturado com o intuito de estabelecer um modelo de gest\u00e3o orientado a resultados, baseado em ciclos de medi\u00e7\u00e3o das metas previamente definidas.<br \/>Ao longo desse per\u00edodo, est\u00e3o previstos cinco ciclos de monitoramento, dos quais dois j\u00e1 foram realizados, permitindo uma avalia\u00e7\u00e3o cont\u00ednua do desempenho institucional. A an\u00e1lise e o acompanhamento da execu\u00e7\u00e3o do Planejamento Estrat\u00e9gico s\u00e3o realizados pelo Comit\u00ea Estrat\u00e9gico de Gest\u00e3o Institucional, institu\u00eddo pela <a href=\"https:\/\/legisla.casacivil.go.gov.br\/pesquisa_ato_infralegal\/semad\/3035\/portaria-545\">Portaria n\u00ba 545\/2023<\/a>. O acompanhamento das metas e dos indicadores \u00e9 feito pela Ger\u00eancia de Planejamento dos Servi\u00e7os Ambientais e Conselhos. <a href=\"https:\/\/goias.gov.br\/meioambiente\/monitoramento-de-programas-projetos-acoes-e-atividades\/\">Acesse aqui<\/a> o monitoramento das metas.<\/p><p>Conhe\u00e7a os valores que regem a atua\u00e7\u00e3o da Semad, definidos no Planejamento Estrat\u00e9gico:<\/p>\t\t\t\t\t\t\t\t<\/div>\n\t\t\t\t\t<\/div>\n\t\t\t\t<\/div>\n\t\t<div class=\"elementor-element elementor-element-bc58016 e-flex e-con-boxed e-con e-parent\" data-id=\"bc58016\" data-element_type=\"container\" data-e-type=\"container\">\n\t\t\t\t\t<div class=\"e-con-inner\">\n\t\t\t\t<div class=\"elementor-element elementor-element-df0fbca elementor-arrows-position-inside elementor-pagination-position-outside elementor-widget elementor-widget-image-carousel\" data-id=\"df0fbca\" data-element_type=\"widget\" data-e-type=\"widget\" data-settings=\"{&quot;slides_to_scroll&quot;:&quot;10&quot;,&quot;navigation&quot;:&quot;both&quot;,&quot;autoplay&quot;:&quot;yes&quot;,&quot;pause_on_hover&quot;:&quot;yes&quot;,&quot;pause_on_interaction&quot;:&quot;yes&quot;,&quot;autoplay_speed&quot;:5000,&quot;infinite&quot;:&quot;yes&quot;,&quot;speed&quot;:500}\" data-widget_type=\"image-carousel.default\">\n\t\t\t\t\t\t\t<div class=\"elementor-image-carousel-wrapper swiper\" role=\"region\" aria-roledescription=\"carousel\" aria-label=\"Carrossel de imagens\" dir=\"ltr\">\n\t\t\t<div class=\"elementor-image-carousel swiper-wrapper\" aria-live=\"off\">\n\t\t\t\t\t\t\t\t<div class=\"swiper-slide\" role=\"group\" aria-roledescription=\"slide\" aria-label=\"1 de 10\"><figure class=\"swiper-slide-inner\"><img decoding=\"async\" class=\"swiper-slide-image\" src=\"https:\/\/goias.gov.br\/meioambiente\/wp-content\/uploads\/sites\/33\/elementor\/thumbs\/SIGA-riralta2mct166057idsqfm4srr4j4fgvypggcn62c.jpeg\" alt=\"Sistema de Informa\u00e7\u00f5es Geogr\u00e1ficas Ambientais (Siga-GO)\" \/><\/figure><\/div><div class=\"swiper-slide\" role=\"group\" aria-roledescription=\"slide\" aria-label=\"2 de 10\"><figure class=\"swiper-slide-inner\"><img decoding=\"async\" class=\"swiper-slide-image\" src=\"https:\/\/goias.gov.br\/meioambiente\/wp-content\/uploads\/sites\/33\/elementor\/thumbs\/IMG_1984-rhk8gq8jpnup7m03pges0nhk7fwtua41qfv2b7ecms.jpg\" alt=\"Semad, servidor, servidores, trabalho\" \/><\/figure><\/div><div class=\"swiper-slide\" role=\"group\" aria-roledescription=\"slide\" aria-label=\"3 de 10\"><figure class=\"swiper-slide-inner\"><img decoding=\"async\" class=\"swiper-slide-image\" src=\"https:\/\/goias.gov.br\/meioambiente\/wp-content\/uploads\/sites\/33\/elementor\/thumbs\/WhatsApp-Image-2026-02-15-at-14.17.44-rj79nwuqo2f3x11shlum5tx3v7qolhbu5ub8qvfn90.jpeg\" alt=\"WhatsApp Image 2026-02-15 at 14.17.44\" \/><\/figure><\/div><div class=\"swiper-slide\" role=\"group\" aria-roledescription=\"slide\" aria-label=\"4 de 10\"><figure class=\"swiper-slide-inner\"><img decoding=\"async\" class=\"swiper-slide-image\" src=\"https:\/\/goias.gov.br\/meioambiente\/wp-content\/uploads\/sites\/33\/elementor\/thumbs\/semana_agua-03f-qh2523gq520u2tb2oj8dul25z2ki6vmsh8qsc99r3o.jpg\" alt=\"semana_agua-03f\" \/><\/figure><\/div><div class=\"swiper-slide\" role=\"group\" aria-roledescription=\"slide\" aria-label=\"5 de 10\"><figure class=\"swiper-slide-inner\"><img decoding=\"async\" class=\"swiper-slide-image\" src=\"https:\/\/goias.gov.br\/meioambiente\/wp-content\/uploads\/sites\/33\/elementor\/thumbs\/fiscalizacao_araguaia-b5a-qh2521l1rdy9fldszif4plj8satrrhfbszftdpcjg4.jpeg\" alt=\"fiscalizacao_araguaia-b5a\" \/><\/figure><\/div><div class=\"swiper-slide\" role=\"group\" aria-roledescription=\"slide\" aria-label=\"6 de 10\"><figure class=\"swiper-slide-inner\"><img decoding=\"async\" class=\"swiper-slide-image\" src=\"https:\/\/goias.gov.br\/meioambiente\/wp-content\/uploads\/sites\/33\/elementor\/thumbs\/forum-goiano-de-mudancas-climaticas1-rj3hkc6cjx9s63ydk8lpopz8bn4b2zcw777qge2yr8.jpeg\" alt=\"forum goiano de mudancas climaticas1\" \/><\/figure><\/div><div class=\"swiper-slide\" role=\"group\" aria-roledescription=\"slide\" aria-label=\"7 de 10\"><figure class=\"swiper-slide-inner\"><img decoding=\"async\" class=\"swiper-slide-image\" src=\"https:\/\/goias.gov.br\/meioambiente\/wp-content\/uploads\/sites\/33\/elementor\/thumbs\/sociobioeconomia-qo43wz4nnft8cgwsfurs80xgrx7lgt1sf8oob7ubuc.png\" alt=\"sociobioeconomia\" \/><\/figure><\/div><div class=\"swiper-slide\" role=\"group\" aria-roledescription=\"slide\" aria-label=\"8 de 10\"><figure class=\"swiper-slide-inner\"><img decoding=\"async\" class=\"swiper-slide-image\" src=\"https:\/\/goias.gov.br\/meioambiente\/wp-content\/uploads\/sites\/33\/elementor\/thumbs\/foto-3-r2v2ch9zmnjcdcxruanw6grpznrfxxs62kd39q7050.jpeg\" alt=\"foto 3\" \/><\/figure><\/div><div class=\"swiper-slide\" role=\"group\" aria-roledescription=\"slide\" aria-label=\"9 de 10\"><figure class=\"swiper-slide-inner\"><img decoding=\"async\" class=\"swiper-slide-image\" src=\"https:\/\/goias.gov.br\/meioambiente\/wp-content\/uploads\/sites\/33\/elementor\/thumbs\/WhatsApp-Image-2025-09-17-at-14.17.35-rbzkl0cq4ppau195t7m69tef3p5y5b1yuc95jgjb04.jpeg\" alt=\"WhatsApp Image 2025-09-17 at 14.17.35\" \/><\/figure><\/div><div class=\"swiper-slide\" role=\"group\" aria-roledescription=\"slide\" aria-label=\"10 de 10\"><figure class=\"swiper-slide-inner\"><img decoding=\"async\" class=\"swiper-slide-image\" src=\"https:\/\/goias.gov.br\/meioambiente\/wp-content\/uploads\/sites\/33\/elementor\/thumbs\/sede-da-semad-r795zn2ak91hqnh3nl33fdjqajvnyi8wr91hfq5zsk.jpeg\" alt=\"sede da semad\" \/><\/figure><\/div>\t\t\t<\/div>\n\t\t\t\t\t\t\t\t\t\t\t\t<div class=\"elementor-swiper-button elementor-swiper-button-prev\" role=\"button\" tabindex=\"0\">\n\t\t\t\t\t\t<svg aria-hidden=\"true\" class=\"e-font-icon-svg e-eicon-chevron-left\" viewBox=\"0 0 1000 1000\" xmlns=\"http:\/\/www.w3.org\/2000\/svg\"><path d=\"M646 125C629 125 613 133 604 142L308 442C296 454 292 471 292 487 292 504 296 521 308 533L604 854C617 867 629 875 646 875 663 875 679 871 692 858 704 846 713 829 713 812 713 796 708 779 692 767L438 487 692 225C700 217 708 204 708 187 708 171 704 154 692 142 675 129 663 125 646 125Z\"><\/path><\/svg>\t\t\t\t\t<\/div>\n\t\t\t\t\t<div class=\"elementor-swiper-button elementor-swiper-button-next\" role=\"button\" tabindex=\"0\">\n\t\t\t\t\t\t<svg aria-hidden=\"true\" class=\"e-font-icon-svg e-eicon-chevron-right\" viewBox=\"0 0 1000 1000\" xmlns=\"http:\/\/www.w3.org\/2000\/svg\"><path d=\"M696 533C708 521 713 504 713 487 713 471 708 454 696 446L400 146C388 133 375 125 354 125 338 125 325 129 313 142 300 154 292 171 292 187 292 204 296 221 308 233L563 492 304 771C292 783 288 800 288 817 288 833 296 850 308 863 321 871 338 875 354 875 371 875 388 867 400 854L696 533Z\"><\/path><\/svg>\t\t\t\t\t<\/div>\n\t\t\t\t\n\t\t\t\t\t\t\t\t\t<div class=\"swiper-pagination\"><\/div>\n\t\t\t\t\t\t\t\t\t<\/div>\n\t\t\t\t\t\t<\/div>\n\t\t\t\t\t<\/div>\n\t\t\t\t<\/div>\n\t\t<div class=\"elementor-element elementor-element-5fc5388 e-flex e-con-boxed e-con e-parent\" data-id=\"5fc5388\" data-element_type=\"container\" data-e-type=\"container\">\n\t\t\t\t\t<div class=\"e-con-inner\">\n\t\t\t\t<div class=\"elementor-element elementor-element-a2e5135 elementor-widget elementor-widget-text-editor\" data-id=\"a2e5135\" data-element_type=\"widget\" data-e-type=\"widget\" data-widget_type=\"text-editor.default\">\n\t\t\t\t\t\t\t\t\t<p><strong>Fale conosco<\/strong><\/p><p><strong>Ger\u00eancia de Planejamento dos Servi\u00e7os Ambientais e Conselhos<br \/><\/strong>(62) 3201-5225<br \/>SEI 21144<\/p><p><strong>Superintend\u00eancia de Planejamento, Formula\u00e7\u00e3o e Gest\u00e3o Institucional<br \/><\/strong>(62) 3201-5225<br \/>spg.meioambiente@goias.gov<br \/>SEI:\u00a021143<strong><br \/><\/strong><\/p><p><strong>Subsecretaria de Planejamento, Gest\u00e3o Ambiental e Desenvolvimento Sustent\u00e1vel<br \/><\/strong>(62) 3201-5238<br \/>subplan.meioambiente@goias.gov<br \/>SEI:\u00a021142<\/p>\t\t\t\t\t\t\t\t<\/div>\n\t\t\t\t\t<\/div>\n\t\t\t\t<\/div>\n\t\t\t\t<\/div>\n\t\t","protected":false},"excerpt":{"rendered":"<p>No cen\u00e1rio global em constante evolu\u00e7\u00e3o, a preserva\u00e7\u00e3o do meio ambiente e o desenvolvimento sustent\u00e1vel emergem como pilares fundamentais para garantir um futuro pr\u00f3spero e equitativo para as gera\u00e7\u00f5es presentes e futuras. A Semad reconhece o imperativo de desempenhar um papel vital nesse contexto, promovendo uma abordagem que harmonize a conserva\u00e7\u00e3o ambiental com o progresso [&hellip;]<\/p>\n","protected":false},"author":724,"featured_media":0,"parent":0,"menu_order":0,"comment_status":"closed","ping_status":"closed","template":"","meta":{"footnotes":"","_links_to":"","_links_to_target":""},"class_list":["post-275858","page","type-page","status-publish","hentry"],"rttpg_featured_image_url":null,"rttpg_author":{"display_name":"mairarezende","author_link":"https:\/\/goias.gov.br\/meioambiente\/author\/mairarezende\/"},"rttpg_comment":0,"rttpg_category":null,"rttpg_excerpt":"No cen\u00e1rio global em constante evolu\u00e7\u00e3o, a preserva\u00e7\u00e3o do meio ambiente e o desenvolvimento sustent\u00e1vel emergem como pilares fundamentais para garantir um futuro pr\u00f3spero e equitativo para as gera\u00e7\u00f5es presentes e futuras. A Semad reconhece o imperativo de desempenhar um papel vital nesse contexto, promovendo uma abordagem que harmonize a conserva\u00e7\u00e3o ambiental com o progresso&hellip;","_links":{"self":[{"href":"https:\/\/goias.gov.br\/meioambiente\/wp-json\/wp\/v2\/pages\/275858","targetHints":{"allow":["GET"]}}],"collection":[{"href":"https:\/\/goias.gov.br\/meioambiente\/wp-json\/wp\/v2\/pages"}],"about":[{"href":"https:\/\/goias.gov.br\/meioambiente\/wp-json\/wp\/v2\/types\/page"}],"author":[{"embeddable":true,"href":"https:\/\/goias.gov.br\/meioambiente\/wp-json\/wp\/v2\/users\/724"}],"replies":[{"embeddable":true,"href":"https:\/\/goias.gov.br\/meioambiente\/wp-json\/wp\/v2\/comments?post=275858"}],"version-history":[{"count":2,"href":"https:\/\/goias.gov.br\/meioambiente\/wp-json\/wp\/v2\/pages\/275858\/revisions"}],"predecessor-version":[{"id":318809,"href":"https:\/\/goias.gov.br\/meioambiente\/wp-json\/wp\/v2\/pages\/275858\/revisions\/318809"}],"wp:attachment":[{"href":"https:\/\/goias.gov.br\/meioambiente\/wp-json\/wp\/v2\/media?parent=275858"}],"curies":[{"name":"wp","href":"https:\/\/api.w.org\/{rel}","templated":true}]}}