

{"id":231075,"date":"2025-12-23T13:16:39","date_gmt":"2025-12-23T16:16:39","guid":{"rendered":"https:\/\/goias.gov.br\/meioambiente\/?page_id=231075"},"modified":"2026-02-25T09:17:37","modified_gmt":"2026-02-25T12:17:37","slug":"consultas-publicas","status":"publish","type":"page","link":"https:\/\/goias.gov.br\/meioambiente\/consultas-publicas\/","title":{"rendered":"Consultas p\u00fablicas"},"content":{"rendered":"\t\t<div data-elementor-type=\"wp-page\" data-elementor-id=\"231075\" class=\"elementor elementor-231075\">\n\t\t\t\t<div class=\"elementor-element elementor-element-2895be6f e-flex e-con-boxed e-con e-parent\" data-id=\"2895be6f\" data-element_type=\"container\" data-e-type=\"container\">\n\t\t\t\t\t<div class=\"e-con-inner\">\n\t\t\t\t<div class=\"elementor-element elementor-element-776d1421 elementor-widget elementor-widget-text-editor\" data-id=\"776d1421\" data-element_type=\"widget\" data-e-type=\"widget\" data-widget_type=\"text-editor.default\">\n\t\t\t\t\t\t\t\t\t<div class=\"wp-block-post-date__modified-date wp-block-post-date\"><time datetime=\"2026-02-25T09:17:37-03:00\">25 de fevereiro de 2026<\/time><\/div>\n<p>\u00a0<\/p>\n\n<div class=\"wp-block-buttons is-layout-flex wp-block-buttons-is-layout-flex\">\n<div class=\"wp-block-button is-style-fill\"><a class=\"wp-block-button__link has-text-align-center wp-element-button\" href=\"https:\/\/portal.meioambiente.go.gov.br\/consultapublica\/propostaList.mago\">Acesse aqui o Portal de Consultas P\u00fablicas da Semad<\/a><\/div>\n<\/div>\n\n<p>\u00a0<\/p>\n\n<p><strong>2026<\/strong><\/p>\n\n<p><a href=\"https:\/\/portal.meioambiente.go.gov.br\/consultapublica\/propostaList.mago;jsessionid=5CB3591EA10A712F2C04888ECCCC31A9\">Consulta p\u00fablica referente \u00e0 proposta de Projeto de Lei que define as diretrizes para a implementa\u00e7\u00e3o, a estrutura\u00e7\u00e3o e a operacionaliza\u00e7\u00e3o Sistema Estadual de REDD+ em Goi\u00e1s<\/a>: at\u00e9 11\/03\/2026<\/p>\n\n<p><a href=\"https:\/\/goias.gov.br\/meioambiente\/semad-faz-consulta-publica-ampla-para-avaliar-risco-de-extincao-de-aves-em-goias\/\">Consulta p\u00fablica ampla para avaliar risco de extin\u00e7\u00e3o de esp\u00e9cies em Goi\u00e1s<\/a>: at\u00e9 21\/01\/2026<\/p>\n\n<p>\u00a0<\/p>\n\n<p><strong>2025<\/strong><\/p>\n\n<p><a href=\"https:\/\/goias.gov.br\/meioambiente\/semad-abre-consulta-publica-para-plano-de-prevencao-do-desmatamento-e-incendios-florestais-de-goias-veja-prazo\/\">Plano de Preven\u00e7\u00e3o e Controle do Desmatamento, Queimadas e Inc\u00eandios Florestais do Estado de Goi\u00e1s<\/a>: at\u00e9 27\/06\/2025<\/p>\n\n<p><a href=\"https:\/\/goias.gov.br\/meioambiente\/propostas-de-unidades-de-conservacao-em-consulta-publica\/\">Propostas de Unidades de Conserva\u00e7\u00e3o<\/a>: at\u00e9 12\/11\/2025<\/p>\n\n<p>\u00a0<\/p>\n\n<p><strong>2024<\/strong><\/p>\n\n<p><a href=\"https:\/\/portal.meioambiente.go.gov.br\/consultapublica\/propostaEncerrada.mago\">Plano de Manejo do Parque Estadual do Araguaia<\/a>: at\u00e9 06\/09\/2024<\/p>\n\n<p><a href=\"https:\/\/portal.meioambiente.go.gov.br\/consultapublica\/propostaEncerrada.mago\">Plano de Manejo do Parque Estadual Telma Ortegal<\/a>: at\u00e9 06\/09\/2024<\/p>\n\n<p><a href=\"https:\/\/goias.gov.br\/meioambiente\/semad-realiza-audiencias-e-consultas-publicas-para-debater-planos-de-manejo-de-tres-parques-estaduais\/\">Audi\u00eancias e consultas p\u00fablicas para debater planos de manejo<\/a>: at\u00e9 27\/08\/2024<\/p>\n\n<p><a href=\"https:\/\/portal.meioambiente.go.gov.br\/consultapublica\/propostaEncerrada.mago\">Plano Ambiental para o Entorno da PCH Gameleira:<\/a> at\u00e9 22\/08\/2024<\/p>\n\n<p><a href=\"https:\/\/portal.meioambiente.go.gov.br\/consultapublica\/propostaEncerrada.mago\">Plano de Manejo da \u00c1rea de Prote\u00e7\u00e3o Ambiental dos Pireneus:<\/a> at\u00e9 10\/02\/2024<\/p>\n\n<p><a href=\"https:\/\/portal.meioambiente.go.gov.br\/consultapublica\/propostaList.mago\">Licenciamento dos S\u00edtios de Recreio<\/a>: at\u00e9 31\/01\/2024<\/p>\n\n<p>\u00a0<\/p>\n\n<p><strong>2023<\/strong><\/p>\n\n<p><a href=\"https:\/\/portal.meioambiente.go.gov.br\/consultapublica\/propostaEncerrada.mago\">Plano de Manejo do Parque Estadual da Mata Atl\u00e2ntica: <\/a>at\u00e9 27\/11\/2023<\/p>\n\n<p><a href=\"https:\/\/portal.meioambiente.go.gov.br\/consultapublica\/propostaEncerrada.mago\">Plano de Manejo da \u00c1rea de Relevante Interesse Ecol\u00f3gico \u00c1guas de S\u00e3o Jo\u00e3o<\/a>: at\u00e9 24\/11\/2023<\/p>\n\n<p><a href=\"https:\/\/goias.gov.br\/meioambiente\/consulta-publica-para-discutir-fim-dos-lixoes-em-goias-entra-em-fase-final\/\">Fim dos lix\u00f5es<\/a>: at\u00e9 15\/03\/2023<\/p>\n\n<p>\u00a0<\/p>\n\t\t\t\t\t\t\t\t<\/div>\n\t\t\t\t\t<\/div>\n\t\t\t\t<\/div>\n\t\t\t\t<\/div>\n\t\t","protected":false},"excerpt":{"rendered":"<p>\u00a0 \u00a0 2026 Consulta p\u00fablica referente \u00e0 proposta de Projeto de Lei que define as diretrizes para a implementa\u00e7\u00e3o, a estrutura\u00e7\u00e3o e a operacionaliza\u00e7\u00e3o Sistema Estadual de REDD+ em Goi\u00e1s: at\u00e9 11\/03\/2026 Consulta p\u00fablica ampla para avaliar risco de extin\u00e7\u00e3o de esp\u00e9cies em Goi\u00e1s: at\u00e9 21\/01\/2026 \u00a0 2025 Plano de Preven\u00e7\u00e3o e Controle do Desmatamento, [&hellip;]<\/p>\n","protected":false},"author":724,"featured_media":0,"parent":0,"menu_order":0,"comment_status":"closed","ping_status":"closed","template":"","meta":{"footnotes":"","_links_to":"","_links_to_target":""},"class_list":["post-231075","page","type-page","status-publish","hentry"],"rttpg_featured_image_url":null,"rttpg_author":{"display_name":"mairarezende","author_link":"https:\/\/goias.gov.br\/meioambiente\/author\/mairarezende\/"},"rttpg_comment":0,"rttpg_category":null,"rttpg_excerpt":"\u00a0 \u00a0 2026 Consulta p\u00fablica referente \u00e0 proposta de Projeto de Lei que define as diretrizes para a implementa\u00e7\u00e3o, a estrutura\u00e7\u00e3o e a operacionaliza\u00e7\u00e3o Sistema Estadual de REDD+ em Goi\u00e1s: at\u00e9 11\/03\/2026 Consulta p\u00fablica ampla para avaliar risco de extin\u00e7\u00e3o de esp\u00e9cies em Goi\u00e1s: at\u00e9 21\/01\/2026 \u00a0 2025 Plano de Preven\u00e7\u00e3o e Controle do Desmatamento,&hellip;","_links":{"self":[{"href":"https:\/\/goias.gov.br\/meioambiente\/wp-json\/wp\/v2\/pages\/231075","targetHints":{"allow":["GET"]}}],"collection":[{"href":"https:\/\/goias.gov.br\/meioambiente\/wp-json\/wp\/v2\/pages"}],"about":[{"href":"https:\/\/goias.gov.br\/meioambiente\/wp-json\/wp\/v2\/types\/page"}],"author":[{"embeddable":true,"href":"https:\/\/goias.gov.br\/meioambiente\/wp-json\/wp\/v2\/users\/724"}],"replies":[{"embeddable":true,"href":"https:\/\/goias.gov.br\/meioambiente\/wp-json\/wp\/v2\/comments?post=231075"}],"version-history":[{"count":2,"href":"https:\/\/goias.gov.br\/meioambiente\/wp-json\/wp\/v2\/pages\/231075\/revisions"}],"predecessor-version":[{"id":284447,"href":"https:\/\/goias.gov.br\/meioambiente\/wp-json\/wp\/v2\/pages\/231075\/revisions\/284447"}],"wp:attachment":[{"href":"https:\/\/goias.gov.br\/meioambiente\/wp-json\/wp\/v2\/media?parent=231075"}],"curies":[{"name":"wp","href":"https:\/\/api.w.org\/{rel}","templated":true}]}}