

{"id":124475,"date":"2025-07-16T13:45:23","date_gmt":"2025-07-16T16:45:23","guid":{"rendered":"https:\/\/goias.gov.br\/meioambiente\/?page_id=124475"},"modified":"2026-03-06T15:53:55","modified_gmt":"2026-03-06T18:53:55","slug":"congresso-goiano-de-mudancas-climaticas","status":"publish","type":"page","link":"https:\/\/goias.gov.br\/meioambiente\/congresso-goiano-de-mudancas-climaticas\/","title":{"rendered":"Congresso Goiano de Mudan\u00e7as Clim\u00e1ticas"},"content":{"rendered":"\t\t<div data-elementor-type=\"wp-page\" data-elementor-id=\"124475\" class=\"elementor elementor-124475\">\n\t\t\t\t<div class=\"elementor-element elementor-element-e16e09a e-flex e-con-boxed e-con e-parent\" data-id=\"e16e09a\" data-element_type=\"container\" data-e-type=\"container\" data-settings=\"{&quot;background_background&quot;:&quot;classic&quot;}\">\n\t\t\t\t\t<div class=\"e-con-inner\">\n\t\t\t\t<div class=\"elementor-element elementor-element-25776b8 elementor-widget elementor-widget-heading\" data-id=\"25776b8\" data-element_type=\"widget\" data-e-type=\"widget\" data-widget_type=\"heading.default\">\n\t\t\t\t\t<h3 class=\"elementor-heading-title elementor-size-default\">Congresso Goiano de Mudan\u00e7as Clim\u00e1ticas<\/h3>\t\t\t\t<\/div>\n\t\t\t\t<div class=\"elementor-element elementor-element-08fd686 elementor-widget elementor-widget-heading\" data-id=\"08fd686\" data-element_type=\"widget\" data-e-type=\"widget\" data-widget_type=\"heading.default\">\n\t\t\t\t\t<h4 class=\"elementor-heading-title elementor-size-default\">Dias 8, 9 e 10 de setembro<\/h4>\t\t\t\t<\/div>\n\t\t\t\t\t<\/div>\n\t\t\t\t<\/div>\n\t\t<div class=\"elementor-element elementor-element-1891222 e-flex e-con-boxed e-con e-parent\" data-id=\"1891222\" data-element_type=\"container\" data-e-type=\"container\">\n\t\t\t\t\t<div class=\"e-con-inner\">\n\t\t\t\t<div class=\"elementor-element elementor-element-96362b6 elementor-widget elementor-widget-text-editor\" data-id=\"96362b6\" data-element_type=\"widget\" data-e-type=\"widget\" data-widget_type=\"text-editor.default\">\n\t\t\t\t\t\t\t\t\t<p><strong><span style=\"font-size: 18pt;\">Edital para sele\u00e7\u00e3o de trabalhos que ser\u00e3o apresentados<\/span><\/strong><\/p><p>A Semad divulgou edital com objetivo de selecionar trabalhos voltados para tem\u00e1tica das mudan\u00e7as clim\u00e1ticas, cujos autores tenham interesse em apresentar no Congresso Goiano de Mudan\u00e7as Clim\u00e1ticas. Podem participar alunos do ensino m\u00e9dio e do ensino superior.<\/p><p><a href=\"https:\/\/goias.gov.br\/meioambiente\/wp-content\/uploads\/sites\/33\/2025\/07\/SEI_77026646_Edital.pdf\">Clique aqui para ler o edital.\u00a0<\/a><\/p>\t\t\t\t\t\t\t\t<\/div>\n\t\t\t\t\t<\/div>\n\t\t\t\t<\/div>\n\t\t\t\t<\/div>\n\t\t","protected":false},"excerpt":{"rendered":"<p>Congresso Goiano de Mudan\u00e7as Clim\u00e1ticas Dias 8, 9 e 10 de setembro Edital para sele\u00e7\u00e3o de trabalhos que ser\u00e3o apresentados A Semad divulgou edital com objetivo de selecionar trabalhos voltados para tem\u00e1tica das mudan\u00e7as clim\u00e1ticas, cujos autores tenham interesse em apresentar no Congresso Goiano de Mudan\u00e7as Clim\u00e1ticas. Podem participar alunos do ensino m\u00e9dio e do [&hellip;]<\/p>\n","protected":false},"author":231,"featured_media":0,"parent":0,"menu_order":0,"comment_status":"closed","ping_status":"closed","template":"wppb_theme_template","meta":{"footnotes":"","_links_to":"","_links_to_target":""},"class_list":["post-124475","page","type-page","status-publish","hentry"],"rttpg_featured_image_url":null,"rttpg_author":{"display_name":"alexandrebittencourt","author_link":"https:\/\/goias.gov.br\/meioambiente\/author\/alexandrebittencourt\/"},"rttpg_comment":0,"rttpg_category":null,"rttpg_excerpt":"Congresso Goiano de Mudan\u00e7as Clim\u00e1ticas Dias 8, 9 e 10 de setembro Edital para sele\u00e7\u00e3o de trabalhos que ser\u00e3o apresentados A Semad divulgou edital com objetivo de selecionar trabalhos voltados para tem\u00e1tica das mudan\u00e7as clim\u00e1ticas, cujos autores tenham interesse em apresentar no Congresso Goiano de Mudan\u00e7as Clim\u00e1ticas. Podem participar alunos do ensino m\u00e9dio e do&hellip;","_links":{"self":[{"href":"https:\/\/goias.gov.br\/meioambiente\/wp-json\/wp\/v2\/pages\/124475","targetHints":{"allow":["GET"]}}],"collection":[{"href":"https:\/\/goias.gov.br\/meioambiente\/wp-json\/wp\/v2\/pages"}],"about":[{"href":"https:\/\/goias.gov.br\/meioambiente\/wp-json\/wp\/v2\/types\/page"}],"author":[{"embeddable":true,"href":"https:\/\/goias.gov.br\/meioambiente\/wp-json\/wp\/v2\/users\/231"}],"replies":[{"embeddable":true,"href":"https:\/\/goias.gov.br\/meioambiente\/wp-json\/wp\/v2\/comments?post=124475"}],"version-history":[{"count":2,"href":"https:\/\/goias.gov.br\/meioambiente\/wp-json\/wp\/v2\/pages\/124475\/revisions"}],"predecessor-version":[{"id":299654,"href":"https:\/\/goias.gov.br\/meioambiente\/wp-json\/wp\/v2\/pages\/124475\/revisions\/299654"}],"wp:attachment":[{"href":"https:\/\/goias.gov.br\/meioambiente\/wp-json\/wp\/v2\/media?parent=124475"}],"curies":[{"name":"wp","href":"https:\/\/api.w.org\/{rel}","templated":true}]}}

Congresso Goiano de Mudanças Climáticas

<div data-elementor-type="wp-page" data-elementor-id="124475" class="elementor elementor-124475">
				<div class="elementor-element elementor-element-e16e09a e-flex e-con-boxed e-con e-parent" data-id="e16e09a" data-element_type="container" data-e-type="container" data-settings="{&quot;background_background&quot;:&quot;classic&quot;}">
					<div class="e-con-inner">
				<div class="elementor-element elementor-element-25776b8 elementor-widget elementor-widget-heading" data-id="25776b8" data-element_type="widget" data-e-type="widget" data-widget_type="heading.default">
					<h3 class="elementor-heading-title elementor-size-default">Congresso Goiano de Mudanças Climáticas</h3>				</div>
				<div class="elementor-element elementor-element-08fd686 elementor-widget elementor-widget-heading" data-id="08fd686" data-element_type="widget" data-e-type="widget" data-widget_type="heading.default">
					<h4 class="elementor-heading-title elementor-size-default">Dias 8, 9 e 10 de setembro</h4>				</div>
					</div>
				</div>
		<div class="elementor-element elementor-element-1891222 e-flex e-con-boxed e-con e-parent" data-id="1891222" data-element_type="container" data-e-type="container">
					<div class="e-con-inner">
				<div class="elementor-element elementor-element-96362b6 elementor-widget elementor-widget-text-editor" data-id="96362b6" data-element_type="widget" data-e-type="widget" data-widget_type="text-editor.default">
									<p><strong><span style="font-size: 18pt;">Edital para seleção de trabalhos que serão apresentados</span></strong></p><p>A Semad divulgou edital com objetivo de selecionar trabalhos voltados para temática das mudanças climáticas, cujos autores tenham interesse em apresentar no Congresso Goiano de Mudanças Climáticas. Podem participar alunos do ensino médio e do ensino superior.</p><p><a href="https://goias.gov.br/meioambiente/wp-content/uploads/sites/33/2025/07/SEI_77026646_Edital.pdf">Clique aqui para ler o edital. </a></p>								</div>
					</div>
				</div>
				</div>

<p>Congresso Goiano de Mudanças Climáticas Dias 8, 9 e 10 de setembro Edital para seleção de trabalhos que serão apresentados A Semad divulgou edital com objetivo de selecionar trabalhos voltados para temática das mudanças climáticas, cujos autores tenham interesse em apresentar no Congresso Goiano de Mudanças Climáticas. Podem participar alunos do ensino médio e do [&hellip;]</p>

Congresso Goiano de Mudanças Climáticas Dias 8, 9 e 10 de setembro Edital para seleção de trabalhos que serão apresentados A Semad divulgou edital com objetivo de selecionar trabalhos voltados para temática das mudanças climáticas, cujos autores tenham interesse em apresentar no Congresso Goiano de Mudanças Climáticas. Podem participar alunos do ensino médio e do&hellip;
