

{"id":3458,"date":"2024-03-25T14:01:58","date_gmt":"2024-03-25T17:01:58","guid":{"rendered":"https:\/\/goias.gov.br\/juceg\/?page_id=3458"},"modified":"2024-03-25T14:01:59","modified_gmt":"2024-03-25T17:01:59","slug":"noticias","status":"publish","type":"page","link":"https:\/\/goias.gov.br\/juceg\/noticias\/","title":{"rendered":"Not\u00edcias"},"content":{"rendered":"<style type='text\/css' media='all'>#rt-tpg-container-2915118057 .rt-holder .rt-woo-info .price{color:#0367bf;}body .rt-tpg-container .rt-tpg-isotope-buttons .selected,\n\t\t\t\t\t#rt-tpg-container-2915118057 .layout12 .rt-holder:hover .rt-detail,\n\t\t\t\t\t#rt-tpg-container-2915118057 .isotope8 .rt-holder:hover .rt-detail,\n\t\t\t\t\t#rt-tpg-container-2915118057 .carousel8 .rt-holder:hover .rt-detail,\n\t\t\t\t\t#rt-tpg-container-2915118057 .layout13 .rt-holder .overlay .post-info,\n\t\t\t\t\t#rt-tpg-container-2915118057 .isotope9 .rt-holder .overlay .post-info,\n\t\t\t\t\t#rt-tpg-container-2915118057.rt-tpg-container .layout4 .rt-holder .rt-detail,\n\t\t\t\t\t.rt-modal-2915118057 .md-content,\n\t\t\t\t\t.rt-modal-2915118057 .md-content > .rt-md-content-holder .rt-md-content,\n\t\t\t\t\t.rt-popup-wrap-2915118057.rt-popup-wrap .rt-popup-navigation-wrap,\n\t\t\t\t\t#rt-tpg-container-2915118057 .carousel9 .rt-holder .overlay .post-info{background-color:#0367bf;}#rt-tpg-container-2915118057 .layout5 .rt-holder .overlay, #rt-tpg-container-2915118057 .isotope2 .rt-holder .overlay, #rt-tpg-container-2915118057 .carousel2 .rt-holder .overlay,#rt-tpg-container-2915118057 .layout15 .rt-holder h3, #rt-tpg-container-2915118057 .isotope11 .rt-holder h3, #rt-tpg-container-2915118057 .carousel11 .rt-holder h3, #rt-tpg-container-2915118057 .layout16 .rt-holder h3,\n\t\t\t\t\t#rt-tpg-container-2915118057 .isotope12 .rt-holder h3, #rt-tpg-container-2915118057 .carousel12 .rt-holder h3 {background-color:rgba(3,103,191,0.8);}#rt-tpg-container-2915118057 .read-more a{border-radius:px;}#rt-tpg-container-2915118057 .rt-img-holder img.rt-img-responsive,#rt-tpg-container-2915118057 .rt-img-holder,\n\t\t\t\t\t#rt-tpg-container-2915118057 .rt-post-overlay .post-img,\n\t\t\t\t\t#rt-tpg-container-2915118057 .post-sm .post-img,\n\t\t\t\t\t#rt-tpg-container-2915118057 .rt-post-grid .post-img,\n\t\t\t\t\t#rt-tpg-container-2915118057 .post-img img {border-radius:px;}<\/style><div class='rt-container-fluid rt-tpg-container tpg-shortcode-main-wrapper ' id='rt-tpg-container-2915118057'   data-layout='layout2' data-grid-style='even' data-desktop-col='1'  data-tab-col='1'  data-mobile-col='1' data-sc-id='3456'><div data-title='Loading ...' class='rt-row rt-content-loader   layout2 tpg-even '><div class=\"rt-col-md-12 rt-col-sm-12 rt-col-xs-12 even-grid-item rt-grid-item\" data-id=\"33698\"><div class=\"rt-holder\"><div class=\"rt-row\"><div class='rt-col-sm-2 rt-col-xs-12 '><div class=\"rt-img-holder\"><a data-id='33698' class='' href='https:\/\/goias.gov.br\/juceg\/feriado-de-tiradentes\/'><img fetchpriority=\"high\" decoding=\"async\" width=\"1080\" height=\"1350\" src=\"https:\/\/goias.gov.br\/juceg\/wp-content\/uploads\/sites\/42\/2026\/04\/20.04-feriado-tiradentes-feed.jpg\" class=\"rt-img-responsive \" alt=\"\" \/><\/a><\/div><\/div><div class='rt-col-sm-10 rt-col-xs-12 '><div class='rt-detail'><h3 class=\"entry-title\"><a data-id=\"33698\" class=\"\" href=\"https:\/\/goias.gov.br\/juceg\/feriado-de-tiradentes\/\">Feriado de Tiradentes<\/a><\/h3><div class='post-meta-user '><span class='date-meta'>17 de abril de 2026<\/span><\/div><\/div><\/div><\/div><\/div><\/div><div class=\"rt-col-md-12 rt-col-sm-12 rt-col-xs-12 even-grid-item rt-grid-item\" data-id=\"33498\"><div class=\"rt-holder\"><div class=\"rt-row\"><div class='rt-col-sm-2 rt-col-xs-12 '><div class=\"rt-img-holder\"><a data-id='33498' class='' href='https:\/\/goias.gov.br\/juceg\/juceg-alerta-sobre-prazo-de-compensacao-de-taxas-pagas-via-bancos-digitais\/'><img decoding=\"async\" width=\"1080\" height=\"1350\" src=\"https:\/\/goias.gov.br\/juceg\/wp-content\/uploads\/sites\/42\/2026\/04\/15.04-Atraso-na-compensacao-de-pagamentos-feed.jpg\" class=\"rt-img-responsive \" alt=\"\" \/><\/a><\/div><\/div><div class='rt-col-sm-10 rt-col-xs-12 '><div class='rt-detail'><h3 class=\"entry-title\"><a data-id=\"33498\" class=\"\" href=\"https:\/\/goias.gov.br\/juceg\/juceg-alerta-sobre-prazo-de-compensacao-de-taxas-pagas-via-bancos-digitais\/\">Juceg alerta sobre prazo de compensa\u00e7\u00e3o de taxas pagas via bancos digitais<\/a><\/h3><div class='post-meta-user '><span class='date-meta'>15 de abril de 2026<\/span><\/div><\/div><\/div><\/div><\/div><\/div><div class=\"rt-col-md-12 rt-col-sm-12 rt-col-xs-12 even-grid-item rt-grid-item\" data-id=\"33404\"><div class=\"rt-holder\"><div class=\"rt-row\"><div class='rt-col-sm-2 rt-col-xs-12 '><div class=\"rt-img-holder\"><a data-id='33404' class='' href='https:\/\/goias.gov.br\/juceg\/edital-de-cancelamento-de-processos-protocolos-sem-movimentacao-ha-mais-de-30-dias-3\/'><img decoding=\"async\" width=\"1080\" height=\"1350\" src=\"https:\/\/goias.gov.br\/juceg\/wp-content\/uploads\/sites\/42\/2026\/04\/edital-1.png\" class=\"rt-img-responsive \" alt=\"\" \/><\/a><\/div><\/div><div class='rt-col-sm-10 rt-col-xs-12 '><div class='rt-detail'><h3 class=\"entry-title\"><a data-id=\"33404\" class=\"\" href=\"https:\/\/goias.gov.br\/juceg\/edital-de-cancelamento-de-processos-protocolos-sem-movimentacao-ha-mais-de-30-dias-3\/\">Edital de cancelamento de processos\/protocolos sem movimenta\u00e7\u00e3o h\u00e1 mais de 30 dias<\/a><\/h3><div class='post-meta-user '><span class='date-meta'>13 de abril de 2026<\/span><\/div><\/div><\/div><\/div><\/div><\/div><div class=\"rt-col-md-12 rt-col-sm-12 rt-col-xs-12 even-grid-item rt-grid-item\" data-id=\"32920\"><div class=\"rt-holder\"><div class=\"rt-row\"><div class='rt-col-sm-2 rt-col-xs-12 '><div class=\"rt-img-holder\"><a data-id='32920' class='' href='https:\/\/goias.gov.br\/juceg\/alunos-de-direito-da-puc-goias-acompanham-sessao-plenaria-da-juceg\/'><img loading=\"lazy\" decoding=\"async\" width=\"1080\" height=\"1350\" src=\"https:\/\/goias.gov.br\/juceg\/wp-content\/uploads\/sites\/42\/2026\/04\/07.04-Alunos-de-Direito-da-PUC-Goias-acompanham-Sessao-Plenaria-da-Juceg-CAPA.jpg\" class=\"rt-img-responsive \" alt=\"\" \/><\/a><\/div><\/div><div class='rt-col-sm-10 rt-col-xs-12 '><div class='rt-detail'><h3 class=\"entry-title\"><a data-id=\"32920\" class=\"\" href=\"https:\/\/goias.gov.br\/juceg\/alunos-de-direito-da-puc-goias-acompanham-sessao-plenaria-da-juceg\/\">Alunos de Direito da PUC Goi\u00e1s acompanham Sess\u00e3o Plen\u00e1ria da Juceg<\/a><\/h3><div class='post-meta-user '><span class='date-meta'>7 de abril de 2026<\/span><\/div><\/div><\/div><\/div><\/div><\/div><div class=\"rt-col-md-12 rt-col-sm-12 rt-col-xs-12 even-grid-item rt-grid-item\" data-id=\"32905\"><div class=\"rt-holder\"><div class=\"rt-row\"><div class='rt-col-sm-2 rt-col-xs-12 '><div class=\"rt-img-holder\"><a data-id='32905' class='' href='https:\/\/goias.gov.br\/juceg\/dia-do-jornalista-2\/'><img loading=\"lazy\" decoding=\"async\" width=\"1080\" height=\"1350\" src=\"https:\/\/goias.gov.br\/juceg\/wp-content\/uploads\/sites\/42\/2026\/04\/07.04-dia-do-jornalista-feed.jpg\" class=\"rt-img-responsive \" alt=\"\" \/><\/a><\/div><\/div><div class='rt-col-sm-10 rt-col-xs-12 '><div class='rt-detail'><h3 class=\"entry-title\"><a data-id=\"32905\" class=\"\" href=\"https:\/\/goias.gov.br\/juceg\/dia-do-jornalista-2\/\">Dia do Jornalista<\/a><\/h3><div class='post-meta-user '><span class='date-meta'>7 de abril de 2026<\/span><\/div><\/div><\/div><\/div><\/div><\/div><div class=\"rt-col-md-12 rt-col-sm-12 rt-col-xs-12 even-grid-item rt-grid-item\" data-id=\"32800\"><div class=\"rt-holder\"><div class=\"rt-row\"><div class='rt-col-sm-2 rt-col-xs-12 '><div class=\"rt-img-holder\"><a data-id='32800' class='' href='https:\/\/goias.gov.br\/juceg\/abertura-de-empresas-goias-registra-melhor-marco-da-serie-historica\/'><img loading=\"lazy\" decoding=\"async\" width=\"1080\" height=\"1350\" src=\"https:\/\/goias.gov.br\/juceg\/wp-content\/uploads\/sites\/42\/2026\/04\/06.04-Abertura-de-empresas_-Goias-registra-melhor-marco-da-serie-historica.jpg\" class=\"rt-img-responsive \" alt=\"\" \/><\/a><\/div><\/div><div class='rt-col-sm-10 rt-col-xs-12 '><div class='rt-detail'><h3 class=\"entry-title\"><a data-id=\"32800\" class=\"\" href=\"https:\/\/goias.gov.br\/juceg\/abertura-de-empresas-goias-registra-melhor-marco-da-serie-historica\/\">Abertura de empresas: Goi\u00e1s registra melhor mar\u00e7o da s\u00e9rie hist\u00f3rica<\/a><\/h3><div class='post-meta-user '><span class='date-meta'>7 de abril de 2026<\/span><\/div><\/div><\/div><\/div><\/div><\/div><div class=\"rt-col-md-12 rt-col-sm-12 rt-col-xs-12 even-grid-item rt-grid-item\" data-id=\"32763\"><div class=\"rt-holder\"><div class=\"rt-row\"><div class='rt-col-sm-2 rt-col-xs-12 '><div class=\"rt-img-holder\"><a data-id='32763' class='' href='https:\/\/goias.gov.br\/juceg\/domingo-de-pascoa-2\/'><img loading=\"lazy\" decoding=\"async\" width=\"1080\" height=\"1350\" src=\"https:\/\/goias.gov.br\/juceg\/wp-content\/uploads\/sites\/42\/2026\/04\/01.04-domingo-de-pascoa-feed.jpg\" class=\"rt-img-responsive \" alt=\"\" \/><\/a><\/div><\/div><div class='rt-col-sm-10 rt-col-xs-12 '><div class='rt-detail'><h3 class=\"entry-title\"><a data-id=\"32763\" class=\"\" href=\"https:\/\/goias.gov.br\/juceg\/domingo-de-pascoa-2\/\">Domingo de P\u00e1scoa<\/a><\/h3><div class='post-meta-user '><span class='date-meta'>5 de abril de 2026<\/span><\/div><\/div><\/div><\/div><\/div><\/div><div class=\"rt-col-md-12 rt-col-sm-12 rt-col-xs-12 even-grid-item rt-grid-item\" data-id=\"32746\"><div class=\"rt-holder\"><div class=\"rt-row\"><div class='rt-col-sm-2 rt-col-xs-12 '><div class=\"rt-img-holder\"><a data-id='32746' class='' href='https:\/\/goias.gov.br\/juceg\/feriado-semana-santa\/'><img loading=\"lazy\" decoding=\"async\" width=\"1080\" height=\"1350\" src=\"https:\/\/goias.gov.br\/juceg\/wp-content\/uploads\/sites\/42\/2026\/04\/01.04-feriado-semana-santa-feed.jpg\" class=\"rt-img-responsive \" alt=\"\" \/><\/a><\/div><\/div><div class='rt-col-sm-10 rt-col-xs-12 '><div class='rt-detail'><h3 class=\"entry-title\"><a data-id=\"32746\" class=\"\" href=\"https:\/\/goias.gov.br\/juceg\/feriado-semana-santa\/\">Feriado &#8211; Semana Santa<\/a><\/h3><div class='post-meta-user '><span class='date-meta'>1 de abril de 2026<\/span><\/div><\/div><\/div><\/div><\/div><\/div><div class=\"rt-col-md-12 rt-col-sm-12 rt-col-xs-12 even-grid-item rt-grid-item\" data-id=\"32490\"><div class=\"rt-holder\"><div class=\"rt-row\"><div class='rt-col-sm-2 rt-col-xs-12 '><div class=\"rt-img-holder\"><a data-id='32490' class='' href='https:\/\/goias.gov.br\/juceg\/edital-de-cancelamento-de-processos-protocolos-sem-movimentacao-ha-mais-de-30-dias-2\/'><img loading=\"lazy\" decoding=\"async\" width=\"1080\" height=\"1350\" src=\"https:\/\/goias.gov.br\/juceg\/wp-content\/uploads\/sites\/42\/2026\/03\/edital-1.png\" class=\"rt-img-responsive \" alt=\"\" \/><\/a><\/div><\/div><div class='rt-col-sm-10 rt-col-xs-12 '><div class='rt-detail'><h3 class=\"entry-title\"><a data-id=\"32490\" class=\"\" href=\"https:\/\/goias.gov.br\/juceg\/edital-de-cancelamento-de-processos-protocolos-sem-movimentacao-ha-mais-de-30-dias-2\/\">Edital de cancelamento de processos\/protocolos sem movimenta\u00e7\u00e3o h\u00e1 mais de 30 dias<\/a><\/h3><div class='post-meta-user '><span class='date-meta'>25 de mar\u00e7o de 2026<\/span><\/div><\/div><\/div><\/div><\/div><\/div><div class=\"rt-col-md-12 rt-col-sm-12 rt-col-xs-12 even-grid-item rt-grid-item\" data-id=\"32197\"><div class=\"rt-holder\"><div class=\"rt-row\"><div class='rt-col-sm-2 rt-col-xs-12 '><div class=\"rt-img-holder\"><a data-id='32197' class='' href='https:\/\/goias.gov.br\/juceg\/atencao-para-alteracao-no-horario-de-atendimento-da-juceg\/'><img loading=\"lazy\" decoding=\"async\" width=\"1080\" height=\"1350\" src=\"https:\/\/goias.gov.br\/juceg\/wp-content\/uploads\/sites\/42\/2026\/03\/17.03-ponto-facultativo-feed.jpg\" class=\"rt-img-responsive \" alt=\"\" \/><\/a><\/div><\/div><div class='rt-col-sm-10 rt-col-xs-12 '><div class='rt-detail'><h3 class=\"entry-title\"><a data-id=\"32197\" class=\"\" href=\"https:\/\/goias.gov.br\/juceg\/atencao-para-alteracao-no-horario-de-atendimento-da-juceg\/\">Aten\u00e7\u00e3o para altera\u00e7\u00e3o no hor\u00e1rio de atendimento da Juceg!<\/a><\/h3><div class='post-meta-user '><span class='date-meta'>19 de mar\u00e7o de 2026<\/span><\/div><\/div><\/div><\/div><\/div><\/div><\/div><div class='rt-pagination-wrap' data-total-pages='70' data-posts-per-page='10' data-type='pagination'  ><div class=\"rt-pagination\" ><ul class=\"pagination-list\"><li class=\"active\"><span>1<\/span><\/li><li><a data-paged='2' href='https:\/\/goias.gov.br\/juceg\/wp-json\/wp\/v2\/pages\/3458\/page\/2\/'>2<\/a><\/li><li><a data-paged='3' href='https:\/\/goias.gov.br\/juceg\/wp-json\/wp\/v2\/pages\/3458\/page\/3\/'>3<\/a><\/li><li><a data-paged='4' href='https:\/\/goias.gov.br\/juceg\/wp-json\/wp\/v2\/pages\/3458\/page\/4\/'>4<\/a><\/li><li><a data-paged='5' href='https:\/\/goias.gov.br\/juceg\/wp-json\/wp\/v2\/pages\/3458\/page\/5\/'>5<\/a><\/li><li><a data-paged='2' href=\"https:\/\/goias.gov.br\/juceg\/wp-json\/wp\/v2\/pages\/3458\/page\/2\/\"  aria-label='Next'>&rsaquo;<\/a><\/li><li><a data-paged='70' href='https:\/\/goias.gov.br\/juceg\/wp-json\/wp\/v2\/pages\/3458\/page\/70\/' aria-label='Last'>&raquo;<\/a><\/li><\/ul><\/div><\/div><\/div>\n","protected":false},"excerpt":{"rendered":"","protected":false},"author":5,"featured_media":0,"parent":0,"menu_order":0,"comment_status":"closed","ping_status":"closed","template":"","meta":{"footnotes":""},"class_list":["post-3458","page","type-page","status-publish","hentry"],"rttpg_featured_image_url":null,"rttpg_author":{"display_name":"jamyscosta","author_link":"https:\/\/goias.gov.br\/juceg\/author\/jamyscosta\/"},"rttpg_comment":0,"rttpg_category":"","rttpg_excerpt":null,"_links":{"self":[{"href":"https:\/\/goias.gov.br\/juceg\/wp-json\/wp\/v2\/pages\/3458","targetHints":{"allow":["GET"]}}],"collection":[{"href":"https:\/\/goias.gov.br\/juceg\/wp-json\/wp\/v2\/pages"}],"about":[{"href":"https:\/\/goias.gov.br\/juceg\/wp-json\/wp\/v2\/types\/page"}],"author":[{"embeddable":true,"href":"https:\/\/goias.gov.br\/juceg\/wp-json\/wp\/v2\/users\/5"}],"replies":[{"embeddable":true,"href":"https:\/\/goias.gov.br\/juceg\/wp-json\/wp\/v2\/comments?post=3458"}],"version-history":[{"count":1,"href":"https:\/\/goias.gov.br\/juceg\/wp-json\/wp\/v2\/pages\/3458\/revisions"}],"predecessor-version":[{"id":3459,"href":"https:\/\/goias.gov.br\/juceg\/wp-json\/wp\/v2\/pages\/3458\/revisions\/3459"}],"wp:attachment":[{"href":"https:\/\/goias.gov.br\/juceg\/wp-json\/wp\/v2\/media?parent=3458"}],"curies":[{"name":"wp","href":"https:\/\/api.w.org\/{rel}","templated":true}]}}