

{"id":21169,"date":"2025-10-03T08:58:33","date_gmt":"2025-10-03T11:58:33","guid":{"rendered":"https:\/\/goias.gov.br\/iquego\/?page_id=21169"},"modified":"2026-02-09T11:54:14","modified_gmt":"2026-02-09T14:54:14","slug":"produtos-de-higiene-e-protecao","status":"publish","type":"page","link":"https:\/\/goias.gov.br\/iquego\/produtos-de-higiene-e-protecao\/","title":{"rendered":"Produtos de Higiene e Prote\u00e7\u00e3o"},"content":{"rendered":"\n<hr class=\"wp-block-separator has-alpha-channel-opacity\"\/>\n\n\n\n<h2 class=\"wp-block-heading\"><strong>Repelente Spray<\/strong><\/h2>\n\n\n\n<div class=\"wp-block-group\"><div class=\"wp-block-group__inner-container is-layout-constrained wp-block-group-is-layout-constrained\">\n<div class=\"wp-block-group is-layout-grid wp-container-core-group-is-layout-9649a0d9 wp-block-group-is-layout-grid\">\n<p>          <img fetchpriority=\"high\" decoding=\"async\" width=\"150\" height=\"364\" class=\"wp-image-21174\" style=\"width: 150px;\" src=\"https:\/\/goias.gov.br\/iquego\/wp-content\/uploads\/sites\/16\/2025\/10\/Repelente-Spray.png\" alt=\"\" srcset=\"https:\/\/goias.gov.br\/iquego\/wp-content\/uploads\/sites\/16\/2025\/10\/Repelente-Spray.png 201w, https:\/\/goias.gov.br\/iquego\/wp-content\/uploads\/sites\/16\/2025\/10\/Repelente-Spray-124x300.png 124w\" sizes=\"(max-width: 150px) 100vw, 150px\" \/><\/p>\n\n\n\n<h2 class=\"wp-block-heading\"><\/h2>\n\n\n\n<p class=\"wp-container-content-e29552f7\"><br><br><strong>Apresenta\u00e7\u00e3o:<\/strong> frasco spray com v\u00e1lvula dosadora<br><strong>Volume:<\/strong> 100 mL<br><strong>Composi\u00e7\u00e3o:<\/strong> cont\u00e9m ativos como DEET em concentra\u00e7\u00e3o inteligente (8,5%), associada \u00e0 tecnologia exclusiva Propfilm LP\u00ae, que forma um filme invis\u00edvel sobre a pele. Essa tecnologia promove maior fixa\u00e7\u00e3o do ativo, desacelera a permea\u00e7\u00e3o cut\u00e2nea e contribui para uma a\u00e7\u00e3o repelente mais eficaz, prolongada e segura<br><strong>Efic\u00e1cia<\/strong>:<br>Efic\u00e1cia comprovada contra os principais vetores transmissores de doen\u00e7as, incluindo:<br>\u2013 <em>Aedes aegypti<\/em>;<br>\u2013 <em>Anopheles sp.<\/em>;<br>\u2013 <em>Culex quinquefasciatus<\/em>;<br>\u2013 Carrapatos.<br><strong>Indica\u00e7\u00e3o:<\/strong> uso corporal, f\u00e1cil aplica\u00e7\u00e3o, r\u00e1pida secagem. Possui textura leve, n\u00e3o oleosa, n\u00e3o pegajosa, com odor suave e agrad\u00e1vel, garantindo r\u00e1pida secagem e alto conforto cut\u00e2neo. Produto indicado para adultos e crian\u00e7as a partir de 2 anos.<br><\/p>\n\n\n\n<p class=\"wp-container-content-e29552f7\"><\/p>\n<\/div>\n<\/div><\/div>\n\n\n\n<hr class=\"wp-block-separator has-alpha-channel-opacity\"\/>\n\n\n\n<h2 class=\"wp-block-heading\"><\/h2>\n\n\n\n<div style=\"height:100px\" aria-hidden=\"true\" class=\"wp-block-spacer\"><\/div>\n\n\n\n<p><\/p>\n","protected":false},"excerpt":{"rendered":"<p>Repelente Spray Apresenta\u00e7\u00e3o: frasco spray com v\u00e1lvula dosadoraVolume: 100 mLComposi\u00e7\u00e3o: cont\u00e9m ativos como DEET em concentra\u00e7\u00e3o inteligente (8,5%), associada \u00e0 tecnologia exclusiva Propfilm LP\u00ae, que forma um filme invis\u00edvel sobre a pele. Essa tecnologia promove maior fixa\u00e7\u00e3o do ativo, desacelera a permea\u00e7\u00e3o cut\u00e2nea e contribui para uma a\u00e7\u00e3o repelente mais eficaz, prolongada e seguraEfic\u00e1cia:Efic\u00e1cia comprovada [&hellip;]<\/p>\n","protected":false},"author":632,"featured_media":0,"parent":0,"menu_order":0,"comment_status":"closed","ping_status":"closed","template":"","meta":{"footnotes":""},"class_list":["post-21169","page","type-page","status-publish","hentry"],"rttpg_featured_image_url":null,"rttpg_author":{"display_name":"ricardopeixoto","author_link":"https:\/\/goias.gov.br\/iquego\/author\/ricardopeixoto\/"},"rttpg_comment":0,"rttpg_category":null,"rttpg_excerpt":"Repelente Spray Apresenta\u00e7\u00e3o: frasco spray com v\u00e1lvula dosadoraVolume: 100 mLComposi\u00e7\u00e3o: cont\u00e9m ativos como DEET em concentra\u00e7\u00e3o inteligente (8,5%), associada \u00e0 tecnologia exclusiva Propfilm LP\u00ae, que forma um filme invis\u00edvel sobre a pele. Essa tecnologia promove maior fixa\u00e7\u00e3o do ativo, desacelera a permea\u00e7\u00e3o cut\u00e2nea e contribui para uma a\u00e7\u00e3o repelente mais eficaz, prolongada e seguraEfic\u00e1cia:Efic\u00e1cia comprovada&hellip;","_links":{"self":[{"href":"https:\/\/goias.gov.br\/iquego\/wp-json\/wp\/v2\/pages\/21169","targetHints":{"allow":["GET"]}}],"collection":[{"href":"https:\/\/goias.gov.br\/iquego\/wp-json\/wp\/v2\/pages"}],"about":[{"href":"https:\/\/goias.gov.br\/iquego\/wp-json\/wp\/v2\/types\/page"}],"author":[{"embeddable":true,"href":"https:\/\/goias.gov.br\/iquego\/wp-json\/wp\/v2\/users\/632"}],"replies":[{"embeddable":true,"href":"https:\/\/goias.gov.br\/iquego\/wp-json\/wp\/v2\/comments?post=21169"}],"version-history":[{"count":2,"href":"https:\/\/goias.gov.br\/iquego\/wp-json\/wp\/v2\/pages\/21169\/revisions"}],"predecessor-version":[{"id":23134,"href":"https:\/\/goias.gov.br\/iquego\/wp-json\/wp\/v2\/pages\/21169\/revisions\/23134"}],"wp:attachment":[{"href":"https:\/\/goias.gov.br\/iquego\/wp-json\/wp\/v2\/media?parent=21169"}],"curies":[{"name":"wp","href":"https:\/\/api.w.org\/{rel}","templated":true}]}}