

{"id":3476,"date":"2024-06-07T17:06:19","date_gmt":"2024-06-07T20:06:19","guid":{"rendered":"https:\/\/goias.gov.br\/institucional\/?page_id=3476"},"modified":"2026-01-06T11:48:44","modified_gmt":"2026-01-06T14:48:44","slug":"canais-de-atendimento","status":"publish","type":"page","link":"https:\/\/goias.gov.br\/institucional\/canais-de-atendimento\/","title":{"rendered":"Endere\u00e7os, Telefones, E-mails e Hor\u00e1rios de Atendimento"},"content":{"rendered":"\n<h5><i class=\"far fa-clock\" aria-hidden=\"true\"><\/i>\u00a0<span class=\"meta-prefix\">\u00daltima Atualiza\u00e7\u00e3o em 06 de janeiro de 2026<\/span><\/h5>\n<h4><span style=\"color: #008000;\">Pal\u00e1cio Pedro Ludovico Teixeira<\/span><\/h4>\n<p>Rua 82, n\u00ba 400 Ed. Pal\u00e1cio Pedro Ludovico Teixeira, 6\u00ba andar, Ala Oeste<br \/>Setor Central, Goi\u00e2nia\/GO \u2013 CEP: 74.015-908<br \/>E-mail:\u00a0<a href=\"mailto:secgeral.serint@goias.gov.br\" target=\"_blank\" rel=\"noopener\">secgeral.serint@goias.gov.br<\/a><br \/>Telefone: (62) 3237-5816<br \/>Atendimento: 08h \u00e0s 12h e 14h \u00e0s 18h<\/p>\n<h4><span style=\"color: #008000;\">Gabinete de Representa\u00e7\u00e3o de Goi\u00e1s no Distrito Federal<\/span><\/h4>\n<p>SAUS Quadra 1, Bloco M, Lote 04, 4\u00b0 Andar, Ed. Libertas<br \/>Asa Sul \u2013 Bras\u00edlia\/DF \u2013 CEP: 70070-935<br \/>E-mail:\u00a0<a href=\"mailto:gabdf.serint@goias.gov.br\">gabdf.serint@goias.gov.br<\/a><br \/>Telefone: (62) 3237-5820 \/ (62) 3237-5848<br \/>Atendimento: 08h \u00e0s 12h e 14h \u00e0s 18h<\/p>\n<p><strong>Ouvidoria Setorial<\/strong><br \/>E-mail:\u00a0<a href=\"mailto:ouvidoria.serint@goias.gov.br\">ouvidoria.serint@goias.gov.br<\/a><\/p>\n<p><strong>Imprensa<\/strong><br \/>E-mail:\u00a0<a href=\"mailto:comunicacao.serint@goias.gov.br\">comunicacao.serint@goias.gov.br<\/a><br \/>Telefone: (62) 3237-5852<\/p>\n","protected":false},"excerpt":{"rendered":"<p>\u00a0\u00daltima Atualiza\u00e7\u00e3o em 06 de janeiro de 2026 Pal\u00e1cio Pedro Ludovico Teixeira Rua 82, n\u00ba 400 Ed. Pal\u00e1cio Pedro Ludovico Teixeira, 6\u00ba andar, Ala OesteSetor Central, Goi\u00e2nia\/GO \u2013 CEP: 74.015-908E-mail:\u00a0secgeral.serint@goias.gov.brTelefone: (62) 3237-5816Atendimento: 08h \u00e0s 12h e 14h \u00e0s 18h Gabinete de Representa\u00e7\u00e3o de Goi\u00e1s no Distrito Federal SAUS Quadra 1, Bloco M, Lote 04, 4\u00b0 [&hellip;]<\/p>\n","protected":false},"author":62,"featured_media":0,"parent":0,"menu_order":0,"comment_status":"closed","ping_status":"closed","template":"","meta":{"footnotes":""},"class_list":["post-3476","page","type-page","status-publish","hentry"],"rttpg_featured_image_url":null,"rttpg_author":{"display_name":"italoreis","author_link":"https:\/\/goias.gov.br\/institucional\/author\/italoreis\/"},"rttpg_comment":0,"rttpg_category":null,"rttpg_excerpt":"\u00a0\u00daltima Atualiza\u00e7\u00e3o em 06 de janeiro de 2026 Pal\u00e1cio Pedro Ludovico Teixeira Rua 82, n\u00ba 400 Ed. Pal\u00e1cio Pedro Ludovico Teixeira, 6\u00ba andar, Ala OesteSetor Central, Goi\u00e2nia\/GO \u2013 CEP: 74.015-908E-mail:\u00a0secgeral.serint@goias.gov.brTelefone: (62) 3237-5816Atendimento: 08h \u00e0s 12h e 14h \u00e0s 18h Gabinete de Representa\u00e7\u00e3o de Goi\u00e1s no Distrito Federal SAUS Quadra 1, Bloco M, Lote 04, 4\u00b0&hellip;","_links":{"self":[{"href":"https:\/\/goias.gov.br\/institucional\/wp-json\/wp\/v2\/pages\/3476","targetHints":{"allow":["GET"]}}],"collection":[{"href":"https:\/\/goias.gov.br\/institucional\/wp-json\/wp\/v2\/pages"}],"about":[{"href":"https:\/\/goias.gov.br\/institucional\/wp-json\/wp\/v2\/types\/page"}],"author":[{"embeddable":true,"href":"https:\/\/goias.gov.br\/institucional\/wp-json\/wp\/v2\/users\/62"}],"replies":[{"embeddable":true,"href":"https:\/\/goias.gov.br\/institucional\/wp-json\/wp\/v2\/comments?post=3476"}],"version-history":[{"count":2,"href":"https:\/\/goias.gov.br\/institucional\/wp-json\/wp\/v2\/pages\/3476\/revisions"}],"predecessor-version":[{"id":41233,"href":"https:\/\/goias.gov.br\/institucional\/wp-json\/wp\/v2\/pages\/3476\/revisions\/41233"}],"wp:attachment":[{"href":"https:\/\/goias.gov.br\/institucional\/wp-json\/wp\/v2\/media?parent=3476"}],"curies":[{"name":"wp","href":"https:\/\/api.w.org\/{rel}","templated":true}]}}