

{"id":19849,"date":"2023-11-10T15:30:20","date_gmt":"2023-11-10T18:30:20","guid":{"rendered":"https:\/\/siteshom.goias.gov.br\/inovacao\/?page_id=19849"},"modified":"2024-07-08T22:00:07","modified_gmt":"2024-07-09T01:00:07","slug":"mapa-do-site","status":"publish","type":"page","link":"https:\/\/goias.gov.br\/inovacao\/mapa-do-site\/","title":{"rendered":"Mapa do Site"},"content":{"rendered":"<div id=\"custom-sitemap\" class=\"sitemap-container\"><div class='sitemap-group'><h3>A<\/h3><ul><li><a href='https:\/\/goias.gov.br\/inovacao\/acesso-a-informacao-sed\/' target='_blank'>ACESSO \u00c0 INFORMA\u00c7\u00c3O<\/a><\/li><li><a href='https:\/\/idm.cloud.go.gov.br\/SAAS\/auth\/login' target='_blank'>ACESSAR<\/a><\/li><li><a href='https:\/\/portal.al.go.leg.br\/' target='_blank'>ASSEMBLEIA LEGISLATIVA DO ESTADO DE GOI\u00c1S<\/a><\/li><li><a href='https:\/\/goias.gov.br\/inovacao\/agenda-de-autoridades\/' target='_blank'>AGENDA DE AUTORIDADES<\/a><\/li><li><a href='https:\/\/goias.gov.br\/inovacao\/acordos-sem-transferencia-de-recursos\/' target='_blank'>ACORDOS SEM TRANSFER\u00caNCIA DE RECURSOS<\/a><\/li><li><a href='https:\/\/goias.gov.br\/inovacao\/autoridade-de-monitoramento-da-aplicacao-da-lei\/' target='_blank'>AUTORIDADE DE MONITORAMENTO DA APLICA\u00c7\u00c3O DA LAI<\/a><\/li><li><a href='https:\/\/goias.gov.br\/inovacao\/audiencias-publicas\/' target='_blank'>AUDI\u00caNCIAS P\u00daBLICAS<\/a><\/li><\/ul><\/div><div class='sitemap-group'><h3>B<\/h3><ul><li><a href='https:\/\/backup.cloud.go.gov.br' target='_blank'>BACKUP<\/a><\/li><li><a href='https:\/\/goias.gov.br\/inovacao\/wp-content\/uploads\/sites\/26\/2025\/10\/RELATORIO-BEM-PERMANENTE-SECTI-24-09-2025.pdf' target='_blank'>BENS M\u00d3VEIS<\/a><\/li><li><a href='https:\/\/www.transparencia.go.gov.br\/wp-content\/uploads\/sites\/2\/painel\/lai.php?painel=bens_imoveis&orgao=sedi' target='_blank'>BENS IM\u00d3VEIS<\/a><\/li><li><a href='https:\/\/goias.gov.br\/economia\/prestacao-de-contas-de-governo\/' target='_blank'>BALAN\u00c7O GERAL DO ESTADO<\/a><\/li><\/ul><\/div><div class='sitemap-group'><h3>C<\/h3><ul><li><a href='https:\/\/www.go.gov.br\/servicos\/servicos-por-orgao\/secretaria-de-estado-de-ciencia-tecnologia-e-inovacao' target='_blank'>CARTA DE SERVI\u00c7OS<\/a><\/li><li><a href='https:\/\/goias.gov.br\/inovacao\/campus-party-2\/' target='_blank'>CAMPUS PARTY<\/a><\/li><li><a href='https:\/\/goias.gov.br\/inovacao\/cerrado-tech\/' target='_blank'>CERRADO TECH \u2013 INOVA\u00c7\u00c3O E SUSTENTABILIDADE<\/a><\/li><li><a href='https:\/\/goias.gov.br\/inovacao\/calendario-de-feiras-e-eventos-tecnologicos-nacionais-e-internacionais\/' target='_blank'>CALEND\u00c1RIO DE EVENTOS<\/a><\/li><li><a href='https:\/\/goias.gov.br\/inovacao\/chamamentos\/' target='_blank'>CHAMAMENTOS<\/a><\/li><li><a href='https:\/\/goias.gov.br\/inovacao\/convocacoes\/' target='_blank'>CONVOCA\u00c7\u00d5ES<\/a><\/li><li><a href='https:\/\/goias.gov.br\/inovacao\/programa-cidadao-tech\/' target='_blank'>CIDAD\u00c3O TECH 60+<\/a><\/li><li><a href='https:\/\/goias.gov.br\/inovacao\/cidadao-tech-campo\/' target='_blank'>CIDAD\u00c3O TECH CAMPO<\/a><\/li><li><a href='https:\/\/legisla.casacivil.go.gov.br\/pesquisa_legislacao\/103904\/decreto-9837' target='_blank'>C\u00d3DIGO DE \u00c9TICA<\/a><\/li><li><a href='https:\/\/goias.gov.br\/inovacao\/cargos-e-seus-ocupantes\/' target='_blank'>CARGOS E SEUS OCUPANTES<\/a><\/li><li><a href='https:\/\/goias.gov.br\/inovacao\/telefones-enderecos-e-horarios-de-atendimento\/' target='_blank'>CANAIS DE ATENDIMENTO<\/a><\/li><li><a href='https:\/\/goias.gov.br\/controladoria' target='_blank'>CONTROLADORIA-GERAL DO ESTADO DE GOI\u00c1S<\/a><\/li><li><a href='https:\/\/hubgoias.org\/' target='_blank'>CENTRO DE EXCEL\u00caNCIA EM EMPREENDEDORISMO INOVADOR - HUB GOI\u00c1S<\/a><\/li><li><a href='https:\/\/goias.gov.br\/governo\/cadastro-de-autoridade\/' target='_blank'>CADASTRO DE AUTORIDADES<\/a><\/li><li><a href='https:\/\/goias.gov.br\/inovacao\/competencias\/' target='_blank'>COMPET\u00caNCIAS<\/a><\/li><li><a href='https:\/\/goias.gov.br\/inovacao\/cargos-e-seus-ocupantes\/' target='_blank'>CARGOS E SEUS OCUPANTES<\/a><\/li><li><a href='https:\/\/goias.gov.br\/inovacao\/wp-content\/uploads\/sites\/26\/2025\/09\/SEI_78586720_Declaracao_5.pdf' target='_blank'>CONSELHOS<\/a><\/li><li><a href='https:\/\/goias.gov.br\/inovacao\/convenios\/' target='_blank'>CONV\u00caNIOS RECEBIDOS<\/a><\/li><li><a href='https:\/\/goias.gov.br\/inovacao\/convenios\/' target='_blank'>CONV\u00caNIOS CONCEDIDOS<\/a><\/li><li><a href='https:\/\/www.comprasnet.go.gov.br\/' target='_blank'>COMPRASNET<\/a><\/li><li><a href='https:\/\/www.transparencia.go.gov.br\/lai.php?painel=contratos_detalhamento&orgao=sedi' target='_blank'>CONTRATOS<\/a><\/li><li><a href='https:\/\/www.transparencia.go.gov.br\/wp-content\/uploads\/sites\/2\/painel\/lai.php?painel=contratos_emergenciais&orgao=sedi' target='_blank'>CONTRATOS EMERGENCIAIS<\/a><\/li><li><a href='https:\/\/goias.gov.br\/inovacao\/contratos-de-locacao-de-imoveis\/' target='_blank'>CONTRATOS DE LOCA\u00c7\u00c3O DE IM\u00d3VEIS<\/a><\/li><li><a href='https:\/\/goias.gov.br\/inovacao\/classificacao-das-informacoes-sigilosas-2\/' target='_blank'>CLASSIFICA\u00c7\u00c3O DAS INFORMA\u00c7\u00d5ES SIGILOSAS<\/a><\/li><li><a href='https:\/\/goias.gov.br\/inovacao\/consultas-publicas\/' target='_blank'>CONSULTAS P\u00daBLICAS<\/a><\/li><\/ul><\/div><div class='sitemap-group'><h3>D<\/h3><ul><li><a href='https:\/\/dadosabertos.go.gov.br\/' target='_blank'>DADOS ABERTOS<\/a><\/li><li><a href='https:\/\/www.go.gov.br\/servicos-digitais\/cge\/nova-ouvidoria\/nova-manifestacao\/tela-negativo?orgao=36' target='_blank'>DENUNCIAS CONTRA CORRUP\u00c7\u00c3O<\/a><\/li><li><a href='http:\/\/diariooficial.abc.go.gov.br\/' target='_blank'>DI\u00c1RIO OFICIAL<\/a><\/li><li><a href='https:\/\/dadosabertos.go.gov.br\/' target='_blank'>DADOS ABERTOS GOI\u00c1S<\/a><\/li><li><a href='https:\/\/goias.gov.br\/inovacao\/doacoes-recebidas\/' target='_blank'>DOA\u00c7\u00d5ES<\/a><\/li><li><a href='https:\/\/www.transparencia.go.gov.br\/lai.php?painel=diarias&orgao=sedi' target='_blank'>DI\u00c1RIAS<\/a><\/li><\/ul><\/div><div class='sitemap-group'><h3>E<\/h3><ul><li><a href='https:\/\/goias.gov.br\/inovacao\/ecossistema-de-inovacao\/' target='_blank'>ECOSSISTEMA DE INOVA\u00c7\u00c3O<\/a><\/li><li><a href='https:\/\/goias.gov.br\/inovacao\/escola-do-futuro\/' target='_blank'>ESCOLAS DO FUTURO DE GOI\u00c1S<\/a><\/li><li><a href='https:\/\/goias.gov.br\/inovacao\/embaixadores-da-inovacao-2\/' target='_blank'>EMBAIXADORES DA INOVA\u00c7\u00c3O<\/a><\/li><li><a href='https:\/\/goias.gov.br\/inovacao\/e-goias-transformacao-digital-dos-municipios\/' target='_blank'>E-GOI\u00c1S TRANSFORMA\u00c7\u00c3O DIGITAL DOS MUNIC\u00cdPIOS<\/a><\/li><li><a href='https:\/\/goias.gov.br\/inovacao\/e-goias-empresa\/' target='_blank'>E-GOI\u00c1S TRANSFORMA\u00c7\u00c3O DIGITAL DAS EMPRESAS<\/a><\/li><li><a href='https:\/\/www.go.gov.br\/servicos-digitais\/cge\/nova-ouvidoria\/pedido-informacao-publica?orgao=36&tipo_manifestacao=7' target='_blank'>E-SIC<\/a><\/li><li><a href='https:\/\/www.go.gov.br\/' target='_blank'>EXPRESSO<\/a><\/li><li><a href='https:\/\/goias.gov.br\/inovacao\/embaixadores-da-inovacao-2\/' target='_blank'>EMBAIXADORES<\/a><\/li><li><a href='https:\/\/efg.org.br\/' target='_blank'>ESCOLAS DO FUTURO DO ESTADO DE GOI\u00c1S<\/a><\/li><li><a href='https:\/\/basileufranca.com.br\/' target='_blank'>EFG EM ARTES BASILEU FRAN\u00c7A<\/a><\/li><li><a href='https:\/\/www.go.gov.br\/servicos-digitais\/cge\/nova-ouvidoria\/pedido-informacao-publica?orgao=36&tipo_manifestacao=7' target='_blank'>E-SIC - SERVI\u00c7O ELETR\u00d4NICO DE INFORMA\u00c7\u00c3O AO CIDAD\u00c3O<\/a><\/li><li><a href='https:\/\/www.go.gov.br\/' target='_blank'>EXPRESSO GOI\u00c1S<\/a><\/li><li><a href='https:\/\/portal.go.gov.br\/' target='_blank'>EXPRESSO APLICA\u00c7\u00d5ES<\/a><\/li><li><a href='https:\/\/www.go.gov.br\/' target='_blank'>EXPRESSO SERVIDOR<\/a><\/li><li><a href='https:\/\/goias.gov.br\/escoladegoverno\/' target='_blank'>ESCOLA DE GOVERNO<\/a><\/li><li><a href='https:\/\/goias.gov.br\/administracao\/secretaria-de-desenvolvimento-economicocientifico-e-tecnologico-agricultura-pecuaria-e-irrigacao-dados-gerais\/' target='_blank'>ESTRUTURA ORGANIZACIONAL<\/a><\/li><li><a href='https:\/\/goias.gov.br\/inovacao\/telefones-enderecos-e-horarios-de-atendimento\/' target='_blank'>ENDERE\u00c7OS, TELEFONES, E-MAILS E HOR\u00c1RIOS DE ATENDIMENTO<\/a><\/li><li><a href='https:\/\/www.transparencia.go.gov.br\/lai.php?painel=empenhos&orgao=sedi' target='_blank'>EMPENHOS E PAGAMENTOS<\/a><\/li><li><a href='https:\/\/www.transparencia.go.gov.br\/lai.php?painel=execucao_orcamentaria_visao_geral&orgao=sedi' target='_blank'>EXECU\u00c7\u00c3O OR\u00c7AMENT\u00c1RIA<\/a><\/li><li><a href='https:\/\/goias.gov.br\/inovacao\/emendas-parlamentares-estaduais\/' target='_blank'>EMENDAS PARLAMENTARES ESTADUAIS<\/a><\/li><li><a href='https:\/\/app.powerbi.com\/view?r=eyJrIjoiMWFlODc2MDktMzZmNi00MzU3LTlhNjgtNTMyYjA2M2E4M2ZlIiwidCI6IjY3ZmQ0MzFjLWIyYWQtNDg2Ny04MWJjLWQ3NTYyMjBiNTZkNCJ9' target='_blank'>EMENDAS PARLAMENTARES FEDERAIS<\/a><\/li><li><a href='https:\/\/www.go.gov.br\/servicos-digitais\/cge\/nova-ouvidoria\/nova-manifestacao?orgao=36' target='_blank'>E-SIC ELETR\u00d4NICO<\/a><\/li><li><a href='https:\/\/goias.gov.br\/inovacao\/lgbd\/' target='_blank'>ENCARREGADO PELO TRATAMENTO DOS DADOS PESSOAIS<\/a><\/li><li><a href='https:\/\/legisla.casacivil.go.gov.br\/pesquisa_legislacao\/103658\/lei-20937' target='_blank'>EXTINTO PELA LEI ESTADUAL N\u00ba 20.937, DE 28 DE DEZEMBRO DE 2020.<\/a><\/li><\/ul><\/div><div class='sitemap-group'><h3>F<\/h3><ul><li><a href='https:\/\/goias.gov.br\/inovacao\/fale-conosco\/' target='_blank'>FALE CONOSCO<\/a><\/li><li><a href='https:\/\/goias.gov.br\/fapeg\/' target='_blank'>FUNDA\u00c7\u00c3O DE AMPARO \u00c0 PESQUISA DO ESTADO DE GOI\u00c1S<\/a><\/li><li><a href='https:\/\/www.facebook.com\/sectigoias' target='_blank'>FACEBOOK<\/a><\/li><li><a href='https:\/\/www.transparencia.go.gov.br\/lai.php?painel=folha_de_pagamento_salarios_de_servidores_ativos&orgao=sedi' target='_blank'>FOLHA DE PAGAMENTO<\/a><\/li><li><a href='https:\/\/legisla.casacivil.go.gov.br\/api\/v2\/pesquisa\/legislacoes\/105297\/pdf' target='_blank'>FUNDO ESPECIAL DE IMPLANTA\u00c7\u00c3O DO PROGRAMA VE\u00cdCULO LEVE SOBRE TRILHOS - FVLT: TRANSFERIDO PARA A SECRETARIA-GERAL DA GOVERNADORIA - SGG, CONFORME  LEI ESTADUAL N\u00ba 21.297<\/a><\/li><li><a href='https:\/\/legisla.casacivil.go.gov.br\/pesquisa_legislacao\/100701\/lei-20491' target='_blank'>FUNDO ESPECIAL DE IMPLANTA\u00c7\u00c3O DO PROGRAMA VE\u00cdCULO LEVE SOBRE TRILHOS - FVLT: TRANSFERIDO PARA A SECRETARIA-GERAL DA GOVERNADORIA - SGG, CONFORME  LEI ESTADUAL N\u00ba 20.491<\/a><\/li><li><a href='https:\/\/legisla.casacivil.go.gov.br\/api\/v2\/pesquisa\/legislacoes\/105297\/pdf' target='_blank'>FUNDO ESTADUAL DE HABITA\u00c7\u00c3O DE INTERESSE SOCIAL - FEHIS: TRANSFERIDO PARA A SECRETARIA-GERAL DA GOVERNADORIA - SGG, CONFORME  LEI ESTADUAL N\u00ba 21.297,<\/a><\/li><li><a href='https:\/\/legisla.casacivil.go.gov.br\/pesquisa_legislacao\/100701\/lei-20491' target='_blank'>FUNDO ESTADUAL DE HABITA\u00c7\u00c3O DE INTERESSE SOCIAL - FEHIS: TRANSFERIDO PARA A SECRETARIA-GERAL DA GOVERNADORIA - SGG, CONFORME  LEI ESTADUAL N\u00ba 20.491,<\/a><\/li><\/ul><\/div><div class='sitemap-group'><h3>G<\/h3><ul><li><a href='https:\/\/goias.gov.br\/inovacao\/goias-pelo-mundo\/' target='_blank'>GOI\u00c1S PELO MUNDO<\/a><\/li><li><a href='https:\/\/goias.gov.br\/inovacao\/guia-do-marco-legal-da-inovacao\/' target='_blank'>GUIA DO MARCO LEGAL DA INOVA\u00c7\u00c3O DE GOI\u00c1S<\/a><\/li><li><a href='https:\/\/mgmt-dc01.cloud.go.gov.br' target='_blank'>GERENCIAMENTO<\/a><\/li><li><a href='https:\/\/www.gov.br\/' target='_blank'>GOVERNO FEDERAL<\/a><\/li><li><a href='https:\/\/transparencia.go.gov.br\/' target='_blank'>GOI\u00c1S TRANSPAR\u00caNCIA<\/a><\/li><li><a href='https:\/\/www.transparencia.go.gov.br\/lai.php?painel=gastos_governamentais&orgao=sedi' target='_blank'>GASTOS GOVERNAMENTAIS<\/a><\/li><li><a href='https:\/\/www.transparencia.go.gov.br\/lai.php?painel=publicidade_propaganda&orgao=sedi' target='_blank'>GASTOS EM PUBLICIDADE E PROPAGANDA<\/a><\/li><\/ul><\/div><div class='sitemap-group'><h3>H<\/h3><ul><li><a href='https:\/\/goias.gov.br\/inovacao\/hub-goias\/' target='_blank'>HUB GOI\u00c1S<\/a><\/li><\/ul><\/div><div class='sitemap-group'><h3>I<\/h3><ul><li><a href='https:\/\/goias.gov.br\/inovacao\/institucional\/' target='_blank'>INSTITUCIONAL<\/a><\/li><li><a href='https:\/\/goias.gov.br\/inovacao\/incubadoras-de-empresas\/' target='_blank'>INCUBADORAS DE EMPRESAS<\/a><\/li><li><a href='\/inovacao\/inovaexport\/' target='_blank'>INOVA EXPORT<\/a><\/li><li><a href='https:\/\/goias.gov.br\/inovacao\/indicadores-cti\/' target='_blank'>INDICADORES CTI<\/a><\/li><li><a href='https:\/\/goias.gov.br\/iquego\/' target='_blank'>IND\u00daSTRIA QU\u00cdMICA DO ESTADO DE GOI\u00c1S<\/a><\/li><li><a href='https:\/\/www.instagram.com\/sectigoias' target='_blank'>INSTAGRAM<\/a><\/li><li><a href='https:\/\/www.transparencia.go.gov.br\/wp-content\/uploads\/sites\/2\/painel\/lai.php?painel=pda&orgao=sedi' target='_blank'>INVENT\u00c1RIO DE DADOS<\/a><\/li><\/ul><\/div><div class='sitemap-group'><h3>J<\/h3><ul><li><a href='https:\/\/goias.gov.br\/inovacao\/julgamento-das-contas-pelo-tce-go\/' target='_blank'>JULGAMENTO DAS CONTAS PELO TCE-GO<\/a><\/li><\/ul><\/div><div class='sitemap-group'><h3>L<\/h3><ul><li><a href='https:\/\/goias.gov.br\/inovacao\/start\/' target='_blank'>LABORAT\u00d3RIOS START - CURSOS<\/a><\/li><li><a href='https:\/\/goias.gov.br\/inovacao\/lgpd\/' target='_blank'>LGPD<\/a><\/li><li><a href='https:\/\/lgpd.go.gov.br\/' target='_blank'>LGPD<\/a><\/li><li><a href='\/inovacao\/legislacao-aplicavel-2\/' target='_blank'>LEGISLA\u00c7\u00c3O APLIC\u00c1VEL<\/a><\/li><li><a href='https:\/\/www.transparencia.go.gov.br\/wp-content\/uploads\/sites\/2\/painel\/lai.php?painel=folha_de_pagamento_salarios_de_estagiarios_ativos&orgao=sedi' target='_blank'>LISTA DE ESTAGI\u00c1RIOS<\/a><\/li><li><a href='https:\/\/www.transparencia.go.gov.br\/wp-content\/uploads\/sites\/2\/painel\/lai.php?painel=licitacoes_licitacoes_concluidas&orgao=sedi' target='_blank'>LICITA\u00c7\u00d5ES - COMPRASNET<\/a><\/li><li><a href='https:\/\/www.transparencia.go.gov.br\/wp-content\/uploads\/sites\/2\/painel\/lai.php?painel=licitacoes_concluidas_sislog&orgao=sedi' target='_blank'>LICITA\u00c7\u00d5ES - SISLOG<\/a><\/li><li><a href='https:\/\/transparencia.go.gov.br\/fornecedores-impedidos\/' target='_blank'>LICITANTES SANCIONADOS ADMINISTRATIVAMENTE<\/a><\/li><li><a href='https:\/\/transparencia.go.gov.br\/orcamento-e-planejamento-pecas\/' target='_blank'>LDO\/LOA<\/a><\/li><li><a href='https:\/\/legisla.casacivil.go.gov.br\/pesquisa_legislacao\/90142\/lei-18025' target='_blank'>LEI DE ACESSO \u00c0 INFORMA\u00c7\u00c3O ESTADUAL<\/a><\/li><li><a href='https:\/\/legisla.casacivil.go.gov.br\/pesquisa_legislacao\/101141\/lei-complementar-154' target='_blank'>LEI COMPLEMENTAR N\u00ba 154, DE 30 DE JANEIRO DE 2020.<\/a><\/li><\/ul><\/div><div class='sitemap-group'><h3>M<\/h3><ul><li><a href='https:\/\/operations.cloud.go.gov.br' target='_blank'>MONITORA\u00c7\u00c3O<\/a><\/li><li><a href='https:\/\/www.mpgo.mp.br\/portal\/' target='_blank'>MINIST\u00c9RIO P\u00daBLICO DO ESTADO DE GOI\u00c1S<\/a><\/li><li><a href='https:\/\/goias.gov.br\/inovacao\/wp-content\/uploads\/sites\/26\/2025\/06\/Relatorio-de-monitoramento-e-acompanhamento-dos-programasprojetos-acoes-e-atividades-da-SECTI.pdf' target='_blank'>MONITORAMENTO DE PROGRAMAS, PROJETOS, A\u00c7\u00d5ES E ATIVIDADES<\/a><\/li><\/ul><\/div><div class='sitemap-group'><h3>N<\/h3><ul><li><a href='https:\/\/goias.gov.br\/inovacao\/negocios-inovadores-de-impacto-socioambiental-niis\/' target='_blank'>NEG\u00d3CIOS DE IMPACTO SOCIOAMBIENTAL (NIS)<\/a><\/li><li><a href='https:\/\/goias.gov.br\/inovacao\/nossa-historia\/' target='_blank'>NOSSA HIST\u00d3RIA<\/a><\/li><li><a href='https:\/\/goias.gov.br\/inovacao\/categoria\/noticias\/' target='_blank'>NOT\u00cdCIAS<\/a><\/li><\/ul><\/div><div class='sitemap-group'><h3>O<\/h3><ul><li><a href='https:\/\/goias.gov.br\/inovacao\/olimpiada-de-ia\/' target='_blank'>OLIMP\u00cdADA DE IA<\/a><\/li><li><a href='https:\/\/goias.gov.br\/observatoriodeinovacao\/' target='_blank'>OBSERVAT\u00d3RIO DE INOVA\u00c7\u00c3O EM POL\u00cdTICAS P\u00daBLICAS DE GOI\u00c1S<\/a><\/li><li><a href='https:\/\/www.go.gov.br\/servicos-digitais\/cge\/nova-ouvidoria?orgao=36' target='_blank'>OUVIDORIA<\/a><\/li><li><a href='https:\/\/goias.gov.br\/inovacao\/transparencia-regionais\/' target='_blank'>OS TRANSPAR\u00caNCIA<\/a><\/li><li><a href='https:\/\/www.go.gov.br\/servicos-digitais\/cge\/nova-ouvidoria?orgao=36' target='_blank'>OUVIDORIA SETORIAL<\/a><\/li><li><a href='https:\/\/goias.gov.br\/inovacao\/ouvidoria-setorial\/' target='_blank'>OUVIDORIA SETORIAL (PRESENCIAL)<\/a><\/li><li><a href='https:\/\/www.transparencia.go.gov.br\/wp-content\/uploads\/sites\/2\/painel\/lai.php?painel=ordem_cronologica_despesas&orgao=sedi' target='_blank'>ORDEM CRONOL\u00d3GICA DE PAGAMENTOS<\/a><\/li><li><a href='https:\/\/app.powerbi.com\/view?r=eyJrIjoiYjEyNmFiMWItYTY3OC00MjYyLWI4ZDktYjVjOTU1ZTAzYWI4IiwidCI6IjY3ZmQ0MzFjLWIyYWQtNDg2Ny04MWJjLWQ3NTYyMjBiNTZkNCJ9&pageName=ReportSectiond755217298c2706b71dc' target='_blank'>OBRAS<\/a><\/li><li><a href='https:\/\/app.powerbi.com\/view?r=eyJrIjoiYjEyNmFiMWItYTY3OC00MjYyLWI4ZDktYjVjOTU1ZTAzYWI4IiwidCI6IjY3ZmQ0MzFjLWIyYWQtNDg2Ny04MWJjLWQ3NTYyMjBiNTZkNCJ9&pageName=ReportSection8f435ccde7de8820eb54' target='_blank'>OBRAS PARALISADAS<\/a><\/li><li><a href='https:\/\/goias.gov.br\/inovacao\/relacao-de-obras-audiencias-consultas-publicas\/' target='_blank'>OBRAS - AUDI\u00caNCIAS\/CONSULTAS P\u00daBLICAS<\/a><\/li><li><a href='https:\/\/goias.gov.br\/inovacao\/ouvidoria\/' target='_blank'>OUVIDORIA - ATENDIMENTO PRESENCIAL<\/a><\/li><\/ul><\/div><div class='sitemap-group'><h3>P<\/h3><ul><li><a href='https:\/\/www.goiaspelainovacao.org.br\/pacto-goias' target='_blank'>PACTO GOI\u00c1S PELA INOVA\u00c7\u00c3O<\/a><\/li><li><a href='https:\/\/goias.gov.br\/inovacao\/programa-goiano-de-parques-tecnologicos-pgtec\/' target='_blank'>PARQUES TECNOL\u00d3GICOS<\/a><\/li><li><a href='https:\/\/goias.gov.br\/inovacao\/programa-sukatech\/' target='_blank'>PROGRAMA SUKATECH<\/a><\/li><li><a href='https:\/\/goias.gov.br\/inovacao\/pronatec\/' target='_blank'>PRONATEC<\/a><\/li><li><a href='https:\/\/goias.gov.br\/inovacao\/programa-goianas-na-ciencia-e-inovacao\/' target='_blank'>PROGRAMA GOIANAS NA CI\u00caNCIA E INOVA\u00c7\u00c3O<\/a><\/li><li><a href='https:\/\/goias.gov.br\/inovacao\/plano-diretor-para-a-educacao-superior-de-goias-2024-2033\/' target='_blank'>PLANO DIRETOR DA EDUCA\u00c7\u00c3O SUPERIOR EM GOI\u00c1S (2024 - 2033)<\/a><\/li><li><a href='https:\/\/selecao.go.gov.br\/edital\/edital-n-0032025seadsecti_processo-seletivo-simplificado_secti%7C80' target='_blank'>PROCESSO SELETIVO - 003\/2025<\/a><\/li><li><a href='https:\/\/goias.gov.br\/inovacao\/processo-seletivo-simplificado-contrato-temporario\/' target='_blank'>PROCESSOS SELETIVOS - 001\/2021<\/a><\/li><li><a href='https:\/\/goias.gov.br\/inovacao\/programa-de-compliance-publico-do-governo-de-goias\/' target='_blank'>PROGRAMA COMPLIANCE<\/a><\/li><li><a href='https:\/\/transparencia.go.gov.br\/' target='_blank'>PORTAL DA TRANSPAR\u00caNCIA<\/a><\/li><li><a href='https:\/\/goias.gov.br\/controladoria\/programa-de-compliance-publico-do-governo-de-goias\/' target='_blank'>PCP<\/a><\/li><li><a href='https:\/\/goias.gov.br\/inovacao\/categoria\/programa-compliance-noticias\/' target='_blank'>PROGRAMA COMPLIANCE - NOT\u00cdCIA<\/a><\/li><li><a href='https:\/\/goias.gov.br\/procuradoria\/' target='_blank'>PROCURADORIA-GERAL DO ESTADO DE GOI\u00c1S<\/a><\/li><li><a href='https:\/\/colaborador.inovacao.go.gov.br\/' target='_blank'>PORTAL DO COLABORADOR<\/a><\/li><li><a href='https:\/\/goias.gov.br\/inovacao\/programa-de-compliance-publico-do-governo-de-goias\/' target='_blank'>PROGRAMA DE COMPLIANCE P\u00daBLICO - PCP<\/a><\/li><li><a href='https:\/\/sislog.go.gov.br\/pca' target='_blank'>PCA - PLANO DE CONTRATA\u00c7\u00d5ES ANUAL<\/a><\/li><li><a href='https:\/\/www.gov.br\/pncp\/pt-br\/acesso-a-informacao\/painel-pncp-em-numeros\/pncp-em-numeros-contratacoes\/pncp-em-numeros-municipio' target='_blank'>PNCP<\/a><\/li><li><a href='https:\/\/www.transparencia.go.gov.br\/wp-content\/uploads\/sites\/2\/painel\/lai.php?painel=contratos_parcerias&orgao=sedi' target='_blank'>PARCERIAS COM OSCS<\/a><\/li><li><a href='https:\/\/goias.gov.br\/inovacao\/wp-content\/uploads\/sites\/26\/2025\/06\/Planejamento-Estrategico-SECTI-2024-2027-Atual.pdf' target='_blank'>PLANO ESTRAT\u00c9GICO INSTITUCIONAL<\/a><\/li><li><a href='https:\/\/ppa.go.gov.br\/' target='_blank'>PPA<\/a><\/li><li><a href='https:\/\/www.planalto.gov.br\/ccivil_03\/_ato2015-2018\/2018\/lei\/l13709.htm' target='_blank'>POL\u00cdTICA DE PRIVACIDADE E PROTE\u00c7\u00c3O DE DADOS<\/a><\/li><li><a href='https:\/\/app.powerbi.com\/view?r=eyJrIjoiNmRhN2MzZmYtMWZkMi00ODdmLWJhNGQtYTJkODcwNDJlMTU4IiwidCI6IjY3ZmQ0MzFjLWIyYWQtNDg2Ny04MWJjLWQ3NTYyMjBiNTZkNCJ9' target='_blank'>PESQUISA DE SATISFA\u00c7\u00c3O<\/a><\/li><li><a href='https:\/\/www.transparencia.go.gov.br\/' target='_blank'>PORTAL GOI\u00c1S TRANSPARENTE<\/a><\/li><li><a href='https:\/\/goias.gov.br\/inovacao\/projetos-de-participacao-social\/' target='_blank'>PROJETOS DE PARTICIPA\u00c7\u00c3O SOCIAL<\/a><\/li><li><a href='https:\/\/goias.gov.br\/inovacao\/projetos-de-inovacao-no-servico-publico\/' target='_blank'>PROJETOS DE INOVA\u00c7\u00c3O NO SERVI\u00c7O P\u00daBLICO<\/a><\/li><\/ul><\/div><div class='sitemap-group'><h3>R<\/h3><ul><li><a href='https:\/\/goias.gov.br\/inovacao\/radar-de-editais\/' target='_blank'>RADAR DE EDITAIS<\/a><\/li><li><a href='https:\/\/radardatransparencia.atricon.org.br\/' target='_blank'>RADAR DA TRANSPAR\u00caNCIA<\/a><\/li><li><a href='https:\/\/goias.gov.br\/inovacao\/desenvolvimento-inovacao-e-tecnologia-em-revista\/' target='_blank'>REVISTAS<\/a><\/li><li><a href='https:\/\/www.transparencia.go.gov.br\/lai.php?painel=receitas_estaduais&orgao=sedi' target='_blank'>RECEITA ESTADUAL<\/a><\/li><li><a href='https:\/\/goias.gov.br\/inovacao\/relacao-de-terceirizados\/' target='_blank'>RELA\u00c7\u00c3O DE TERCEIRIZADOS<\/a><\/li><li><a href='https:\/\/www.transparencia.go.gov.br\/wp-content\/uploads\/sites\/2\/painel\/lai.php?painel=contratos_fiscais_e_gestores&orgao=sedi' target='_blank'>RELA\u00c7\u00c3O DOS FISCAIS DOS CONTRATOS<\/a><\/li><li><a href='https:\/\/goias.gov.br\/inovacao\/wp-content\/uploads\/sites\/26\/2025\/06\/SEI_75078233_Declaracao_1-2.pdf' target='_blank'>RELA\u00c7\u00c3O DE VE\u00cdCULOS<\/a><\/li><li><a href='https:\/\/goias.gov.br\/inovacao\/relatorio-de-gestao-ou-atividades\/' target='_blank'>RELAT\u00d3RIO DE GEST\u00c3O OU ATIVIDADES<\/a><\/li><li><a href='https:\/\/transparencia.go.gov.br\/gestao-fiscal-e-governamental-rgf\/' target='_blank'>RGF<\/a><\/li><li><a href='https:\/\/transparencia.go.gov.br\/rreo\/' target='_blank'>RREO<\/a><\/li><li><a href='https:\/\/goias.gov.br\/inovacao\/relatorio-quadrimestral-de-manifestacoes-da-ouvidoria\/' target='_blank'>RELAT\u00d3RIO DE GEST\u00c3O DE OUVIDORIA<\/a><\/li><\/ul><\/div><div class='sitemap-group'><h3>S<\/h3><ul><li><a href='https:\/\/goias.gov.br\/administracao\/siga-eng\/' target='_blank'>SIGA<\/a><\/li><li><a href='https:\/\/www.go.gov.br\/unidadesvaptvupt' target='_blank'>SIC - SERVI\u00c7O DE INFORMA\u00c7\u00c3O AO CIDAD\u00c3O<\/a><\/li><li><a href='https:\/\/sei.go.gov.br\/sei\/modulos\/goias\/login-sei\/MdGoiasLoginSEI.php?acao=md_goias_login_SEI&sigla_orgao_sistema=GOVERNADORIA&sigla_sistema=SEI&infra_url=L3NlaS8=' target='_blank'>SEI GOVERNADORIA<\/a><\/li><li><a href='https:\/\/goias.gov.br\/inovacao\/perguntas-e-respostas-3\/' target='_blank'>SOBRE ECOSSISTEMA DE INOVA\u00c7\u00c3O \u2013 TERMOS E CONCEITOS - FOMENTOS<\/a><\/li><li><a href='https:\/\/goias.gov.br\/inovacao\/o-que-sao-as-escolas-do-futuro-de-goias\/' target='_blank'>SOBRE\u00a0ESCOLAS DO FUTURO DE GOI\u00c1S <\/a><\/li><li><a href='https:\/\/goias.gov.br\/inovacao\/sobre-o-hub-goias\/' target='_blank'>SOBRE O HUB GOI\u00c1S<\/a><\/li><li><a href='https:\/\/goias.gov.br\/inovacao\/internacionalizacao-de-empreendimentos-inovadores' target='_blank'>SOBRE INTERNACIONALIZA\u00c7\u00c3O DE EMPREENDIMENTOS INOVADORES<\/a><\/li><li><a href='https:\/\/goias.gov.br\/inovacao\/govtech-programa-de-inovacao-aberta' target='_blank'>SOBRE O PROGRAMA GOVTECH<\/a><\/li><li><a href='https:\/\/sislog.go.gov.br\/' target='_blank'>SISLOG<\/a><\/li><li><a href='https:\/\/www.go.gov.br\/servicos-digitais\/vapt-vupt\/unidades-e-filas\/unidades' target='_blank'>SIC F\u00cdSICO - UNIDADES DO VAPT VUPT\u00a0<\/a><\/li><\/ul><\/div><div class='sitemap-group'><h3>T<\/h3><ul><li><a href='https:\/\/goias.gov.br\/inovacao\/transformacao-digital\/' target='_blank'>TRANSFORMA\u00c7\u00c3O DIGITAL<\/a><\/li><li><a href='https:\/\/www.tjgo.jus.br\/' target='_blank'>TRIBUNAL DE JUSTI\u00c7A DO ESTADO DE GOI\u00c1S<\/a><\/li><\/ul><\/div><div class='sitemap-group'><h3>Y<\/h3><ul><li><a href='https:\/\/www.youtube.com\/channel\/UCtSdllnND82fjge4x_Z5t3Q' target='_blank'>YOUTUBE<\/a><\/li><\/ul><\/div><\/div>\n","protected":false},"excerpt":{"rendered":"","protected":false},"author":222,"featured_media":0,"parent":0,"menu_order":0,"comment_status":"closed","ping_status":"closed","template":"","meta":{"footnotes":""},"class_list":["post-19849","page","type-page","status-publish","hentry"],"rttpg_featured_image_url":null,"rttpg_author":{"display_name":"diegomsilva","author_link":"https:\/\/goias.gov.br\/inovacao\/author\/diegomsilva\/"},"rttpg_comment":0,"rttpg_category":null,"rttpg_excerpt":null,"_links":{"self":[{"href":"https:\/\/goias.gov.br\/inovacao\/wp-json\/wp\/v2\/pages\/19849","targetHints":{"allow":["GET"]}}],"collection":[{"href":"https:\/\/goias.gov.br\/inovacao\/wp-json\/wp\/v2\/pages"}],"about":[{"href":"https:\/\/goias.gov.br\/inovacao\/wp-json\/wp\/v2\/types\/page"}],"author":[{"embeddable":true,"href":"https:\/\/goias.gov.br\/inovacao\/wp-json\/wp\/v2\/users\/222"}],"replies":[{"embeddable":true,"href":"https:\/\/goias.gov.br\/inovacao\/wp-json\/wp\/v2\/comments?post=19849"}],"version-history":[{"count":2,"href":"https:\/\/goias.gov.br\/inovacao\/wp-json\/wp\/v2\/pages\/19849\/revisions"}],"predecessor-version":[{"id":41941,"href":"https:\/\/goias.gov.br\/inovacao\/wp-json\/wp\/v2\/pages\/19849\/revisions\/41941"}],"wp:attachment":[{"href":"https:\/\/goias.gov.br\/inovacao\/wp-json\/wp\/v2\/media?parent=19849"}],"curies":[{"name":"wp","href":"https:\/\/api.w.org\/{rel}","templated":true}]}}