

{"id":6123,"date":"2023-11-16T10:32:11","date_gmt":"2023-11-16T13:32:11","guid":{"rendered":"https:\/\/siteshom.goias.gov.br\/industriaecomercio\/?page_id=6123"},"modified":"2026-02-26T17:42:52","modified_gmt":"2026-02-26T20:42:52","slug":"investe-goias","status":"publish","type":"page","link":"https:\/\/goias.gov.br\/industriaecomercio\/investe-goias\/","title":{"rendered":"Investe Goi\u00e1s"},"content":{"rendered":"\t\t<div data-elementor-type=\"wp-page\" data-elementor-id=\"6123\" class=\"elementor elementor-6123\">\n\t\t\t\t<div class=\"elementor-element elementor-element-ecb4104 e-flex e-con-boxed e-con e-parent\" data-id=\"ecb4104\" data-element_type=\"container\" data-e-type=\"container\">\n\t\t\t\t\t<div class=\"e-con-inner\">\n\t\t<div class=\"elementor-element elementor-element-840bbb7 e-con-full e-flex e-con e-child\" data-id=\"840bbb7\" data-element_type=\"container\" data-e-type=\"container\">\n\t\t\t\t<div class=\"elementor-element elementor-element-4c89fea elementor-widget elementor-widget-shortcode\" data-id=\"4c89fea\" data-element_type=\"widget\" data-e-type=\"widget\" data-widget_type=\"shortcode.default\">\n\t\t\t\t\t\t\t<div class=\"elementor-shortcode\"><div data-post-id=\"2378\" class=\"insert-page insert-page-2378 \"><h1 class='insert-page-title'>Investe Goi\u00e1s<\/h1><p>O Gabinete de Gest&atilde;o da Promo&ccedil;&atilde;o e Atra&ccedil;&atilde;o de Investimentos e Neg&oacute;cios &ndash; INVESTE GOI&Aacute;S tem como objetivo apoiar, orientar e incentivar empresas, nacionais ou estrangeiras, a se estabelecerem no Estado de Goi&aacute;s, promovendo novos investimentos e, consequentemente, a&ccedil;&otilde;es que visem precipuamente o fortalecimento da economia goiana, o aumento do n&uacute;mero de empregos e o n&iacute;vel de renda da nossa popula&ccedil;&atilde;o.<\/p>\n<p>Atrav&eacute;s do trabalho integrado com outras &aacute;reas da Secretaria de Desenvolvimento &#8211; SED, este Gabinete faz gest&atilde;o de conhecimento junto aos empres&aacute;rios interessados, de forma que eles compreendam os incentivos fiscais e benef&iacute;cios que existem para os investimentos que ir&atilde;o fazer no Estado.<\/p>\n<p>No af&atilde; de que os empres&aacute;rios conhe&ccedil;am essas vantagens, este Gabinete participa de eventos, no Brasil e no Exterior, objetivando divulgar e demonstrar a atratividade de Goi&aacute;s. Nestes eventos, t&eacute;cnicos especializados fazem tratativas com empres&aacute;rios dos mais diversos setores, trabalhando na capta&ccedil;&atilde;o de novas empresas.<\/p>\n<p>Para garantir a estabilidade da economia goiana, tamb&eacute;m &eacute; a&ccedil;&atilde;o desenvolvida por este Gabinete o apoio &agrave;s empresas que se instalarem no Estado, quer para amplia&ccedil;&atilde;o dos projetos existentes, quer para a realiza&ccedil;&atilde;o de novos investimentos, atrav&eacute;s da interface de comunica&ccedil;&atilde;o com outros entes governamentais de Goi&aacute;s.<\/p>\n<h2>P&uacute;blico-alvo<\/h2>\n<p>Como a fun&ccedil;&atilde;o prec&iacute;pua do Gabinete de Gest&atilde;o da Promo&ccedil;&atilde;o e Atra&ccedil;&atilde;o de Investimentos e Neg&oacute;cios &ndash; INVESTE GOI&Aacute;S &eacute; atrair novas empresas para Goi&aacute;s e\/ou dar apoio &agrave;s j&aacute; estabelecidas, nosso p&uacute;blico s&atilde;o empresas de pequeno, m&eacute;dio e grande porte, inclusive empresas de outros Estados ou Pa&iacute;ses que estejam considerando, dentro de seus planejamentos, constituir uma posi&ccedil;&atilde;o no estrat&eacute;gico Estado de Goi&aacute;s.<\/p>\n<p>Logo, o atendimento &eacute; realizado primordialmente para empres&aacute;rios ou diretores das empresas, para os quais s&atilde;o sanadas d&uacute;vidas nas &aacute;reas de benef&iacute;cios fiscais, vantagens competitivas, potencial de mercado consumidor e segmentos mais ativos dentro de Goi&aacute;s.<\/p>\n<div><span><\/span><\/div>\n<ul class='post-meta'>\n<li><span class='post-meta-key'>footnotes:<\/span> <\/li>\n<li><span class='post-meta-key'>rank_math_internal_links_processed:<\/span> 1<\/li>\n<\/ul>\n<\/div><\/div>\n\t\t\t\t\t\t<\/div>\n\t\t\t\t<\/div>\n\t\t<div class=\"elementor-element elementor-element-31f9001 e-con-full e-flex e-con e-child\" data-id=\"31f9001\" data-element_type=\"container\" data-e-type=\"container\">\n\t\t\t\t<div class=\"elementor-element elementor-element-fc40df1 elementor-widget elementor-widget-shortcode\" data-id=\"fc40df1\" data-element_type=\"widget\" data-e-type=\"widget\" data-widget_type=\"shortcode.default\">\n\t\t\t\t\t\t\t<div class=\"elementor-shortcode\"><div data-post-id=\"3816\" class=\"insert-page insert-page-3816 \"><h1 class='insert-page-title'>Contato &#8211; Investe Goi\u00e1s<\/h1><p>Contate o Gabinete de Gest\u00e3o da Promo\u00e7\u00e3o e Atra\u00e7\u00e3o de Investimentos e Neg\u00f3cios \u2013 INVESTE GOI\u00c1S pelos seguintes canais de atendimento e sua demanda ser\u00e1 direcionada para os t\u00e9cnicos do Setor:<\/p>\n<p><strong>Telefones: <\/strong>(62) 3201-5580 e (62) 3201-5588<br \/>\n<strong>E-mail:<\/strong> atracao@sed.go.gov.br<\/p>\n<p>Al\u00e9m disso, disponibilizamos atendimento presencial para que as vantagens, benef\u00edcios e d\u00favidas sejam pessoalmente explicadas e respondidas.<\/p>\n<p>O atendimento presencial acontece das\u00a0<strong>08h \u00e0s 12h e 14h \u00e0s 18h<\/strong>.<\/p>\n<p>Rua 82, n\u00ba 400 Ed. Pal\u00e1cio Pedro Ludovico Teixeira, 5\u00ba andar, Setor Central &#8211; CEP: 74.015-908 \u2013 Goi\u00e2nia-GO. Telefone: (62) 3201-5512.<\/p>\n<h3 class=\"h6\"><\/h3>\n<ul class='post-meta'>\n<li><span class='post-meta-key'>tpg-post-view-count:<\/span> 312<\/li>\n<li><span class='post-meta-key'>rank_math_internal_links_processed:<\/span> 1<\/li>\n<\/ul>\n<\/div><\/div>\n\t\t\t\t\t\t<\/div>\n\t\t\t\t<\/div>\n\t\t\t\t\t<\/div>\n\t\t\t\t<\/div>\n\t\t\t\t<\/div>\n\t\t","protected":false},"excerpt":{"rendered":"","protected":false},"author":7,"featured_media":0,"parent":0,"menu_order":0,"comment_status":"closed","ping_status":"closed","template":"wppb_theme_template","meta":{"footnotes":""},"class_list":["post-6123","page","type-page","status-publish","hentry"],"rttpg_featured_image_url":null,"rttpg_author":{"display_name":"gustavogoncalves","author_link":"https:\/\/goias.gov.br\/industriaecomercio\/author\/gustavogoncalves\/"},"rttpg_comment":0,"rttpg_category":"","rttpg_excerpt":null,"_links":{"self":[{"href":"https:\/\/goias.gov.br\/industriaecomercio\/wp-json\/wp\/v2\/pages\/6123","targetHints":{"allow":["GET"]}}],"collection":[{"href":"https:\/\/goias.gov.br\/industriaecomercio\/wp-json\/wp\/v2\/pages"}],"about":[{"href":"https:\/\/goias.gov.br\/industriaecomercio\/wp-json\/wp\/v2\/types\/page"}],"author":[{"embeddable":true,"href":"https:\/\/goias.gov.br\/industriaecomercio\/wp-json\/wp\/v2\/users\/7"}],"replies":[{"embeddable":true,"href":"https:\/\/goias.gov.br\/industriaecomercio\/wp-json\/wp\/v2\/comments?post=6123"}],"version-history":[{"count":2,"href":"https:\/\/goias.gov.br\/industriaecomercio\/wp-json\/wp\/v2\/pages\/6123\/revisions"}],"predecessor-version":[{"id":43328,"href":"https:\/\/goias.gov.br\/industriaecomercio\/wp-json\/wp\/v2\/pages\/6123\/revisions\/43328"}],"wp:attachment":[{"href":"https:\/\/goias.gov.br\/industriaecomercio\/wp-json\/wp\/v2\/media?parent=6123"}],"curies":[{"name":"wp","href":"https:\/\/api.w.org\/{rel}","templated":true}]}}