
{"id":11653,"date":"2023-12-13T16:28:33","date_gmt":"2023-12-13T19:28:33","guid":{"rendered":"https:\/\/siteshom.goias.gov.br\/imb\/?page_id=11653"},"modified":"2026-01-22T14:58:14","modified_gmt":"2026-01-22T17:58:14","slug":"estatisticas-basicas","status":"publish","type":"page","link":"https:\/\/goias.gov.br\/imb\/estatisticas-basicas\/","title":{"rendered":"Estat\u00edsticas B\u00e1sicas"},"content":{"rendered":"\t\t<div data-elementor-type=\"wp-page\" data-elementor-id=\"11653\" class=\"elementor elementor-11653\">\n\t\t\t\t<div class=\"elementor-element elementor-element-6dd4cf6 e-flex e-con-boxed e-con e-parent\" data-id=\"6dd4cf6\" data-element_type=\"container\" data-e-type=\"container\">\n\t\t\t\t\t<div class=\"e-con-inner\">\n\t\t<div class=\"elementor-element elementor-element-a6156ee e-con-full e-flex e-con e-child\" data-id=\"a6156ee\" data-element_type=\"container\" data-e-type=\"container\">\n\t\t\t\t<div class=\"elementor-element elementor-element-b3ea18f elementor-widget elementor-widget-image\" data-id=\"b3ea18f\" data-element_type=\"widget\" data-e-type=\"widget\" data-widget_type=\"image.default\">\n\t\t\t\t\t\t\t\t\t\t\t\t\t\t\t<img fetchpriority=\"high\" decoding=\"async\" width=\"685\" height=\"353\" src=\"https:\/\/goias.gov.br\/imb\/wp-content\/uploads\/sites\/29\/2023\/12\/Capturadetela2022-11-17074444.png\" class=\"attachment-large size-large wp-image-11655\" alt=\"\" srcset=\"https:\/\/goias.gov.br\/imb\/wp-content\/uploads\/sites\/29\/2023\/12\/Capturadetela2022-11-17074444.png 685w, https:\/\/goias.gov.br\/imb\/wp-content\/uploads\/sites\/29\/2023\/12\/Capturadetela2022-11-17074444-300x155.png 300w\" sizes=\"(max-width: 685px) 100vw, 685px\" \/>\t\t\t\t\t\t\t\t\t\t\t\t\t\t\t<\/div>\n\t\t\t\t<div class=\"elementor-element elementor-element-f376c8c elementor-widget elementor-widget-text-editor\" data-id=\"f376c8c\" data-element_type=\"widget\" data-e-type=\"widget\" data-widget_type=\"text-editor.default\">\n\t\t\t\t\t\t\t\t\t<p>Documento com estat\u00edsticas detalhadas sobre Goi\u00e1s divulgadas quadrimestralmente.<br \/>Comp\u00f5e a revista Economia &amp; Desenvolvimento como encarte, quando esta \u00e9 editada.<\/p>\t\t\t\t\t\t\t\t<\/div>\n\t\t\t\t<\/div>\n\t\t<div class=\"elementor-element elementor-element-f053e36 e-con-full e-flex e-con e-child\" data-id=\"f053e36\" data-element_type=\"container\" data-e-type=\"container\">\n\t\t\t\t<div class=\"elementor-element elementor-element-005771f elementor-widget elementor-widget-shortcode\" data-id=\"005771f\" data-element_type=\"widget\" data-e-type=\"widget\" data-widget_type=\"shortcode.default\">\n\t\t\t\t\t\t\t<div class=\"elementor-shortcode\"><style type='text\/css' media='all'>#rt-tpg-container-58011590 .rt-holder .rt-woo-info .price{color:#0367bf;}body .rt-tpg-container .rt-tpg-isotope-buttons .selected,\n\t\t\t\t\t#rt-tpg-container-58011590 .layout12 .rt-holder:hover .rt-detail,\n\t\t\t\t\t#rt-tpg-container-58011590 .isotope8 .rt-holder:hover .rt-detail,\n\t\t\t\t\t#rt-tpg-container-58011590 .carousel8 .rt-holder:hover .rt-detail,\n\t\t\t\t\t#rt-tpg-container-58011590 .layout13 .rt-holder .overlay .post-info,\n\t\t\t\t\t#rt-tpg-container-58011590 .isotope9 .rt-holder .overlay .post-info,\n\t\t\t\t\t#rt-tpg-container-58011590.rt-tpg-container .layout4 .rt-holder .rt-detail,\n\t\t\t\t\t.rt-modal-58011590 .md-content,\n\t\t\t\t\t.rt-modal-58011590 .md-content > .rt-md-content-holder .rt-md-content,\n\t\t\t\t\t.rt-popup-wrap-58011590.rt-popup-wrap .rt-popup-navigation-wrap,\n\t\t\t\t\t#rt-tpg-container-58011590 .carousel9 .rt-holder .overlay .post-info{background-color:#0367bf;}#rt-tpg-container-58011590 .layout5 .rt-holder .overlay, #rt-tpg-container-58011590 .isotope2 .rt-holder .overlay, #rt-tpg-container-58011590 .carousel2 .rt-holder .overlay,#rt-tpg-container-58011590 .layout15 .rt-holder h3, #rt-tpg-container-58011590 .isotope11 .rt-holder h3, #rt-tpg-container-58011590 .carousel11 .rt-holder h3, #rt-tpg-container-58011590 .layout16 .rt-holder h3,\n\t\t\t\t\t#rt-tpg-container-58011590 .isotope12 .rt-holder h3, #rt-tpg-container-58011590 .carousel12 .rt-holder h3 {background-color:rgba(3,103,191,0.8);}#rt-tpg-container-58011590 .read-more a{border-radius:px;}#rt-tpg-container-58011590 .rt-img-holder img.rt-img-responsive,#rt-tpg-container-58011590 .rt-img-holder,\n\t\t\t\t\t#rt-tpg-container-58011590 .rt-post-overlay .post-img,\n\t\t\t\t\t#rt-tpg-container-58011590 .post-sm .post-img,\n\t\t\t\t\t#rt-tpg-container-58011590 .rt-post-grid .post-img,\n\t\t\t\t\t#rt-tpg-container-58011590 .post-img img {border-radius:px;}<\/style><div class='rt-container-fluid rt-tpg-container tpg-shortcode-main-wrapper ' id='rt-tpg-container-58011590'   data-layout='layout2' data-grid-style='even' data-desktop-col='1'  data-tab-col='1'  data-mobile-col='1' data-sc-id='11656'><div data-title='Loading ...' class='rt-row rt-content-loader   layout2 tpg-even '><div class=\"rt-col-md-12 rt-col-sm-12 rt-col-xs-12 even-grid-item rt-grid-item\" data-id=\"9751\"><div class=\"rt-holder\"><div class=\"rt-row\"><div class='rt-col-sm-4 rt-col-xs-12 '><div class=\"rt-img-holder\"><a data-id='9751' class='' href='https:\/\/goias.gov.br\/imb\/estatisticas-basicas-2o-quadrimestre-2018\/'><img decoding=\"async\" width=\"226\" height=\"320\" src=\"https:\/\/goias.gov.br\/imb\/wp-content\/uploads\/sites\/29\/2018\/11\/eb-2quadrimestre2018-26e.jpg\" class=\"rt-img-responsive \" alt=\"\" \/><\/a><\/div><\/div><div class='rt-col-sm-8 rt-col-xs-12 '><div class='rt-detail'><h3 class=\"entry-title\"><a data-id=\"9751\" class=\"\" href=\"https:\/\/goias.gov.br\/imb\/estatisticas-basicas-2o-quadrimestre-2018\/\">Estat\u00edsticas B\u00e1sicas &#8211; 2\u00ba Quadrimestre\/2018<\/a><\/h3><div class='post-meta-user '><span class='date-meta'><i class='far fa-calendar-alt '><\/i>19 de novembro de 2018<\/span><\/div><div class='tpg-excerpt'>Clique aqui para baixar a publica\u00e7\u00e3o: Estat\u00edsticas B\u00e1sicas &#8211; 2\u00ba Quadrimestre\/2018 Clique aqui para baixar...<\/div><\/div><\/div><\/div><\/div><\/div><div class=\"rt-col-md-12 rt-col-sm-12 rt-col-xs-12 even-grid-item rt-grid-item\" data-id=\"9042\"><div class=\"rt-holder\"><div class=\"rt-row\"><div class='rt-col-sm-4 rt-col-xs-12 '><div class=\"rt-img-holder\"><a data-id='9042' class='' href='https:\/\/goias.gov.br\/imb\/estatisticas-basicas-1o-quadrimestre-2018\/'><img decoding=\"async\" width=\"226\" height=\"308\" src=\"https:\/\/goias.gov.br\/imb\/wp-content\/uploads\/sites\/29\/2018\/08\/eb-1quadrimestre2018-5df.jpg\" class=\"rt-img-responsive \" alt=\"\" \/><\/a><\/div><\/div><div class='rt-col-sm-8 rt-col-xs-12 '><div class='rt-detail'><h3 class=\"entry-title\"><a data-id=\"9042\" class=\"\" href=\"https:\/\/goias.gov.br\/imb\/estatisticas-basicas-1o-quadrimestre-2018\/\">Estat\u00edsticas B\u00e1sicas &#8211; 1\u00ba Quadrimestre\/2018<\/a><\/h3><div class='post-meta-user '><span class='date-meta'><i class='far fa-calendar-alt '><\/i>1 de agosto de 2018<\/span><\/div><div class='tpg-excerpt'>Clique aqui para baixar a publica\u00e7\u00e3o: Estat\u00edsticas B\u00e1sicas &#8211; 1\u00ba Quadrimestre\/2018 Clique aqui para baixar...<\/div><\/div><\/div><\/div><\/div><\/div><div class=\"rt-col-md-12 rt-col-sm-12 rt-col-xs-12 even-grid-item rt-grid-item\" data-id=\"5855\"><div class=\"rt-holder\"><div class=\"rt-row\"><div class='rt-col-sm-4 rt-col-xs-12 '><div class=\"rt-img-holder\"><a data-id='5855' class='' href='https:\/\/goias.gov.br\/imb\/estatisticas-basicas-3-quadrimestre-2017\/'><img loading=\"lazy\" decoding=\"async\" width=\"226\" height=\"321\" src=\"https:\/\/goias.gov.br\/imb\/wp-content\/uploads\/sites\/29\/2018\/03\/eb-3quadrimestre2017-3b6.jpg\" class=\"rt-img-responsive \" alt=\"\" \/><\/a><\/div><\/div><div class='rt-col-sm-8 rt-col-xs-12 '><div class='rt-detail'><h3 class=\"entry-title\"><a data-id=\"5855\" class=\"\" href=\"https:\/\/goias.gov.br\/imb\/estatisticas-basicas-3-quadrimestre-2017\/\">Estat\u00edsticas B\u00e1sicas &#8211; 3\u00ba Quadrimestre\/2017<\/a><\/h3><div class='post-meta-user '><span class='date-meta'><i class='far fa-calendar-alt '><\/i>15 de mar\u00e7o de 2018<\/span><\/div><div class='tpg-excerpt'>Clique aqui para baixar a publica\u00e7\u00e3o: Estat\u00edsticas B\u00e1sicas &#8211; 3\u00ba Quadrimestre\/2017...<\/div><\/div><\/div><\/div><\/div><\/div><div class=\"rt-col-md-12 rt-col-sm-12 rt-col-xs-12 even-grid-item rt-grid-item\" data-id=\"5858\"><div class=\"rt-holder\"><div class=\"rt-row\"><div class='rt-col-sm-4 rt-col-xs-12 '><div class=\"rt-img-holder\"><a data-id='5858' class='' href='https:\/\/goias.gov.br\/imb\/estatisticas-basicas-2-quadrimestre-2017\/'><img loading=\"lazy\" decoding=\"async\" width=\"224\" height=\"317\" src=\"https:\/\/goias.gov.br\/imb\/wp-content\/uploads\/sites\/29\/2017\/11\/eb-2quadrimestre2017-a4b.jpg\" class=\"rt-img-responsive \" alt=\"\" \/><\/a><\/div><\/div><div class='rt-col-sm-8 rt-col-xs-12 '><div class='rt-detail'><h3 class=\"entry-title\"><a data-id=\"5858\" class=\"\" href=\"https:\/\/goias.gov.br\/imb\/estatisticas-basicas-2-quadrimestre-2017\/\">Estat\u00edsticas B\u00e1sicas &#8211; 2\u00ba Quadrimestre\/2017<\/a><\/h3><div class='post-meta-user '><span class='date-meta'><i class='far fa-calendar-alt '><\/i>14 de novembro de 2017<\/span><\/div><div class='tpg-excerpt'>Clique aqui para baixar a publica\u00e7\u00e3o: Estat\u00edsticas B\u00e1sicas &#8211; 2\u00ba Quadrimestre\/2017...<\/div><\/div><\/div><\/div><\/div><\/div><div class=\"rt-col-md-12 rt-col-sm-12 rt-col-xs-12 even-grid-item rt-grid-item\" data-id=\"5861\"><div class=\"rt-holder\"><div class=\"rt-row\"><div class='rt-col-sm-4 rt-col-xs-12 '><div class=\"rt-img-holder\"><a data-id='5861' class='' href='https:\/\/goias.gov.br\/imb\/estatisticas-basicas-1-quadrimestre-2017\/'><img loading=\"lazy\" decoding=\"async\" width=\"226\" height=\"318\" src=\"https:\/\/goias.gov.br\/imb\/wp-content\/uploads\/sites\/29\/2017\/07\/eb-1quadrimestre2017-dfa.jpg\" class=\"rt-img-responsive \" alt=\"\" \/><\/a><\/div><\/div><div class='rt-col-sm-8 rt-col-xs-12 '><div class='rt-detail'><h3 class=\"entry-title\"><a data-id=\"5861\" class=\"\" href=\"https:\/\/goias.gov.br\/imb\/estatisticas-basicas-1-quadrimestre-2017\/\">Estat\u00edsticas B\u00e1sicas &#8211; 1\u00ba Quadrimestre\/2017<\/a><\/h3><div class='post-meta-user '><span class='date-meta'><i class='far fa-calendar-alt '><\/i>14 de julho de 2017<\/span><\/div><div class='tpg-excerpt'>Clique aqui para baixar a publica\u00e7\u00e3o: Estat\u00edsticas B\u00e1sicas &#8211; 1\u00ba Quadrimestre\/2017...<\/div><\/div><\/div><\/div><\/div><\/div><div class=\"rt-col-md-12 rt-col-sm-12 rt-col-xs-12 even-grid-item rt-grid-item\" data-id=\"5864\"><div class=\"rt-holder\"><div class=\"rt-row\"><div class='rt-col-sm-4 rt-col-xs-12 '><div class=\"rt-img-holder\"><a data-id='5864' class='' href='https:\/\/goias.gov.br\/imb\/estatisticas-basicas-3-quadrimestre-2016\/'><img loading=\"lazy\" decoding=\"async\" width=\"226\" height=\"316\" src=\"https:\/\/goias.gov.br\/imb\/wp-content\/uploads\/sites\/29\/2017\/03\/eb-3quadrimestre2016-060.jpg\" class=\"rt-img-responsive \" alt=\"\" \/><\/a><\/div><\/div><div class='rt-col-sm-8 rt-col-xs-12 '><div class='rt-detail'><h3 class=\"entry-title\"><a data-id=\"5864\" class=\"\" href=\"https:\/\/goias.gov.br\/imb\/estatisticas-basicas-3-quadrimestre-2016\/\">Estat\u00edsticas B\u00e1sicas &#8211; 3\u00ba Quadrimestre\/2016<\/a><\/h3><div class='post-meta-user '><span class='date-meta'><i class='far fa-calendar-alt '><\/i>15 de mar\u00e7o de 2017<\/span><\/div><div class='tpg-excerpt'>Clique aqui para baixar a publica\u00e7\u00e3o: Estat\u00edsticas B\u00e1sicas &#8211; 3\u00ba Quadrimestre\/2016...<\/div><\/div><\/div><\/div><\/div><\/div><div class=\"rt-col-md-12 rt-col-sm-12 rt-col-xs-12 even-grid-item rt-grid-item\" data-id=\"5867\"><div class=\"rt-holder\"><div class=\"rt-row\"><div class='rt-col-sm-4 rt-col-xs-12 '><div class=\"rt-img-holder\"><a data-id='5867' class='' href='https:\/\/goias.gov.br\/imb\/estatisticas-basicas-2-quadrimestre-2016\/'><img loading=\"lazy\" decoding=\"async\" width=\"223\" height=\"315\" src=\"https:\/\/goias.gov.br\/imb\/wp-content\/uploads\/sites\/29\/2016\/12\/eb-2quadrimestre2016-99d.jpg\" class=\"rt-img-responsive \" alt=\"\" \/><\/a><\/div><\/div><div class='rt-col-sm-8 rt-col-xs-12 '><div class='rt-detail'><h3 class=\"entry-title\"><a data-id=\"5867\" class=\"\" href=\"https:\/\/goias.gov.br\/imb\/estatisticas-basicas-2-quadrimestre-2016\/\">Estat\u00edsticas B\u00e1sicas &#8211; 2\u00ba Quadrimestre\/2016<\/a><\/h3><div class='post-meta-user '><span class='date-meta'><i class='far fa-calendar-alt '><\/i>13 de dezembro de 2016<\/span><\/div><div class='tpg-excerpt'>Clique aqui para baixar a publica\u00e7\u00e3o: Estat\u00edsticas B\u00e1sicas &#8211; 2\u00ba Quadrimestre\/2016...<\/div><\/div><\/div><\/div><\/div><\/div><\/div><div class='rt-pagination-wrap' data-total-pages='8' data-posts-per-page='7' data-type='pagination'  ><div class=\"rt-pagination\" ><ul class=\"pagination-list\"><li class=\"active\"><span>1<\/span><\/li><li><a data-paged='2' href='https:\/\/goias.gov.br\/imb\/wp-json\/wp\/v2\/pages\/11653\/page\/2\/'>2<\/a><\/li><li><a data-paged='3' href='https:\/\/goias.gov.br\/imb\/wp-json\/wp\/v2\/pages\/11653\/page\/3\/'>3<\/a><\/li><li><a data-paged='4' href='https:\/\/goias.gov.br\/imb\/wp-json\/wp\/v2\/pages\/11653\/page\/4\/'>4<\/a><\/li><li><a data-paged='5' href='https:\/\/goias.gov.br\/imb\/wp-json\/wp\/v2\/pages\/11653\/page\/5\/'>5<\/a><\/li><li><a data-paged='6' href='https:\/\/goias.gov.br\/imb\/wp-json\/wp\/v2\/pages\/11653\/page\/6\/'>6<\/a><\/li><li><a data-paged='7' href='https:\/\/goias.gov.br\/imb\/wp-json\/wp\/v2\/pages\/11653\/page\/7\/'>7<\/a><\/li><li><a data-paged='8' href='https:\/\/goias.gov.br\/imb\/wp-json\/wp\/v2\/pages\/11653\/page\/8\/'>8<\/a><\/li><\/ul><\/div><\/div><\/div><\/div>\n\t\t\t\t\t\t<\/div>\n\t\t\t\t<\/div>\n\t\t\t\t\t<\/div>\n\t\t\t\t<\/div>\n\t\t\t\t<\/div>\n\t\t","protected":false},"excerpt":{"rendered":"<p>Documento com estat\u00edsticas detalhadas sobre Goi\u00e1s divulgadas quadrimestralmente.Comp\u00f5e a revista Economia &amp; Desenvolvimento como encarte, quando esta \u00e9 editada.<\/p>\n","protected":false},"author":7,"featured_media":0,"parent":0,"menu_order":0,"comment_status":"closed","ping_status":"closed","template":"","meta":{"footnotes":""},"class_list":["post-11653","page","type-page","status-publish","hentry"],"rttpg_featured_image_url":null,"rttpg_author":{"display_name":"gustavogoncalves","author_link":"https:\/\/goias.gov.br\/imb\/author\/gustavogoncalves\/"},"rttpg_comment":0,"rttpg_category":"","rttpg_excerpt":"Documento com estat\u00edsticas detalhadas sobre Goi\u00e1s divulgadas quadrimestralmente.Comp\u00f5e a revista Economia &amp; Desenvolvimento como encarte, quando esta \u00e9 editada.","_links":{"self":[{"href":"https:\/\/goias.gov.br\/imb\/wp-json\/wp\/v2\/pages\/11653","targetHints":{"allow":["GET"]}}],"collection":[{"href":"https:\/\/goias.gov.br\/imb\/wp-json\/wp\/v2\/pages"}],"about":[{"href":"https:\/\/goias.gov.br\/imb\/wp-json\/wp\/v2\/types\/page"}],"author":[{"embeddable":true,"href":"https:\/\/goias.gov.br\/imb\/wp-json\/wp\/v2\/users\/7"}],"replies":[{"embeddable":true,"href":"https:\/\/goias.gov.br\/imb\/wp-json\/wp\/v2\/comments?post=11653"}],"version-history":[{"count":2,"href":"https:\/\/goias.gov.br\/imb\/wp-json\/wp\/v2\/pages\/11653\/revisions"}],"predecessor-version":[{"id":15999,"href":"https:\/\/goias.gov.br\/imb\/wp-json\/wp\/v2\/pages\/11653\/revisions\/15999"}],"wp:attachment":[{"href":"https:\/\/goias.gov.br\/imb\/wp-json\/wp\/v2\/media?parent=11653"}],"curies":[{"name":"wp","href":"https:\/\/api.w.org\/{rel}","templated":true}]}}