
{"id":11638,"date":"2023-12-13T15:46:22","date_gmt":"2023-12-13T18:46:22","guid":{"rendered":"https:\/\/siteshom.goias.gov.br\/imb\/?page_id=11638"},"modified":"2026-01-22T09:21:17","modified_gmt":"2026-01-22T12:21:17","slug":"texto-para-discussao","status":"publish","type":"page","link":"https:\/\/goias.gov.br\/imb\/texto-para-discussao\/","title":{"rendered":"Texto para Discuss\u00e3o"},"content":{"rendered":"\t\t<div data-elementor-type=\"wp-page\" data-elementor-id=\"11638\" class=\"elementor elementor-11638\">\n\t\t\t\t<div class=\"elementor-element elementor-element-d1e1c79 e-flex e-con-boxed e-con e-parent\" data-id=\"d1e1c79\" data-element_type=\"container\" data-e-type=\"container\">\n\t\t\t\t\t<div class=\"e-con-inner\">\n\t\t<div class=\"elementor-element elementor-element-1b5aa85 e-con-full e-flex e-con e-child\" data-id=\"1b5aa85\" data-element_type=\"container\" data-e-type=\"container\">\n\t\t\t\t<div class=\"elementor-element elementor-element-73ec297 elementor-widget elementor-widget-image\" data-id=\"73ec297\" data-element_type=\"widget\" data-e-type=\"widget\" data-widget_type=\"image.default\">\n\t\t\t\t\t\t\t\t\t\t\t\t\t\t\t<img fetchpriority=\"high\" decoding=\"async\" width=\"662\" height=\"341\" src=\"https:\/\/goias.gov.br\/imb\/wp-content\/uploads\/sites\/29\/2023\/12\/Capturadetela2022-11-16194530.png\" class=\"attachment-large size-large wp-image-11640\" alt=\"\" srcset=\"https:\/\/goias.gov.br\/imb\/wp-content\/uploads\/sites\/29\/2023\/12\/Capturadetela2022-11-16194530.png 662w, https:\/\/goias.gov.br\/imb\/wp-content\/uploads\/sites\/29\/2023\/12\/Capturadetela2022-11-16194530-300x155.png 300w\" sizes=\"(max-width: 662px) 100vw, 662px\" \/>\t\t\t\t\t\t\t\t\t\t\t\t\t\t\t<\/div>\n\t\t\t\t<div class=\"elementor-element elementor-element-12dab6f elementor-widget elementor-widget-text-editor\" data-id=\"12dab6f\" data-element_type=\"widget\" data-e-type=\"widget\" data-widget_type=\"text-editor.default\">\n\t\t\t\t\t\t\t\t\t<p>O objetivo deste \u00e9 de publicar textos com an\u00e1lises sobre o desenvolvimento regional, pol\u00edticas p\u00fablicas, geoinforma\u00e7\u00f5es e outros temas que se relacionem ao estado de Goi\u00e1s, com vistas a subsidiar o debate t\u00e9cnico-cient\u00edfico. Sem periodicidade definida.<\/p><p>\u00a0A autoria n\u00e3o necessariamente tem a obrigatoriedade de ter participa\u00e7\u00e3o de um t\u00e9cnico do IMB, portanto, s\u00e3o bem-vindas as submiss\u00f5es de autores externos. Vale ressaltar que o processo de avalia\u00e7\u00e3o passar\u00e1 pela revis\u00e3o \u00e0s cegas.<\/p><p>Envie seu artigo para\u00a0<span id=\"cloak8a9f78114c778af0017f922583c83e4a\"><a href=\"mailto:imb@goias.gov.br\">imb@goias.gov.br<\/a><\/span>\u00a0com o assunto: Texto para discuss\u00e3o (at\u00e9 25 p\u00e1ginas, espa\u00e7amento 1,5, fonte 12, arial).<\/p>\t\t\t\t\t\t\t\t<\/div>\n\t\t\t\t<\/div>\n\t\t<div class=\"elementor-element elementor-element-88c15fd e-con-full e-flex e-con e-child\" data-id=\"88c15fd\" data-element_type=\"container\" data-e-type=\"container\">\n\t\t\t\t<div class=\"elementor-element elementor-element-d78cfe9 elementor-widget elementor-widget-shortcode\" data-id=\"d78cfe9\" data-element_type=\"widget\" data-e-type=\"widget\" data-widget_type=\"shortcode.default\">\n\t\t\t\t\t\t\t<div class=\"elementor-shortcode\"><style type='text\/css' media='all'>#rt-tpg-container-3006261177 .rt-holder .rt-woo-info .price{color:#0367bf;}body .rt-tpg-container .rt-tpg-isotope-buttons .selected,\n\t\t\t\t\t#rt-tpg-container-3006261177 .layout12 .rt-holder:hover .rt-detail,\n\t\t\t\t\t#rt-tpg-container-3006261177 .isotope8 .rt-holder:hover .rt-detail,\n\t\t\t\t\t#rt-tpg-container-3006261177 .carousel8 .rt-holder:hover .rt-detail,\n\t\t\t\t\t#rt-tpg-container-3006261177 .layout13 .rt-holder .overlay .post-info,\n\t\t\t\t\t#rt-tpg-container-3006261177 .isotope9 .rt-holder .overlay .post-info,\n\t\t\t\t\t#rt-tpg-container-3006261177.rt-tpg-container .layout4 .rt-holder .rt-detail,\n\t\t\t\t\t.rt-modal-3006261177 .md-content,\n\t\t\t\t\t.rt-modal-3006261177 .md-content > .rt-md-content-holder .rt-md-content,\n\t\t\t\t\t.rt-popup-wrap-3006261177.rt-popup-wrap .rt-popup-navigation-wrap,\n\t\t\t\t\t#rt-tpg-container-3006261177 .carousel9 .rt-holder .overlay .post-info{background-color:#0367bf;}#rt-tpg-container-3006261177 .layout5 .rt-holder .overlay, #rt-tpg-container-3006261177 .isotope2 .rt-holder .overlay, #rt-tpg-container-3006261177 .carousel2 .rt-holder .overlay,#rt-tpg-container-3006261177 .layout15 .rt-holder h3, #rt-tpg-container-3006261177 .isotope11 .rt-holder h3, #rt-tpg-container-3006261177 .carousel11 .rt-holder h3, #rt-tpg-container-3006261177 .layout16 .rt-holder h3,\n\t\t\t\t\t#rt-tpg-container-3006261177 .isotope12 .rt-holder h3, #rt-tpg-container-3006261177 .carousel12 .rt-holder h3 {background-color:rgba(3,103,191,0.8);}#rt-tpg-container-3006261177 .read-more a{border-radius:px;}#rt-tpg-container-3006261177 .rt-img-holder img.rt-img-responsive,#rt-tpg-container-3006261177 .rt-img-holder,\n\t\t\t\t\t#rt-tpg-container-3006261177 .rt-post-overlay .post-img,\n\t\t\t\t\t#rt-tpg-container-3006261177 .post-sm .post-img,\n\t\t\t\t\t#rt-tpg-container-3006261177 .rt-post-grid .post-img,\n\t\t\t\t\t#rt-tpg-container-3006261177 .post-img img {border-radius:px;}<\/style><div class='rt-container-fluid rt-tpg-container tpg-shortcode-main-wrapper ' id='rt-tpg-container-3006261177'   data-layout='layout2' data-grid-style='even' data-desktop-col='1'  data-tab-col='1'  data-mobile-col='1' data-sc-id='11641'><div data-title='Loading ...' class='rt-row rt-content-loader   layout2 tpg-even '><div class=\"rt-col-md-12 rt-col-sm-12 rt-col-xs-12 even-grid-item rt-grid-item\" data-id=\"10942\"><div class=\"rt-holder\"><div class=\"rt-row\"><div class='rt-col-sm-4 rt-col-xs-12 '><div class=\"rt-img-holder\"><a data-id='10942' class='' href='https:\/\/goias.gov.br\/imb\/experiencia-de-programa-educacional-no-centro-oeste-brasileiro-um-estudo-para-o-caso-de-goias\/'><img decoding=\"async\" width=\"643\" height=\"814\" src=\"https:\/\/goias.gov.br\/imb\/wp-content\/uploads\/sites\/29\/2022\/05\/Texto_para_Discussao_2022_04-057.png\" class=\"rt-img-responsive \" alt=\"\" \/><\/a><\/div><\/div><div class='rt-col-sm-8 rt-col-xs-12 '><div class='rt-detail'><h3 class=\"entry-title\"><a data-id=\"10942\" class=\"\" href=\"https:\/\/goias.gov.br\/imb\/experiencia-de-programa-educacional-no-centro-oeste-brasileiro-um-estudo-para-o-caso-de-goias\/\">Experi\u00eancia de programa educacional no centro-oeste brasileiro: Um estudo para o caso de Goi\u00e1s<\/a><\/h3><div class='post-meta-user '><span class='date-meta'>2 de maio de 2022<\/span><\/div><div class='tpg-excerpt'>O presente trabalho pretende&nbsp;avaliar a&nbsp;experi\u00eancia de programa educacional no centro-oeste brasileiro: um estudo para o...<\/div><\/div><\/div><\/div><\/div><\/div><div class=\"rt-col-md-12 rt-col-sm-12 rt-col-xs-12 even-grid-item rt-grid-item\" data-id=\"10913\"><div class=\"rt-holder\"><div class=\"rt-row\"><div class='rt-col-sm-4 rt-col-xs-12 '><div class=\"rt-img-holder\"><a data-id='10913' class='' href='https:\/\/goias.gov.br\/imb\/analise-para-as-concessoes-rodoviarias-federais-no-estado-de-goias\/'><img decoding=\"async\" width=\"601\" height=\"797\" src=\"https:\/\/goias.gov.br\/imb\/wp-content\/uploads\/sites\/29\/2022\/02\/capa1-9b6.png\" class=\"rt-img-responsive \" alt=\"\" \/><\/a><\/div><\/div><div class='rt-col-sm-8 rt-col-xs-12 '><div class='rt-detail'><h3 class=\"entry-title\"><a data-id=\"10913\" class=\"\" href=\"https:\/\/goias.gov.br\/imb\/analise-para-as-concessoes-rodoviarias-federais-no-estado-de-goias\/\">An\u00e1lise para as concess\u00f5es Rodovi\u00e1rias Federais no Estado de Goi\u00e1s<\/a><\/h3><div class='post-meta-user '><span class='date-meta'>15 de fevereiro de 2022<\/span><\/div><div class='tpg-excerpt'>O presente trabalho pretende&nbsp;avaliar o efeito das concess\u00f5es rodovi\u00e1rias e desempenho econ\u00f4mico dos munic\u00edpios goianos...<\/div><\/div><\/div><\/div><\/div><\/div><div class=\"rt-col-md-12 rt-col-sm-12 rt-col-xs-12 even-grid-item rt-grid-item\" data-id=\"10909\"><div class=\"rt-holder\"><div class=\"rt-row\"><div class='rt-col-sm-4 rt-col-xs-12 '><div class=\"rt-img-holder\"><a data-id='10909' class='' href='https:\/\/goias.gov.br\/imb\/avaliacao-de-impacto-da-escola-estadual-de-tempo-integral-nos-resultados-de-desempenho-educacional-do-estado-de-goias\/'><img loading=\"lazy\" decoding=\"async\" width=\"513\" height=\"725\" src=\"https:\/\/goias.gov.br\/imb\/wp-content\/uploads\/sites\/29\/2022\/01\/td_2022_01-1-9a0.jpg\" class=\"rt-img-responsive \" alt=\"\" \/><\/a><\/div><\/div><div class='rt-col-sm-8 rt-col-xs-12 '><div class='rt-detail'><h3 class=\"entry-title\"><a data-id=\"10909\" class=\"\" href=\"https:\/\/goias.gov.br\/imb\/avaliacao-de-impacto-da-escola-estadual-de-tempo-integral-nos-resultados-de-desempenho-educacional-do-estado-de-goias\/\">Avalia\u00e7\u00e3o de Impacto da Escola Estadual de Tempo Integral nos Resultados de Desempenho Educacional do Estado de Goi\u00e1s<\/a><\/h3><div class='post-meta-user '><span class='date-meta'>24 de janeiro de 2022<\/span><\/div><div class='tpg-excerpt'>O presente trabalho pretende investigar os efeitos da pol\u00edtica de escolas em tempo integral do...<\/div><\/div><\/div><\/div><\/div><\/div><\/div><\/div><\/div>\n\t\t\t\t\t\t<\/div>\n\t\t\t\t<\/div>\n\t\t\t\t\t<\/div>\n\t\t\t\t<\/div>\n\t\t\t\t<\/div>\n\t\t","protected":false},"excerpt":{"rendered":"<p>O objetivo deste \u00e9 de publicar textos com an\u00e1lises sobre o desenvolvimento regional, pol\u00edticas p\u00fablicas, geoinforma\u00e7\u00f5es e outros temas que se relacionem ao estado de Goi\u00e1s, com vistas a subsidiar o debate t\u00e9cnico-cient\u00edfico. Sem periodicidade definida. \u00a0A autoria n\u00e3o necessariamente tem a obrigatoriedade de ter participa\u00e7\u00e3o de um t\u00e9cnico do IMB, portanto, s\u00e3o bem-vindas as [&hellip;]<\/p>\n","protected":false},"author":7,"featured_media":0,"parent":0,"menu_order":0,"comment_status":"closed","ping_status":"closed","template":"","meta":{"footnotes":""},"class_list":["post-11638","page","type-page","status-publish","hentry"],"rttpg_featured_image_url":null,"rttpg_author":{"display_name":"gustavogoncalves","author_link":"https:\/\/goias.gov.br\/imb\/author\/gustavogoncalves\/"},"rttpg_comment":0,"rttpg_category":"","rttpg_excerpt":"O objetivo deste \u00e9 de publicar textos com an\u00e1lises sobre o desenvolvimento regional, pol\u00edticas p\u00fablicas, geoinforma\u00e7\u00f5es e outros temas que se relacionem ao estado de Goi\u00e1s, com vistas a subsidiar o debate t\u00e9cnico-cient\u00edfico. Sem periodicidade definida. \u00a0A autoria n\u00e3o necessariamente tem a obrigatoriedade de ter participa\u00e7\u00e3o de um t\u00e9cnico do IMB, portanto, s\u00e3o bem-vindas as&hellip;","_links":{"self":[{"href":"https:\/\/goias.gov.br\/imb\/wp-json\/wp\/v2\/pages\/11638","targetHints":{"allow":["GET"]}}],"collection":[{"href":"https:\/\/goias.gov.br\/imb\/wp-json\/wp\/v2\/pages"}],"about":[{"href":"https:\/\/goias.gov.br\/imb\/wp-json\/wp\/v2\/types\/page"}],"author":[{"embeddable":true,"href":"https:\/\/goias.gov.br\/imb\/wp-json\/wp\/v2\/users\/7"}],"replies":[{"embeddable":true,"href":"https:\/\/goias.gov.br\/imb\/wp-json\/wp\/v2\/comments?post=11638"}],"version-history":[{"count":2,"href":"https:\/\/goias.gov.br\/imb\/wp-json\/wp\/v2\/pages\/11638\/revisions"}],"predecessor-version":[{"id":15876,"href":"https:\/\/goias.gov.br\/imb\/wp-json\/wp\/v2\/pages\/11638\/revisions\/15876"}],"wp:attachment":[{"href":"https:\/\/goias.gov.br\/imb\/wp-json\/wp\/v2\/media?parent=11638"}],"curies":[{"name":"wp","href":"https:\/\/api.w.org\/{rel}","templated":true}]}}