

{"id":59657,"date":"2025-05-07T12:22:25","date_gmt":"2025-05-07T15:22:25","guid":{"rendered":"https:\/\/goias.gov.br\/governo\/?page_id=59657"},"modified":"2025-05-07T12:55:18","modified_gmt":"2025-05-07T15:55:18","slug":"audiencias-publicas","status":"publish","type":"page","link":"https:\/\/goias.gov.br\/governo\/cidades\/audiencias-publicas\/","title":{"rendered":"Audi\u00eancias P\u00fablicas"},"content":{"rendered":"\n<ul>\n<li><span style=\"color: #008000;\"><a style=\"color: #008000;\" href=\"https:\/\/goias.gov.br\/governo\/3a-audiencia-publica-do-plano-de-desenvolvimento-urbano-integrado-da-regiao-metropolitana-de-goiania-pdui-rmg\/\">3\u00aa Audi\u00eancia P\u00fablica do Plano de Desenvolvimento Urbano Integrado da Regi\u00e3o Metropolitana de Goi\u00e2nia (PDUI-RMG)<\/a><\/span><\/li>\n<\/ul>\n","protected":false},"excerpt":{"rendered":"<p>3\u00aa Audi\u00eancia P\u00fablica do Plano de Desenvolvimento Urbano Integrado da Regi\u00e3o Metropolitana de Goi\u00e2nia (PDUI-RMG)<\/p>\n","protected":false},"author":62,"featured_media":0,"parent":59428,"menu_order":0,"comment_status":"closed","ping_status":"closed","template":"","meta":{"footnotes":"","_links_to":"","_links_to_target":""},"class_list":["post-59657","page","type-page","status-publish","hentry"],"rttpg_featured_image_url":null,"rttpg_author":{"display_name":"italoreis","author_link":"https:\/\/goias.gov.br\/governo\/author\/italoreis\/"},"rttpg_comment":0,"rttpg_category":null,"rttpg_excerpt":"3\u00aa Audi\u00eancia P\u00fablica do Plano de Desenvolvimento Urbano Integrado da Regi\u00e3o Metropolitana de Goi\u00e2nia (PDUI-RMG)","_links":{"self":[{"href":"https:\/\/goias.gov.br\/governo\/wp-json\/wp\/v2\/pages\/59657","targetHints":{"allow":["GET"]}}],"collection":[{"href":"https:\/\/goias.gov.br\/governo\/wp-json\/wp\/v2\/pages"}],"about":[{"href":"https:\/\/goias.gov.br\/governo\/wp-json\/wp\/v2\/types\/page"}],"author":[{"embeddable":true,"href":"https:\/\/goias.gov.br\/governo\/wp-json\/wp\/v2\/users\/62"}],"replies":[{"embeddable":true,"href":"https:\/\/goias.gov.br\/governo\/wp-json\/wp\/v2\/comments?post=59657"}],"version-history":[{"count":2,"href":"https:\/\/goias.gov.br\/governo\/wp-json\/wp\/v2\/pages\/59657\/revisions"}],"predecessor-version":[{"id":59956,"href":"https:\/\/goias.gov.br\/governo\/wp-json\/wp\/v2\/pages\/59657\/revisions\/59956"}],"up":[{"embeddable":true,"href":"https:\/\/goias.gov.br\/governo\/wp-json\/wp\/v2\/pages\/59428"}],"wp:attachment":[{"href":"https:\/\/goias.gov.br\/governo\/wp-json\/wp\/v2\/media?parent=59657"}],"curies":[{"name":"wp","href":"https:\/\/api.w.org\/{rel}","templated":true}]}}