

{"id":59170,"date":"2025-05-06T18:52:17","date_gmt":"2025-05-06T21:52:17","guid":{"rendered":"https:\/\/goias.gov.br\/governo\/?page_id=59170"},"modified":"2025-05-06T18:52:45","modified_gmt":"2025-05-06T21:52:45","slug":"central-da-captacao-de-recursos","status":"publish","type":"page","link":"https:\/\/goias.gov.br\/governo\/central-da-captacao-de-recursos\/","title":{"rendered":"Central da Capta\u00e7\u00e3o de Recursos"},"content":{"rendered":"\n<p>A Superintend\u00eancia Central de Capta\u00e7\u00e3o de Recursos (SCCR), subordinada \u00e0 Subsecretaria de Governan\u00e7a, \u00e9 respons\u00e1vel por coordenar e articular a\u00e7\u00f5es estrat\u00e9gicas voltadas \u00e0 obten\u00e7\u00e3o de recursos financeiros que viabilizem pol\u00edticas p\u00fablicas no Estado de Goi\u00e1s. Atua junto a gestores das esferas federal, estadual, municipal e internacional, supervisionando e avaliando planos e projetos de capta\u00e7\u00e3o de recursos elaborados pelos \u00f3rg\u00e3os estaduais.<\/p>\n\n\n\n<p>Sua principal miss\u00e3o \u00e9 ampliar as oportunidades de financiamento para pol\u00edticas p\u00fablicas priorit\u00e1rias, fortalecendo a gest\u00e3o estadual por meio de articula\u00e7\u00e3o t\u00e9cnica, planejamento integrado e governan\u00e7a, sempre em conformidade com as diretrizes legais e os objetivos do governo. A SCCR tamb\u00e9m representa o Estado no Sistema de Gest\u00e3o de Parcerias da Uni\u00e3o (SIGPAR) e coordena tecnicamente tr\u00eas unidades: a Ger\u00eancia de Articula\u00e7\u00e3o, a Ger\u00eancia de Elabora\u00e7\u00e3o e a Ger\u00eancia de Execu\u00e7\u00e3o e Monitoramento de Projetos de Capta\u00e7\u00e3o de Recursos.<\/p>\n","protected":false},"excerpt":{"rendered":"<p>A Superintend\u00eancia Central de Capta\u00e7\u00e3o de Recursos (SCCR), subordinada \u00e0 Subsecretaria de Governan\u00e7a, \u00e9 respons\u00e1vel por coordenar e articular a\u00e7\u00f5es estrat\u00e9gicas voltadas \u00e0 obten\u00e7\u00e3o de recursos financeiros que viabilizem pol\u00edticas p\u00fablicas no Estado de Goi\u00e1s. Atua junto a gestores das esferas federal, estadual, municipal e internacional, supervisionando e avaliando planos e projetos de capta\u00e7\u00e3o de [&hellip;]<\/p>\n","protected":false},"author":62,"featured_media":0,"parent":0,"menu_order":0,"comment_status":"closed","ping_status":"closed","template":"","meta":{"footnotes":"","_links_to":"","_links_to_target":""},"class_list":["post-59170","page","type-page","status-publish","hentry"],"rttpg_featured_image_url":null,"rttpg_author":{"display_name":"italoreis","author_link":"https:\/\/goias.gov.br\/governo\/author\/italoreis\/"},"rttpg_comment":0,"rttpg_category":null,"rttpg_excerpt":"A Superintend\u00eancia Central de Capta\u00e7\u00e3o de Recursos (SCCR), subordinada \u00e0 Subsecretaria de Governan\u00e7a, \u00e9 respons\u00e1vel por coordenar e articular a\u00e7\u00f5es estrat\u00e9gicas voltadas \u00e0 obten\u00e7\u00e3o de recursos financeiros que viabilizem pol\u00edticas p\u00fablicas no Estado de Goi\u00e1s. Atua junto a gestores das esferas federal, estadual, municipal e internacional, supervisionando e avaliando planos e projetos de capta\u00e7\u00e3o de&hellip;","_links":{"self":[{"href":"https:\/\/goias.gov.br\/governo\/wp-json\/wp\/v2\/pages\/59170","targetHints":{"allow":["GET"]}}],"collection":[{"href":"https:\/\/goias.gov.br\/governo\/wp-json\/wp\/v2\/pages"}],"about":[{"href":"https:\/\/goias.gov.br\/governo\/wp-json\/wp\/v2\/types\/page"}],"author":[{"embeddable":true,"href":"https:\/\/goias.gov.br\/governo\/wp-json\/wp\/v2\/users\/62"}],"replies":[{"embeddable":true,"href":"https:\/\/goias.gov.br\/governo\/wp-json\/wp\/v2\/comments?post=59170"}],"version-history":[{"count":2,"href":"https:\/\/goias.gov.br\/governo\/wp-json\/wp\/v2\/pages\/59170\/revisions"}],"predecessor-version":[{"id":59187,"href":"https:\/\/goias.gov.br\/governo\/wp-json\/wp\/v2\/pages\/59170\/revisions\/59187"}],"wp:attachment":[{"href":"https:\/\/goias.gov.br\/governo\/wp-json\/wp\/v2\/media?parent=59170"}],"curies":[{"name":"wp","href":"https:\/\/api.w.org\/{rel}","templated":true}]}}