

{"id":15722,"date":"2024-06-10T15:14:34","date_gmt":"2024-06-10T18:14:34","guid":{"rendered":"https:\/\/goias.gov.br\/governo\/?page_id=15722"},"modified":"2024-07-08T16:41:30","modified_gmt":"2024-07-08T19:41:30","slug":"01-2024","status":"publish","type":"page","link":"https:\/\/goias.gov.br\/governo\/editais\/01-2024\/","title":{"rendered":"Edital 01\/2024"},"content":{"rendered":"\n<h4><span style=\"color: #008000;\">Edital de Chamamento P\u00fablico para Sondagem de Mercado n\u00ba 01\/2024<\/span><\/h4>\n<p>Edital de Chamamento P\u00fablico para Sondagem de Mercado referente ao Projeto de Videomonitoramento com Intelig\u00eancia Artificial para Regi\u00e3o da Rua 44, em Goi\u00e2nia, e nas cidades de \u00c1guas Lindas de Goi\u00e1s, Cidade Ocidental, Formosa, Luzi\u00e2nia, Planaltina, Santo Ant\u00f4nio do Descoberto, Valpara\u00edso de Goi\u00e1s e Cidade de Goi\u00e1s.<\/p>\n<h4><span style=\"color: #008000; font-size: revert; font-weight: revert;\">Edital e Anexos<\/span><\/h4>\n<ul>\n<li><a href=\"https:\/\/goias.gov.br\/governo\/wp-content\/uploads\/sites\/11\/2024\/06\/SEI_GOVERNADORIA-60782540-AVISO.pdf\">Chamamento para Sondagem de Mercado<\/a><\/li>\n<li><a href=\"https:\/\/goias.gov.br\/governo\/wp-content\/uploads\/sites\/11\/2024\/06\/SEI_GOVERNADORIA-60782782-EDITAL.pdf\">Edital de Chamamento P\u00fablico para Sondagem de Mercado n\u00ba 01\/2024<\/a><\/li>\n<li><a href=\"https:\/\/goias.gov.br\/governo\/wp-content\/uploads\/sites\/11\/2024\/06\/ETP_Sistema_de_Videomonitoramento_com_IA___Servico.pdf\">Estudo T\u00e9cnico Preliminar (ETP)<\/a><\/li>\n<li><a href=\"https:\/\/goias.gov.br\/governo\/wp-content\/uploads\/sites\/11\/2024\/06\/Caderno_de_Especificacoes_Tecnicas_Minimas_e_Obrigatorias_Servico.pdf\">Caderno de Especifica\u00e7\u00f5es T\u00e9cnicas M\u00ednimas e Obrigat\u00f3rias &#8211; Objeto Servi\u00e7o<\/a><\/li>\n<li><a href=\"https:\/\/goias.gov.br\/governo\/wp-content\/uploads\/sites\/11\/2024\/07\/SEI_62288293_Relatorio_Final_1.pdf\">Relat\u00f3rio Final da Sondagem de Mercado<\/a><\/li>\n<\/ul>\n<h4><span style=\"color: #008000; font-size: revert; font-weight: revert;\">Cronograma<\/span><\/h4>\n<ul>\n<li>Publica\u00e7\u00e3o &#8211; 10\/06\/2024<\/li>\n<li>Inscri\u00e7\u00f5es &#8211; 12\/06\/2024 a 18\/06\/2024<\/li>\n<li>Agendamento &#8211; 12\/06\/2024 a 18\/06\/2024<\/li>\n<li>Entrevistas &#8211; 19\/06\/2024 a 02\/07\/2024<\/li>\n<li>Divulga\u00e7\u00e3o do Relat\u00f3rio &#8211; 08\/07\/2024<\/li>\n<\/ul>\n","protected":false},"excerpt":{"rendered":"<p>Edital de Chamamento P\u00fablico para Sondagem de Mercado n\u00ba 01\/2024 Edital de Chamamento P\u00fablico para Sondagem de Mercado referente ao Projeto de Videomonitoramento com Intelig\u00eancia Artificial para Regi\u00e3o da Rua 44, em Goi\u00e2nia, e nas cidades de \u00c1guas Lindas de Goi\u00e1s, Cidade Ocidental, Formosa, Luzi\u00e2nia, Planaltina, Santo Ant\u00f4nio do Descoberto, Valpara\u00edso de Goi\u00e1s e Cidade [&hellip;]<\/p>\n","protected":false},"author":62,"featured_media":0,"parent":15718,"menu_order":0,"comment_status":"closed","ping_status":"closed","template":"","meta":{"footnotes":"","_links_to":"","_links_to_target":""},"class_list":["post-15722","page","type-page","status-publish","hentry"],"rttpg_featured_image_url":null,"rttpg_author":{"display_name":"italoreis","author_link":"https:\/\/goias.gov.br\/governo\/author\/italoreis\/"},"rttpg_comment":0,"rttpg_category":null,"rttpg_excerpt":"Edital de Chamamento P\u00fablico para Sondagem de Mercado n\u00ba 01\/2024 Edital de Chamamento P\u00fablico para Sondagem de Mercado referente ao Projeto de Videomonitoramento com Intelig\u00eancia Artificial para Regi\u00e3o da Rua 44, em Goi\u00e2nia, e nas cidades de \u00c1guas Lindas de Goi\u00e1s, Cidade Ocidental, Formosa, Luzi\u00e2nia, Planaltina, Santo Ant\u00f4nio do Descoberto, Valpara\u00edso de Goi\u00e1s e Cidade&hellip;","_links":{"self":[{"href":"https:\/\/goias.gov.br\/governo\/wp-json\/wp\/v2\/pages\/15722","targetHints":{"allow":["GET"]}}],"collection":[{"href":"https:\/\/goias.gov.br\/governo\/wp-json\/wp\/v2\/pages"}],"about":[{"href":"https:\/\/goias.gov.br\/governo\/wp-json\/wp\/v2\/types\/page"}],"author":[{"embeddable":true,"href":"https:\/\/goias.gov.br\/governo\/wp-json\/wp\/v2\/users\/62"}],"replies":[{"embeddable":true,"href":"https:\/\/goias.gov.br\/governo\/wp-json\/wp\/v2\/comments?post=15722"}],"version-history":[{"count":2,"href":"https:\/\/goias.gov.br\/governo\/wp-json\/wp\/v2\/pages\/15722\/revisions"}],"predecessor-version":[{"id":15911,"href":"https:\/\/goias.gov.br\/governo\/wp-json\/wp\/v2\/pages\/15722\/revisions\/15911"}],"up":[{"embeddable":true,"href":"https:\/\/goias.gov.br\/governo\/wp-json\/wp\/v2\/pages\/15718"}],"wp:attachment":[{"href":"https:\/\/goias.gov.br\/governo\/wp-json\/wp\/v2\/media?parent=15722"}],"curies":[{"name":"wp","href":"https:\/\/api.w.org\/{rel}","templated":true}]}}