

{"id":115785,"date":"2026-01-19T15:38:39","date_gmt":"2026-01-19T18:38:39","guid":{"rendered":"https:\/\/goias.gov.br\/governo\/?page_id=115785"},"modified":"2026-03-02T12:42:53","modified_gmt":"2026-03-02T15:42:53","slug":"workshop-oportunidades-do-biometano-para-a-industria-e-o-setor-de-transporte","status":"publish","type":"page","link":"https:\/\/goias.gov.br\/governo\/energia\/workshop-oportunidades-do-biometano-para-a-industria-e-o-setor-de-transporte\/","title":{"rendered":"Workshop Oportunidades do Biometano para a Ind\u00fastria e o Setor de Transporte"},"content":{"rendered":"\n<p>A Secretaria-Geral de Governo (SGG) convida representantes do setor produtivo, especialistas e gestores p\u00fablicos para participar do<strong> workshop Oportunidades do Biometano para a Ind\u00fastria e o Setor de Transporte<\/strong>, que ser\u00e1 realizado no dia 11 de fevereiro de 2026, das 8h \u00e0s 19h, no Audit\u00f3rio Jo\u00e3o Bennio, na Fieg\/Casa da Ind\u00fastria.<\/p>\n\n\n\n<p>O evento tem como objetivo fortalecer o di\u00e1logo entre o Governo de Goi\u00e1s e empresas do setor de biog\u00e1s e biometano, com foco nas aplica\u00e7\u00f5es do biometano na ind\u00fastria e no transporte. A programa\u00e7\u00e3o inclui debates sobre o uso do biometano no transporte pesado e na ind\u00fastria, seu papel na transi\u00e7\u00e3o energ\u00e9tica, al\u00e9m de pol\u00edticas p\u00fablicas, infraestrutura, arranjos institucionais, o mercado brasileiro de ve\u00edculos pesados a g\u00e1s e a apresenta\u00e7\u00e3o de casos de sucesso.<\/p>\n\n\n\n<h4><span style=\"color: #008000;\">Programa\u00e7\u00e3o<\/span><\/h4>\n\n\n\n<p><strong>8h \u2013 Credenciamento e Coffee Break<\/strong><br><strong>9h \u2013 Abertura<\/strong><br><strong>9h20&nbsp;\u2013 Painel | Por que investir em Goi\u00e1s?<\/strong><\/p>\n\n\n\n<ul class=\"wp-block-list\">\n<li>Renato Lyra, Subsecret\u00e1rio de Energia, Telecomunica\u00e7\u00f5es e Cidades Inteligentes&nbsp;<\/li>\n<\/ul>\n\n\n\n<p><strong>9h40&nbsp;\u2013 Painel | Nova RMTC: desafios da primeira opera\u00e7\u00e3o a biometano de transporte p\u00fablico coletivo do Brasil<\/strong><\/p>\n\n\n\n<ul class=\"wp-block-list\">\n<li>La\u00e9rcio \u00c1vila, Diretor Executivo do Cons\u00f3rcio BRT&nbsp;<\/li>\n<\/ul>\n\n\n\n<p><strong>10h \u2013 Mesa Redonda | Biometano na ind\u00fastria: competitividade e seguran\u00e7a energ\u00e9tica<\/strong><\/p>\n\n\n\n<ul class=\"wp-block-list\">\n<li>Elisa Rodrigues, Head de Agroneg\u00f3cio<\/li>\n\n\n\n<li>Tiago Effting, Representante de Desenvolvimento de Neg\u00f3cios da bp Bioenergy<\/li>\n\n\n\n<li>Henrique Ara\u00fajo, Diretor de Rela\u00e7\u00f5es Institucionais e Governamentais da Copersucar S\/A<\/li>\n\n\n\n<li>Lorenzo Pianigiani, Diretor Comercial da Sebigas Cotica&nbsp;<\/li>\n<\/ul>\n\n\n\n<p><strong>11h \u2013 Mesa Redonda | <strong>Biometano no transporte pesado: viabilidade econ\u00f4mica, desafios e oportunidades<\/strong><\/strong><\/p>\n\n\n\n<ul class=\"wp-block-list\">\n<li>Bruno Pascon, S\u00f3cio da CBIE Advisory&nbsp;<\/li>\n\n\n\n<li>Tatianne Freitas, Diretora Comercial da Fuve Terraplanagem<\/li>\n\n\n\n<li>Gabriel Kropsch, Fundador da Sinerg\u00e1s<\/li>\n\n\n\n<li>Paulo Saraiva, Diretor do Conselho Fiscal do Centro Nacional das Ind\u00fastrias do Setor Sucroenerg\u00e9tico e Biocombust\u00edveis (CEISE)&nbsp;<\/li>\n<\/ul>\n\n\n\n<p><strong>14h \u2013 Mesa Redonda | Pol\u00edticas p\u00fablicas, infraestrutura e arranjos institucionais para o biometano<\/strong><\/p>\n\n\n\n<ul class=\"wp-block-list\">\n<li>Renato Lyra, Subsecret\u00e1rio de Energia, Telecomunica\u00e7\u00f5es e Cidades Inteligentes&nbsp;<\/li>\n\n\n\n<li>Arnaldo Jardim, Deputado Federal<\/li>\n\n\n\n<li>Marussa Boldrin, Deputada Federal<\/li>\n\n\n\n<li>Pietro Mendes, Diretor da Diretoria IV da Ag\u00eancia Nacional do Petr\u00f3leo, G\u00e1s Natural e Biocombust\u00edveis (ANP)&nbsp;<\/li>\n<\/ul>\n\n\n\n<p><strong>15h \u2013 Mesa Redonda | <strong>Biometano como solu\u00e7\u00e3o para transi\u00e7\u00e3o energ\u00e9tica na ind\u00fastria<\/strong><\/strong><\/p>\n\n\n\n<ul class=\"wp-block-list\">\n<li>Talyta&nbsp;Viana, Coordenadora T\u00e9cnica e Regulat\u00f3ria da&nbsp;ABiog\u00e1s&nbsp;<\/li>\n\n\n\n<li>Kelson Costa, Diretor Financeiro da Milh\u00e3o Ingredientes&nbsp;<\/li>\n\n\n\n<li>Alessandro&nbsp;Gardemann,&nbsp;CEO&nbsp;da&nbsp;Geo&nbsp;bio&nbsp;gas&amp;carbon&nbsp;<\/li>\n\n\n\n<li>N\u00edcolas&nbsp;Berhorst,&nbsp;Gerente&nbsp;de&nbsp;Intelig\u00eancia de Mercado da&nbsp;CIBiog\u00e1s<\/li>\n<\/ul>\n\n\n\n<p><strong>16h \u2013 Painel 1 | Mercado de ve\u00edculos pesados a g\u00e1s no Brasil<\/strong><\/p>\n\n\n\n<ul class=\"wp-block-list\">\n<li>Jo\u00e3o Pedro Ara\u00fajo, Analista de Rela\u00e7\u00f5es Institucionais da Scania<\/li>\n<\/ul>\n\n\n\n<p><strong>16h30 \u2013 Painel 2 | Biometano como vetor de desenvolvimento econ\u00f4mico e competitividade para ind\u00fastria<\/strong><\/p>\n\n\n\n<ul class=\"wp-block-list\">\n<li>Giovana Ara\u00fajo, S\u00f3cia da KPMG Brasil&nbsp;<\/li>\n<\/ul>\n\n\n\n<p><strong>17h \u2013 Painel 3 | Casos de sucesso: biometano para ve\u00edculos pesados<\/strong><\/p>\n\n\n\n<ul class=\"wp-block-list\">\n<li>Jo\u00e3o Quatrone, Gerente de Desenvolvimento de Neg\u00f3cios do grupo G\u00e1s Futuro<\/li>\n<\/ul>\n\n\n\n<p><strong>17h30 \u2013 Painel 4 | Casos de sucesso: aplica\u00e7\u00e3o industrial do biometano<\/strong><\/p>\n\n\n\n<ul class=\"wp-block-list\">\n<li>Aur\u00e9lio Ant\u00f4nio, Diretor da Ultragaz&nbsp;<\/li>\n<\/ul>\n\n\n\n<p><strong>18h \u2013 Encerramento<\/strong><\/p>\n","protected":false},"excerpt":{"rendered":"<p>A Secretaria-Geral de Governo (SGG) convida representantes do setor produtivo, especialistas e gestores p\u00fablicos para participar do workshop Oportunidades do Biometano para a Ind\u00fastria e o Setor de Transporte, que ser\u00e1 realizado no dia 11 de fevereiro de 2026, das 8h \u00e0s 19h, no Audit\u00f3rio Jo\u00e3o Bennio, na Fieg\/Casa da Ind\u00fastria. O evento tem como [&hellip;]<\/p>\n","protected":false},"author":245,"featured_media":118732,"parent":60288,"menu_order":0,"comment_status":"closed","ping_status":"closed","template":"","meta":{"footnotes":"","_links_to":"","_links_to_target":""},"class_list":["post-115785","page","type-page","status-publish","has-post-thumbnail","hentry"],"rttpg_featured_image_url":{"full":["https:\/\/goias.gov.br\/governo\/wp-content\/uploads\/sites\/11\/2026\/01\/BANNER-SITE.png",1200,350,false],"landscape":["https:\/\/goias.gov.br\/governo\/wp-content\/uploads\/sites\/11\/2026\/01\/BANNER-SITE.png",1200,350,false],"portraits":["https:\/\/goias.gov.br\/governo\/wp-content\/uploads\/sites\/11\/2026\/01\/BANNER-SITE.png",1200,350,false],"thumbnail":["https:\/\/goias.gov.br\/governo\/wp-content\/uploads\/sites\/11\/2026\/01\/BANNER-SITE-150x150.png",150,150,true],"medium":["https:\/\/goias.gov.br\/governo\/wp-content\/uploads\/sites\/11\/2026\/01\/BANNER-SITE-300x88.png",300,88,true],"large":["https:\/\/goias.gov.br\/governo\/wp-content\/uploads\/sites\/11\/2026\/01\/BANNER-SITE-1024x299.png",1024,299,true],"1536x1536":["https:\/\/goias.gov.br\/governo\/wp-content\/uploads\/sites\/11\/2026\/01\/BANNER-SITE.png",1200,350,false],"2048x2048":["https:\/\/goias.gov.br\/governo\/wp-content\/uploads\/sites\/11\/2026\/01\/BANNER-SITE.png",1200,350,false]},"rttpg_author":{"display_name":"gabriellabeltrao","author_link":"https:\/\/goias.gov.br\/governo\/author\/gabriellabeltrao\/"},"rttpg_comment":0,"rttpg_category":null,"rttpg_excerpt":"A Secretaria-Geral de Governo (SGG) convida representantes do setor produtivo, especialistas e gestores p\u00fablicos para participar do workshop Oportunidades do Biometano para a Ind\u00fastria e o Setor de Transporte, que ser\u00e1 realizado no dia 11 de fevereiro de 2026, das 8h \u00e0s 19h, no Audit\u00f3rio Jo\u00e3o Bennio, na Fieg\/Casa da Ind\u00fastria. O evento tem como&hellip;","_links":{"self":[{"href":"https:\/\/goias.gov.br\/governo\/wp-json\/wp\/v2\/pages\/115785","targetHints":{"allow":["GET"]}}],"collection":[{"href":"https:\/\/goias.gov.br\/governo\/wp-json\/wp\/v2\/pages"}],"about":[{"href":"https:\/\/goias.gov.br\/governo\/wp-json\/wp\/v2\/types\/page"}],"author":[{"embeddable":true,"href":"https:\/\/goias.gov.br\/governo\/wp-json\/wp\/v2\/users\/245"}],"replies":[{"embeddable":true,"href":"https:\/\/goias.gov.br\/governo\/wp-json\/wp\/v2\/comments?post=115785"}],"version-history":[{"count":3,"href":"https:\/\/goias.gov.br\/governo\/wp-json\/wp\/v2\/pages\/115785\/revisions"}],"predecessor-version":[{"id":131199,"href":"https:\/\/goias.gov.br\/governo\/wp-json\/wp\/v2\/pages\/115785\/revisions\/131199"}],"up":[{"embeddable":true,"href":"https:\/\/goias.gov.br\/governo\/wp-json\/wp\/v2\/pages\/60288"}],"wp:featuredmedia":[{"embeddable":true,"href":"https:\/\/goias.gov.br\/governo\/wp-json\/wp\/v2\/media\/118732"}],"wp:attachment":[{"href":"https:\/\/goias.gov.br\/governo\/wp-json\/wp\/v2\/media?parent=115785"}],"curies":[{"name":"wp","href":"https:\/\/api.w.org\/{rel}","templated":true}]}}