

{"id":13,"date":"2023-09-25T16:51:45","date_gmt":"2023-09-25T19:51:45","guid":{"rendered":"https:\/\/siteshom.goias.gov.br\/goiastelecom\/cargos-ocupantes\/"},"modified":"2026-04-10T14:53:30","modified_gmt":"2026-04-10T17:53:30","slug":"cargos-ocupantes","status":"publish","type":"page","link":"https:\/\/goias.gov.br\/goiastelecom\/cargos-ocupantes\/","title":{"rendered":"Cargos e seus Ocupantes"},"content":{"rendered":"\n<p class=\"has-text-align-center\"><strong>Diretor<\/strong>&#8211;<strong>Presidente<\/strong><\/p>\n\n\n\n<p class=\"has-text-align-center has-large-font-size\"><strong>JO\u00c3O BATISTA GREGO<\/strong><\/p>\n\n\n\n<p class=\"has-text-align-center\">Mandato: 09\/04\/2026 &#8211; 24\/12\/26 | Unidade SEI: 14484 <br>Curr\u00edculo <br>(62) 9 9963-4178<br><a href=\"mailto:gt@goiastelecom.go.gov.br\" data-type=\"mailto\" data-id=\"mailto:gt@goiastelecom.go.gov.br\" target=\"_blank\" rel=\"noreferrer noopener\">gt@goiastelecom.go.gov.br<\/a> <br>Avenida Professor Alfredo de Castro, Parque Acalanto &#8211; Goi\u00e2nia, Goi\u00e1s.<\/p>\n\n\n\n<hr class=\"wp-block-separator has-alpha-channel-opacity\"\/>\n\n\n\n<p class=\"has-text-align-center\"><strong>Diretor de Gest\u00e3o, Finan\u00e7as e Rela\u00e7\u00e3o com Investidores<\/strong><\/p>\n\n\n\n<p class=\"has-text-align-center has-large-font-size\"><strong>SANDRO GOMES BATISTA<\/strong><\/p>\n\n\n\n<p class=\"has-text-align-center\">Mandato: 24\/12\/2024 &#8211; 24\/12\/2026 | Unidade SEI: 12485 <br><a href=\"https:\/\/goias.gov.br\/goiastelecom\/wp-content\/uploads\/sites\/60\/2025\/05\/CURRICULO_Sandro-Gomes-2025.pdf\" target=\"_blank\" rel=\"noreferrer noopener\">Curr\u00edculo<\/a> <br>(62) 9 9963-4178<br><a href=\"mailto:sandro.gbatista@goiastelecom.go.gov.br\" target=\"_blank\" rel=\"noreferrer noopener\">sandro.gbatista@goiastelecom.go.gov.br<\/a> <br>Avenida Professor Alfredo de Castro, Parque Acalanto &#8211; Goi\u00e2nia, Goi\u00e1s.<\/p>\n\n\n\n<hr class=\"wp-block-separator has-alpha-channel-opacity\"\/>\n\n\n\n<p class=\"has-text-align-center\"><strong>Diretor Comercial e de Opera\u00e7\u00f5es<\/strong><\/p>\n\n\n\n<p class=\"has-text-align-center has-large-font-size\"><strong>OTAVIANO VIANNA NETO<\/strong><\/p>\n\n\n\n<p class=\"has-text-align-center\">Mandato: 23\/04\/2025 &#8211; 24\/12\/2026 | Unidade SEI: 12489 <br><a href=\"https:\/\/goias.gov.br\/goiastelecom\/wp-content\/uploads\/sites\/60\/2025\/05\/CURRICULO_Otaviano-Vianna-2025.pdf\" target=\"_blank\" rel=\"noreferrer noopener\">Curr\u00edculo<\/a> <br>(62) 9 9963-4178<br><a href=\"mailto:otaviano.vneto@goiastelecom.go.gov.br\">otaviano.vneto@goiastelecom.go.gov.br<\/a><br>Avenida Professor Alfredo de Castro, Parque Acalanto &#8211; Goi\u00e2nia, Goi\u00e1s.<\/p>\n\n\n\n<hr class=\"wp-block-separator has-alpha-channel-opacity\"\/>\n\n\n\n<p class=\"has-text-align-center\"><strong>Presidente do Conselho de Administra\u00e7\u00e3o<\/strong><\/p>\n\n\n\n<p class=\"has-text-align-center has-large-font-size\"><strong>EDUARDO FADANELLI<\/strong><\/p>\n\n\n\n<p class=\"has-text-align-center\">Mandato: 23\/12\/2024 &#8211; 23\/12\/2026 | Unidade SEI: 12488 <br><a href=\"https:\/\/goias.gov.br\/goiastelecom\/wp-content\/uploads\/sites\/60\/2025\/05\/CURRICULO_Eduardo-Fadanelli-2025-1.pdf\" target=\"_blank\" rel=\"noreferrer noopener\">Curr\u00edculo<\/a> <br>(62) 9 9963-4178<br><a href=\"mailto:eduardo@fadanelli.com\" target=\"_blank\" rel=\"noreferrer noopener\">eduardo@fadanelli.com<\/a> <br>Avenida Professor Alfredo de Castro, Parque Acalanto &#8211; Goi\u00e2nia, Goi\u00e1s.<\/p>\n\n\n\n<hr class=\"wp-block-separator has-alpha-channel-opacity\"\/>\n\n\n\n<p class=\"has-text-align-center\"><strong>Vice-Presidente do Conselho de Administra\u00e7\u00e3o<\/strong><\/p>\n\n\n\n<p class=\"has-text-align-center has-large-font-size\"><strong>RENATO RODRIGUES LYRA<\/strong><\/p>\n\n\n\n<p class=\"has-text-align-center\">Mandato: 23\/12\/2024 &#8211; 23\/12\/2026 | Unidade SEI: 12488 <br><a href=\"https:\/\/goias.gov.br\/goiastelecom\/wp-content\/uploads\/sites\/60\/2024\/09\/CV_Renato_Lyra_VPCADM.pdf\" target=\"_blank\" rel=\"noreferrer noopener\">Curr\u00edculo<\/a> <br>(62) 9 9963-4178<br><a href=\"mailto:renato.lyra@goias.gov.br\" target=\"_blank\" rel=\"noreferrer noopener\">renato.lyra@goias.gov.br<\/a> <br>Avenida Professor Alfredo de Castro, Parque Acalanto &#8211; Goi\u00e2nia, Goi\u00e1s.<\/p>\n\n\n\n<hr class=\"wp-block-separator has-alpha-channel-opacity\"\/>\n\n\n\n<p class=\"has-text-align-center\"><strong>Membro do Conselho de Administra\u00e7\u00e3o<\/strong><\/p>\n\n\n\n<p class=\"has-text-align-center has-large-font-size\"><strong>RICARDO FERREIRA SOUZA<\/strong><\/p>\n\n\n\n<p class=\"has-text-align-center\">Mandato: 23\/12\/2024 &#8211; 23\/12\/2026 | Unidade SEI: 12488 <br><a href=\"https:\/\/goias.gov.br\/goiastelecom\/wp-content\/uploads\/sites\/60\/2025\/05\/CURRICULO_Ricardo-Ferreira-2025-1.pdf\" target=\"_blank\" rel=\"noreferrer noopener\">Curr\u00edculo<\/a> <br>(62) 9 9963-4178<br><a href=\"mailto:ricardo.souza@goias.gov.br\" target=\"_blank\" rel=\"noreferrer noopener\">ricardo.souza@goias.gov.br<\/a> <br>Avenida Professor Alfredo de Castro, Parque Acalanto &#8211; Goi\u00e2nia, Goi\u00e1s.<\/p>\n\n\n\n<hr class=\"wp-block-separator has-alpha-channel-opacity\"\/>\n\n\n\n<p class=\"has-text-align-center\"><strong>Membro (n\u00e3o votante) do Conselho de Administra\u00e7\u00e3o<\/strong><\/p>\n\n\n\n<p class=\"has-text-align-center has-large-font-size\"><strong>HIP\u00d3LITO PRADO DOS SANTOS<\/strong><\/p>\n\n\n\n<p class=\"has-text-align-center\">Mandato: 23\/12\/2024 &#8211; 23\/12\/2026 | Unidade SEI: 12488 <br><a href=\"https:\/\/goias.gov.br\/goiastelecom\/wp-content\/uploads\/sites\/60\/2025\/05\/CURRICULO_-Hipolito-Prado-2025.pdf\" target=\"_blank\" rel=\"noreferrer noopener\">Curr\u00edculo<\/a> <br>(62) 9 9963-4178<br><a href=\"mailto:hipolito.santos@goiastelecom.go.gov.br\" target=\"_blank\" rel=\"noreferrer noopener\">hipolito.santos@goiastelecom.go.gov.br<\/a> <br>Avenida Professor Alfredo de Castro, Parque Acalanto &#8211; Goi\u00e2nia, Goi\u00e1s.<\/p>\n\n\n\n<hr class=\"wp-block-separator has-alpha-channel-opacity\"\/>\n\n\n\n<p class=\"has-text-align-center\"><strong>Presidente do Conselho Fiscal<\/strong><\/p>\n\n\n\n<p class=\"has-text-align-center has-large-font-size\"><strong>EURICO V. DE NETO<\/strong><\/p>\n\n\n\n<p class=\"has-text-align-center\">Mandato: 23\/12\/2024 &#8211; 23\/12\/2026 | Unidade SEI: 12488 <br><a href=\"https:\/\/goias.gov.br\/goiastelecom\/wp-content\/uploads\/sites\/60\/2024\/09\/CV_EURICO_VELASCO_P_CF.pdf\" target=\"_blank\" rel=\"noreferrer noopener\">Curr\u00edculo<\/a> <br>(62) 9 9963-4178<br><a href=\"mailto:euriconeto@yahoo.com.br\" target=\"_blank\" rel=\"noreferrer noopener\">euriconeto@yahoo.com.br<\/a> <br>Avenida Professor Alfredo de Castro, Parque Acalanto &#8211; Goi\u00e2nia, Goi\u00e1s.<\/p>\n\n\n\n<hr class=\"wp-block-separator has-alpha-channel-opacity\"\/>\n\n\n\n<p class=\"has-text-align-center\"><strong>Vice-Presidente do Conselho Fiscal<\/strong><\/p>\n\n\n\n<p class=\"has-text-align-center has-large-font-size\"><strong>ALEX S. PINHEIRO NETO<\/strong><\/p>\n\n\n\n<p class=\"has-text-align-center\">Mandato: 23\/12\/2024 &#8211; 23\/12\/2026 | Unidade SEI: 12488 <br><a href=\"https:\/\/goias.gov.br\/goiastelecom\/wp-content\/uploads\/sites\/60\/2025\/05\/CURRICULO_Alex-Schweigert-2025.pdf\" target=\"_blank\" rel=\"noreferrer noopener\">Curr\u00edculo<\/a> <br>(62) 9 9963-4178<br><a href=\"mailto:schweigert.phd@gmail.com\" target=\"_blank\" rel=\"noreferrer noopener\">schweigert.phd@gmail.com<\/a> <br>Avenida Professor Alfredo de Castro, Parque Acalanto &#8211; Goi\u00e2nia, Goi\u00e1s.<\/p>\n\n\n\n<hr class=\"wp-block-separator has-alpha-channel-opacity\"\/>\n\n\n\n<p class=\"has-text-align-center\"><strong>Membro do Conselho Fiscal<\/strong><\/p>\n\n\n\n<p class=\"has-text-align-center has-large-font-size\"><strong>WAGNER OLIVEIRA GOMES<\/strong><\/p>\n\n\n\n<p class=\"has-text-align-center\">Mandato 23\/12\/2024 &#8211; 23\/12\/2026 | Unidade SEI: 12488 <br><a href=\"https:\/\/goias.gov.br\/goiastelecom\/wp-content\/uploads\/sites\/60\/2025\/05\/CURRICULO_Wagner-Oliveira-2025-1.pdf\" target=\"_blank\" rel=\"noreferrer noopener\">Curr\u00edculo<\/a> <br>(62) 9 9963-4178<br><a href=\"mailto:wagner.gomes@agr.go.gov.br\" target=\"_blank\" rel=\"noreferrer noopener\">wagner.gomes@agr.go.gov.br<\/a> <br>Avenida Professor Alfredo de Castro, Parque Acalanto &#8211; Goi\u00e2nia, Goi\u00e1s.<\/p>\n\n\n\n<p><\/p>\n","protected":false},"excerpt":{"rendered":"<p>Diretor&#8211;Presidente JO\u00c3O BATISTA GREGO Mandato: 09\/04\/2026 &#8211; 24\/12\/26 | Unidade SEI: 14484 Curr\u00edculo (62) 9 9963-4178gt@goiastelecom.go.gov.br Avenida Professor Alfredo de Castro, Parque Acalanto &#8211; Goi\u00e2nia, Goi\u00e1s. Diretor de Gest\u00e3o, Finan\u00e7as e Rela\u00e7\u00e3o com Investidores SANDRO GOMES BATISTA Mandato: 24\/12\/2024 &#8211; 24\/12\/2026 | Unidade SEI: 12485 Curr\u00edculo (62) 9 9963-4178sandro.gbatista@goiastelecom.go.gov.br Avenida Professor Alfredo de Castro, Parque [&hellip;]<\/p>\n","protected":false},"author":1422,"featured_media":0,"parent":0,"menu_order":0,"comment_status":"closed","ping_status":"open","template":"","meta":{"footnotes":""},"class_list":["post-13","page","type-page","status-publish","hentry"],"rttpg_featured_image_url":null,"rttpg_author":{"display_name":"","author_link":"https:\/\/goias.gov.br\/goiastelecom\/author\/"},"rttpg_comment":0,"rttpg_category":null,"rttpg_excerpt":"Diretor&#8211;Presidente JO\u00c3O BATISTA GREGO Mandato: 09\/04\/2026 &#8211; 24\/12\/26 | Unidade SEI: 14484 Curr\u00edculo (62) 9 9963-4178gt@goiastelecom.go.gov.br Avenida Professor Alfredo de Castro, Parque Acalanto &#8211; Goi\u00e2nia, Goi\u00e1s. Diretor de Gest\u00e3o, Finan\u00e7as e Rela\u00e7\u00e3o com Investidores SANDRO GOMES BATISTA Mandato: 24\/12\/2024 &#8211; 24\/12\/2026 | Unidade SEI: 12485 Curr\u00edculo (62) 9 9963-4178sandro.gbatista@goiastelecom.go.gov.br Avenida Professor Alfredo de Castro, Parque&hellip;","_links":{"self":[{"href":"https:\/\/goias.gov.br\/goiastelecom\/wp-json\/wp\/v2\/pages\/13","targetHints":{"allow":["GET"]}}],"collection":[{"href":"https:\/\/goias.gov.br\/goiastelecom\/wp-json\/wp\/v2\/pages"}],"about":[{"href":"https:\/\/goias.gov.br\/goiastelecom\/wp-json\/wp\/v2\/types\/page"}],"author":[{"embeddable":true,"href":"https:\/\/goias.gov.br\/goiastelecom\/wp-json\/wp\/v2\/users\/1422"}],"replies":[{"embeddable":true,"href":"https:\/\/goias.gov.br\/goiastelecom\/wp-json\/wp\/v2\/comments?post=13"}],"version-history":[{"count":2,"href":"https:\/\/goias.gov.br\/goiastelecom\/wp-json\/wp\/v2\/pages\/13\/revisions"}],"predecessor-version":[{"id":213620,"href":"https:\/\/goias.gov.br\/goiastelecom\/wp-json\/wp\/v2\/pages\/13\/revisions\/213620"}],"wp:attachment":[{"href":"https:\/\/goias.gov.br\/goiastelecom\/wp-json\/wp\/v2\/media?parent=13"}],"curies":[{"name":"wp","href":"https:\/\/api.w.org\/{rel}","templated":true}]}}