

{"id":33633,"date":"2025-10-23T14:11:11","date_gmt":"2025-10-23T17:11:11","guid":{"rendered":"https:\/\/goias.gov.br\/goiasprev\/?page_id=33633"},"modified":"2025-10-23T14:15:10","modified_gmt":"2025-10-23T17:15:10","slug":"tecnologia-da-informacao","status":"publish","type":"page","link":"https:\/\/goias.gov.br\/goiasprev\/processos-de-negocio\/tecnologia-da-informacao\/","title":{"rendered":"Tecnologia da Informa\u00e7\u00e3o"},"content":{"rendered":"\n<p><a href=\"https:\/\/goias.gov.br\/goiasprev\/processos-de-negocio\/tecnologia-da-informacao\/atender-demanda-de-controle-de-acesso\/\" target=\"_blank\" rel=\"noreferrer noopener\">Atender Demanda de Controle de Acesso<\/a><\/p>\n\n\n\n<p><a href=\"https:\/\/goias.gov.br\/goiasprev\/processos-de-negocio\/tecnologia-da-informacao\/monitorar-servicos-e-aplicacoes\/\" target=\"_blank\" rel=\"noreferrer noopener\">Monitorar Servi\u00e7os e Aplica\u00e7\u00f5es<\/a><\/p>\n","protected":false},"excerpt":{"rendered":"<p>Atender Demanda de Controle de Acesso Monitorar Servi\u00e7os e Aplica\u00e7\u00f5es<\/p>\n","protected":false},"author":436,"featured_media":0,"parent":9553,"menu_order":0,"comment_status":"closed","ping_status":"closed","template":"","meta":{"footnotes":""},"class_list":["post-33633","page","type-page","status-publish","hentry"],"rttpg_featured_image_url":null,"rttpg_author":{"display_name":"Guilherme Corr\u00eaa","author_link":"https:\/\/goias.gov.br\/goiasprev\/author\/guilhermecorrea\/"},"rttpg_comment":0,"rttpg_category":null,"rttpg_excerpt":"Atender Demanda de Controle de Acesso Monitorar Servi\u00e7os e Aplica\u00e7\u00f5es","_links":{"self":[{"href":"https:\/\/goias.gov.br\/goiasprev\/wp-json\/wp\/v2\/pages\/33633","targetHints":{"allow":["GET"]}}],"collection":[{"href":"https:\/\/goias.gov.br\/goiasprev\/wp-json\/wp\/v2\/pages"}],"about":[{"href":"https:\/\/goias.gov.br\/goiasprev\/wp-json\/wp\/v2\/types\/page"}],"author":[{"embeddable":true,"href":"https:\/\/goias.gov.br\/goiasprev\/wp-json\/wp\/v2\/users\/436"}],"replies":[{"embeddable":true,"href":"https:\/\/goias.gov.br\/goiasprev\/wp-json\/wp\/v2\/comments?post=33633"}],"version-history":[{"count":2,"href":"https:\/\/goias.gov.br\/goiasprev\/wp-json\/wp\/v2\/pages\/33633\/revisions"}],"predecessor-version":[{"id":33642,"href":"https:\/\/goias.gov.br\/goiasprev\/wp-json\/wp\/v2\/pages\/33633\/revisions\/33642"}],"up":[{"embeddable":true,"href":"https:\/\/goias.gov.br\/goiasprev\/wp-json\/wp\/v2\/pages\/9553"}],"wp:attachment":[{"href":"https:\/\/goias.gov.br\/goiasprev\/wp-json\/wp\/v2\/media?parent=33633"}],"curies":[{"name":"wp","href":"https:\/\/api.w.org\/{rel}","templated":true}]}}