

{"id":17026,"date":"2025-01-23T09:56:19","date_gmt":"2025-01-23T12:56:19","guid":{"rendered":"https:\/\/goias.gov.br\/goiasprev\/?page_id=17026"},"modified":"2025-12-16T10:43:49","modified_gmt":"2025-12-16T13:43:49","slug":"realizar-resgate-de-recursos","status":"publish","type":"page","link":"https:\/\/goias.gov.br\/goiasprev\/processos-de-negocio\/investimento\/realizar-resgate-de-recursos\/","title":{"rendered":"Realizar Movimenta\u00e7\u00e3o Financeira (Aplica\u00e7\u00e3o e Resgate de Recursos)"},"content":{"rendered":"\n<p><a href=\"https:\/\/goias.gov.br\/goiasprev\/wp-content\/uploads\/sites\/36\/2025\/11\/Fluxograma_Realiz_Moviment_Financ.pdf\" target=\"_blank\" rel=\"noreferrer noopener\">Fluxograma<\/a><\/p>\n\n\n\n<p><a href=\"https:\/\/goias.gov.br\/goiasprev\/wp-content\/uploads\/sites\/36\/2025\/12\/Manual_Realiz_Moviment_Financ-1.pdf\" target=\"_blank\" rel=\"noreferrer noopener\">Manual<\/a><\/p>\n","protected":false},"excerpt":{"rendered":"<p>Fluxograma Manual<\/p>\n","protected":false},"author":436,"featured_media":0,"parent":10351,"menu_order":0,"comment_status":"closed","ping_status":"closed","template":"","meta":{"footnotes":""},"class_list":["post-17026","page","type-page","status-publish","hentry"],"rttpg_featured_image_url":null,"rttpg_author":{"display_name":"Guilherme Corr\u00eaa","author_link":"https:\/\/goias.gov.br\/goiasprev\/author\/guilhermecorrea\/"},"rttpg_comment":0,"rttpg_category":null,"rttpg_excerpt":"Fluxograma Manual","_links":{"self":[{"href":"https:\/\/goias.gov.br\/goiasprev\/wp-json\/wp\/v2\/pages\/17026","targetHints":{"allow":["GET"]}}],"collection":[{"href":"https:\/\/goias.gov.br\/goiasprev\/wp-json\/wp\/v2\/pages"}],"about":[{"href":"https:\/\/goias.gov.br\/goiasprev\/wp-json\/wp\/v2\/types\/page"}],"author":[{"embeddable":true,"href":"https:\/\/goias.gov.br\/goiasprev\/wp-json\/wp\/v2\/users\/436"}],"replies":[{"embeddable":true,"href":"https:\/\/goias.gov.br\/goiasprev\/wp-json\/wp\/v2\/comments?post=17026"}],"version-history":[{"count":2,"href":"https:\/\/goias.gov.br\/goiasprev\/wp-json\/wp\/v2\/pages\/17026\/revisions"}],"predecessor-version":[{"id":38223,"href":"https:\/\/goias.gov.br\/goiasprev\/wp-json\/wp\/v2\/pages\/17026\/revisions\/38223"}],"up":[{"embeddable":true,"href":"https:\/\/goias.gov.br\/goiasprev\/wp-json\/wp\/v2\/pages\/10351"}],"wp:attachment":[{"href":"https:\/\/goias.gov.br\/goiasprev\/wp-json\/wp\/v2\/media?parent=17026"}],"curies":[{"name":"wp","href":"https:\/\/api.w.org\/{rel}","templated":true}]}}