

{"id":10351,"date":"2024-09-02T11:33:09","date_gmt":"2024-09-02T14:33:09","guid":{"rendered":"https:\/\/goias.gov.br\/goiasprev\/?page_id=10351"},"modified":"2026-02-10T16:03:01","modified_gmt":"2026-02-10T19:03:01","slug":"investimento","status":"publish","type":"page","link":"https:\/\/goias.gov.br\/goiasprev\/processos-de-negocio\/investimento\/","title":{"rendered":"Investimentos"},"content":{"rendered":"\n<p><a href=\"https:\/\/goias.gov.br\/goiasprev\/processos-de-negocio\/investimento\/realizar-aplicacao-de-recursos\/\" target=\"_blank\" rel=\"noreferrer noopener\">Credenciar Institui\u00e7\u00e3o Financeira<\/a><\/p>\n\n\n\n<p><a href=\"https:\/\/goias.gov.br\/goiasprev\/processos-de-negocio\/investimento\/elaborar-e-aprovar-a-politica-de-investimentos\/\" target=\"_blank\" rel=\"noreferrer noopener\">Elaborar e Aprovar a Pol\u00edtica de Investimentos<\/a><\/p>\n\n\n\n<p><a href=\"https:\/\/goias.gov.br\/goiasprev\/processos-de-negocio\/investimento\/elaborar-relatorio-mensal-dos-investimentos\/\" target=\"_blank\" rel=\"noreferrer noopener\">Elaborar Relat\u00f3rio Mensal dos Investimentos<\/a><\/p>\n\n\n\n<p><a href=\"https:\/\/goias.gov.br\/goiasprev\/processos-de-negocio\/investimento\/realizar-resgate-de-recursos\/\" target=\"_blank\" rel=\"noreferrer noopener\">Realizar Movimenta\u00e7\u00e3o Financeira (Aplica\u00e7\u00e3o e Resgate de Recursos)<\/a><\/p>\n\n\n\n<p><\/p>\n\n\n\n<p><\/p>\n","protected":false},"excerpt":{"rendered":"<p>Credenciar Institui\u00e7\u00e3o Financeira Elaborar e Aprovar a Pol\u00edtica de Investimentos Elaborar Relat\u00f3rio Mensal dos Investimentos Realizar Movimenta\u00e7\u00e3o Financeira (Aplica\u00e7\u00e3o e Resgate de Recursos)<\/p>\n","protected":false},"author":436,"featured_media":0,"parent":9553,"menu_order":0,"comment_status":"closed","ping_status":"closed","template":"","meta":{"footnotes":""},"class_list":["post-10351","page","type-page","status-publish","hentry"],"rttpg_featured_image_url":null,"rttpg_author":{"display_name":"Guilherme Corr\u00eaa","author_link":"https:\/\/goias.gov.br\/goiasprev\/author\/guilhermecorrea\/"},"rttpg_comment":0,"rttpg_category":null,"rttpg_excerpt":"Credenciar Institui\u00e7\u00e3o Financeira Elaborar e Aprovar a Pol\u00edtica de Investimentos Elaborar Relat\u00f3rio Mensal dos Investimentos Realizar Movimenta\u00e7\u00e3o Financeira (Aplica\u00e7\u00e3o e Resgate de Recursos)","_links":{"self":[{"href":"https:\/\/goias.gov.br\/goiasprev\/wp-json\/wp\/v2\/pages\/10351","targetHints":{"allow":["GET"]}}],"collection":[{"href":"https:\/\/goias.gov.br\/goiasprev\/wp-json\/wp\/v2\/pages"}],"about":[{"href":"https:\/\/goias.gov.br\/goiasprev\/wp-json\/wp\/v2\/types\/page"}],"author":[{"embeddable":true,"href":"https:\/\/goias.gov.br\/goiasprev\/wp-json\/wp\/v2\/users\/436"}],"replies":[{"embeddable":true,"href":"https:\/\/goias.gov.br\/goiasprev\/wp-json\/wp\/v2\/comments?post=10351"}],"version-history":[{"count":2,"href":"https:\/\/goias.gov.br\/goiasprev\/wp-json\/wp\/v2\/pages\/10351\/revisions"}],"predecessor-version":[{"id":38843,"href":"https:\/\/goias.gov.br\/goiasprev\/wp-json\/wp\/v2\/pages\/10351\/revisions\/38843"}],"up":[{"embeddable":true,"href":"https:\/\/goias.gov.br\/goiasprev\/wp-json\/wp\/v2\/pages\/9553"}],"wp:attachment":[{"href":"https:\/\/goias.gov.br\/goiasprev\/wp-json\/wp\/v2\/media?parent=10351"}],"curies":[{"name":"wp","href":"https:\/\/api.w.org\/{rel}","templated":true}]}}