

{"id":3733,"date":"2024-07-08T16:17:22","date_gmt":"2024-07-08T19:17:22","guid":{"rendered":"https:\/\/goias.gov.br\/goiasparcerias\/agenda-de-autoridades\/"},"modified":"2026-04-29T06:58:44","modified_gmt":"2026-04-29T09:58:44","slug":"agenda-de-autoridades","status":"publish","type":"page","link":"https:\/\/goias.gov.br\/goiasparcerias\/agenda-de-autoridades\/","title":{"rendered":"Agenda de Autoridades"},"content":{"rendered":"\t\t<div data-elementor-type=\"wp-page\" data-elementor-id=\"3733\" class=\"elementor elementor-3733\">\n\t\t\t\t<div class=\"elementor-element elementor-element-14c5f761 e-flex e-con-boxed e-con e-parent\" data-id=\"14c5f761\" data-element_type=\"container\" data-e-type=\"container\">\n\t\t\t\t\t<div class=\"e-con-inner\">\n\t\t\t\t<div class=\"elementor-element elementor-element-1dcc34d9 elementor-widget elementor-widget-text-editor\" data-id=\"1dcc34d9\" data-element_type=\"widget\" data-e-type=\"widget\" data-widget_type=\"text-editor.default\">\n\t\t\t\t\t\t\t\t\t<p><strong style=\"margin-block-end: -1.8rem;\"><a href=\"https:\/\/goias.gov.br\/goiasparcerias\/presidente\/\">Presidente<\/a><\/strong><br \/>ALAN FARIAS TAVARES<\/p><p><strong style=\"margin-block-end: -1.8rem;\"><a href=\"https:\/\/goias.gov.br\/goiasparcerias\/chefe-de-gabinete\/\">Chefe de Gabinete<\/a><\/strong><br \/>JORGE LUIZ RAMOS CAIADO J\u00daNIOR<\/p><p><strong style=\"margin-block-end: -1.8rem;\"><a href=\"https:\/\/goias.gov.br\/goiasparcerias\/diretor-administrativo-de-regulacao-e-governanca\/\">Diretor Administrativo, de Regula\u00e7\u00e3o e Governan\u00e7a<\/a><\/strong><br \/>MAXUELO BRAZ DE PAULA<\/p><p><strong style=\"margin-block-end: -1.8rem;\"><a href=\"https:\/\/goias.gov.br\/goiasparcerias\/diretora-financeiro-de-relacao-com-investidores-e-novos-negocios\/\">Diretora Financeiro, de Rela\u00e7\u00e3o com Investidores e Novos Neg\u00f3cios<\/a><\/strong><br \/>PAULA DE MELO PONTES ALMEIDA<\/p><p><strong style=\"margin-block-end: -1.8rem;\"><a href=\"https:\/\/goias.gov.br\/goiasparcerias\/diretor-tecnico\/\">Diretor T\u00e9cnico<\/a><\/strong><br \/>HEITOR DIAS CAMARGO<\/p>\t\t\t\t\t\t\t\t<\/div>\n\t\t\t\t\t<\/div>\n\t\t\t\t<\/div>\n\t\t\t\t<\/div>\n\t\t","protected":false},"excerpt":{"rendered":"<p>PresidenteALAN FARIAS TAVARES Chefe de GabineteJORGE LUIZ RAMOS CAIADO J\u00daNIOR Diretor Administrativo, de Regula\u00e7\u00e3o e Governan\u00e7aMAXUELO BRAZ DE PAULA Diretora Financeiro, de Rela\u00e7\u00e3o com Investidores e Novos Neg\u00f3ciosPAULA DE MELO PONTES ALMEIDA Diretor T\u00e9cnicoHEITOR DIAS CAMARGO<\/p>\n","protected":false},"author":82,"featured_media":0,"parent":0,"menu_order":0,"comment_status":"closed","ping_status":"closed","template":"","meta":{"footnotes":""},"class_list":["post-3733","page","type-page","status-publish","hentry"],"rttpg_featured_image_url":null,"rttpg_author":{"display_name":"andredutton","author_link":"https:\/\/goias.gov.br\/goiasparcerias\/author\/andre-duttonfornecedores-goias-gov-br\/"},"rttpg_comment":0,"rttpg_category":null,"rttpg_excerpt":"PresidenteALAN FARIAS TAVARES Chefe de GabineteJORGE LUIZ RAMOS CAIADO J\u00daNIOR Diretor Administrativo, de Regula\u00e7\u00e3o e Governan\u00e7aMAXUELO BRAZ DE PAULA Diretora Financeiro, de Rela\u00e7\u00e3o com Investidores e Novos Neg\u00f3ciosPAULA DE MELO PONTES ALMEIDA Diretor T\u00e9cnicoHEITOR DIAS CAMARGO","_links":{"self":[{"href":"https:\/\/goias.gov.br\/goiasparcerias\/wp-json\/wp\/v2\/pages\/3733","targetHints":{"allow":["GET"]}}],"collection":[{"href":"https:\/\/goias.gov.br\/goiasparcerias\/wp-json\/wp\/v2\/pages"}],"about":[{"href":"https:\/\/goias.gov.br\/goiasparcerias\/wp-json\/wp\/v2\/types\/page"}],"author":[{"embeddable":true,"href":"https:\/\/goias.gov.br\/goiasparcerias\/wp-json\/wp\/v2\/users\/82"}],"replies":[{"embeddable":true,"href":"https:\/\/goias.gov.br\/goiasparcerias\/wp-json\/wp\/v2\/comments?post=3733"}],"version-history":[{"count":2,"href":"https:\/\/goias.gov.br\/goiasparcerias\/wp-json\/wp\/v2\/pages\/3733\/revisions"}],"predecessor-version":[{"id":30522,"href":"https:\/\/goias.gov.br\/goiasparcerias\/wp-json\/wp\/v2\/pages\/3733\/revisions\/30522"}],"wp:attachment":[{"href":"https:\/\/goias.gov.br\/goiasparcerias\/wp-json\/wp\/v2\/media?parent=3733"}],"curies":[{"name":"wp","href":"https:\/\/api.w.org\/{rel}","templated":true}]}}