

{"id":4973,"date":"2016-07-11T09:30:54","date_gmt":"2016-07-11T12:30:54","guid":{"rendered":"http:\/\/www.fapeg.go.gov.br\/?page_id=4973"},"modified":"2026-05-03T07:24:07","modified_gmt":"2026-05-03T10:24:07","slug":"agenda-de-autoridades","status":"publish","type":"page","link":"https:\/\/goias.gov.br\/fapeg\/agenda-de-autoridades\/","title":{"rendered":"Agenda de Autoridades"},"content":{"rendered":"<p><strong style='margin-block-end: -1.8rem'><a href='https:\/\/goias.gov.br\/fapeg\/presidente\/'>Presidente<\/a><\/strong><br \/>MARCOS FERNANDO ARRIEL<\/p>\n<p><strong style='margin-block-end: -1.8rem'><a href='https:\/\/goias.gov.br\/fapeg\/diretor-cientifico-e-de-inovacao\/'>Diretor Cient\u00edfico e de Inova\u00e7\u00e3o<\/a><\/strong><br \/>CLAUDIO RODRIGUES LELES<\/p>\n<p><strong style='margin-block-end: -1.8rem'><a href='https:\/\/goias.gov.br\/fapeg\/diretor-de-programas-e-monitoramento\/'>Diretor de Programas e Monitoramento<\/a><\/strong><br \/>VANDERLEI VEGET CASSIANO LOPES JUNIOR<\/p>\n<p><strong style='margin-block-end: -1.8rem'><a href='https:\/\/goias.gov.br\/fapeg\/diretora-de-gestao-integrada\/'>Diretora de Gest\u00e3o Integrada<\/a><\/strong><br \/>LORENA RAQUEL FELICIANO DE FARIA PEIXOTO<\/p>\n<p><strong style='margin-block-end: -1.8rem'><a href='https:\/\/goias.gov.br\/fapeg\/procurador-setorial\/'>Procurador Setorial<\/a><\/strong><br \/>FREDERICO ANTUNES COSTA TORMIN<\/p>\n<p><strong style='margin-block-end: -1.8rem'><a href='https:\/\/goias.gov.br\/fapeg\/chefia-de-gabinete\/'>Chefia de Gabinete<\/a><\/strong><br \/>HENRIQUE MATIAS TRONCOSO CHAVES<\/p>\n<p><strong style='margin-block-end: -1.8rem'><a href='https:\/\/goias.gov.br\/fapeg\/chefe-de-comunicacao-setorial\/'>Chefe de Comunica\u00e7\u00e3o Setorial<\/a><\/strong><br \/>ALESSANDRA RODRIGUES OLIVEIRA<\/p>\n","protected":false},"excerpt":{"rendered":"<p>PresidenteMARCOS FERNANDO ARRIEL Diretor Cient\u00edfico e de Inova\u00e7\u00e3oCLAUDIO RODRIGUES LELES Diretor de Programas e MonitoramentoVANDERLEI VEGET CASSIANO LOPES JUNIOR Diretora de Gest\u00e3o IntegradaLORENA RAQUEL FELICIANO DE FARIA PEIXOTO Procurador SetorialFREDERICO ANTUNES COSTA TORMIN Chefia de GabineteHENRIQUE MATIAS TRONCOSO CHAVES Chefe de Comunica\u00e7\u00e3o SetorialALESSANDRA RODRIGUES OLIVEIRA<\/p>\n","protected":false},"author":101,"featured_media":0,"parent":0,"menu_order":0,"comment_status":"closed","ping_status":"closed","template":"","meta":{"footnotes":""},"class_list":["post-4973","page","type-page","status-publish","hentry"],"rttpg_featured_image_url":null,"rttpg_author":{"display_name":"adrianobrandao","author_link":"https:\/\/goias.gov.br\/fapeg\/author\/adrianobrandao\/"},"rttpg_comment":0,"rttpg_category":null,"rttpg_excerpt":"PresidenteMARCOS FERNANDO ARRIEL Diretor Cient\u00edfico e de Inova\u00e7\u00e3oCLAUDIO RODRIGUES LELES Diretor de Programas e MonitoramentoVANDERLEI VEGET CASSIANO LOPES JUNIOR Diretora de Gest\u00e3o IntegradaLORENA RAQUEL FELICIANO DE FARIA PEIXOTO Procurador SetorialFREDERICO ANTUNES COSTA TORMIN Chefia de GabineteHENRIQUE MATIAS TRONCOSO CHAVES Chefe de Comunica\u00e7\u00e3o SetorialALESSANDRA RODRIGUES OLIVEIRA","_links":{"self":[{"href":"https:\/\/goias.gov.br\/fapeg\/wp-json\/wp\/v2\/pages\/4973","targetHints":{"allow":["GET"]}}],"collection":[{"href":"https:\/\/goias.gov.br\/fapeg\/wp-json\/wp\/v2\/pages"}],"about":[{"href":"https:\/\/goias.gov.br\/fapeg\/wp-json\/wp\/v2\/types\/page"}],"author":[{"embeddable":true,"href":"https:\/\/goias.gov.br\/fapeg\/wp-json\/wp\/v2\/users\/101"}],"replies":[{"embeddable":true,"href":"https:\/\/goias.gov.br\/fapeg\/wp-json\/wp\/v2\/comments?post=4973"}],"version-history":[{"count":2,"href":"https:\/\/goias.gov.br\/fapeg\/wp-json\/wp\/v2\/pages\/4973\/revisions"}],"predecessor-version":[{"id":104798,"href":"https:\/\/goias.gov.br\/fapeg\/wp-json\/wp\/v2\/pages\/4973\/revisions\/104798"}],"wp:attachment":[{"href":"https:\/\/goias.gov.br\/fapeg\/wp-json\/wp\/v2\/media?parent=4973"}],"curies":[{"name":"wp","href":"https:\/\/api.w.org\/{rel}","templated":true}]}}

<p><strong style='margin-block-end: -1.8rem'><a href='https://goias.gov.br/fapeg/presidente/'>Presidente</a></strong><br />MARCOS FERNANDO ARRIEL</p>
<p><strong style='margin-block-end: -1.8rem'><a href='https://goias.gov.br/fapeg/diretor-cientifico-e-de-inovacao/'>Diretor Científico e de Inovação</a></strong><br />CLAUDIO RODRIGUES LELES</p>
<p><strong style='margin-block-end: -1.8rem'><a href='https://goias.gov.br/fapeg/diretor-de-programas-e-monitoramento/'>Diretor de Programas e Monitoramento</a></strong><br />VANDERLEI VEGET CASSIANO LOPES JUNIOR</p>
<p><strong style='margin-block-end: -1.8rem'><a href='https://goias.gov.br/fapeg/diretora-de-gestao-integrada/'>Diretora de Gestão Integrada</a></strong><br />LORENA RAQUEL FELICIANO DE FARIA PEIXOTO</p>
<p><strong style='margin-block-end: -1.8rem'><a href='https://goias.gov.br/fapeg/procurador-setorial/'>Procurador Setorial</a></strong><br />FREDERICO ANTUNES COSTA TORMIN</p>
<p><strong style='margin-block-end: -1.8rem'><a href='https://goias.gov.br/fapeg/chefia-de-gabinete/'>Chefia de Gabinete</a></strong><br />HENRIQUE MATIAS TRONCOSO CHAVES</p>
<p><strong style='margin-block-end: -1.8rem'><a href='https://goias.gov.br/fapeg/chefe-de-comunicacao-setorial/'>Chefe de Comunicação Setorial</a></strong><br />ALESSANDRA RODRIGUES OLIVEIRA</p>

<p>PresidenteMARCOS FERNANDO ARRIEL Diretor Científico e de InovaçãoCLAUDIO RODRIGUES LELES Diretor de Programas e MonitoramentoVANDERLEI VEGET CASSIANO LOPES JUNIOR Diretora de Gestão IntegradaLORENA RAQUEL FELICIANO DE FARIA PEIXOTO Procurador SetorialFREDERICO ANTUNES COSTA TORMIN Chefia de GabineteHENRIQUE MATIAS TRONCOSO CHAVES Chefe de Comunicação SetorialALESSANDRA RODRIGUES OLIVEIRA</p>

PresidenteMARCOS FERNANDO ARRIEL Diretor Científico e de InovaçãoCLAUDIO RODRIGUES LELES Diretor de Programas e MonitoramentoVANDERLEI VEGET CASSIANO LOPES JUNIOR Diretora de Gestão IntegradaLORENA RAQUEL FELICIANO DE FARIA PEIXOTO Procurador SetorialFREDERICO ANTUNES COSTA TORMIN Chefia de GabineteHENRIQUE MATIAS TRONCOSO CHAVES Chefe de Comunicação SetorialALESSANDRA RODRIGUES OLIVEIRA
