

{"id":34560,"date":"2022-09-28T08:47:52","date_gmt":"2022-09-28T11:47:52","guid":{"rendered":"http:\/\/www.fapeg.go.gov.br\/?page_id=34560"},"modified":"2023-12-12T14:50:46","modified_gmt":"2023-12-12T17:50:46","slug":"artigos-de-opiniao","status":"publish","type":"page","link":"https:\/\/goias.gov.br\/fapeg\/comunicacao\/artigos-de-opiniao\/","title":{"rendered":"Artigos de opini\u00e3o"},"content":{"rendered":"\n<h1 class=\"wp-block-heading\"><\/h1>\n\n\n\n<p><a href=\"https:\/\/aredacao.com.br\/artigos\/200780\/fapeg-18-anos-maturidade-das-acoes-de-fomento-a-ciencia-e-tecnologia\">Fapeg 18 anos: maturidade das a\u00e7\u00f5es de fomento \u00e0 ci\u00eancia e tecnologia<\/a> (Jornal A Reda\u00e7\u00e3o &#8211; 12 de dezembro de 2023) &#8211; Presidente da Fapeg, Marcos Fernando Arriel.<\/p>\n","protected":false},"excerpt":{"rendered":"<p>Fapeg 18 anos: maturidade das a\u00e7\u00f5es de fomento \u00e0 ci\u00eancia e tecnologia (Jornal A Reda\u00e7\u00e3o &#8211; 12 de dezembro de 2023) &#8211; Presidente da Fapeg, Marcos Fernando Arriel.<\/p>\n","protected":false},"author":46,"featured_media":0,"parent":285,"menu_order":0,"comment_status":"closed","ping_status":"closed","template":"","meta":{"footnotes":""},"class_list":["post-34560","page","type-page","status-publish","hentry"],"rttpg_featured_image_url":null,"rttpg_author":{"display_name":"cleybetsls","author_link":"https:\/\/goias.gov.br\/fapeg\/author\/cleybetsls\/"},"rttpg_comment":0,"rttpg_category":null,"rttpg_excerpt":"Fapeg 18 anos: maturidade das a\u00e7\u00f5es de fomento \u00e0 ci\u00eancia e tecnologia (Jornal A Reda\u00e7\u00e3o &#8211; 12 de dezembro de 2023) &#8211; Presidente da Fapeg, Marcos Fernando Arriel.","_links":{"self":[{"href":"https:\/\/goias.gov.br\/fapeg\/wp-json\/wp\/v2\/pages\/34560","targetHints":{"allow":["GET"]}}],"collection":[{"href":"https:\/\/goias.gov.br\/fapeg\/wp-json\/wp\/v2\/pages"}],"about":[{"href":"https:\/\/goias.gov.br\/fapeg\/wp-json\/wp\/v2\/types\/page"}],"author":[{"embeddable":true,"href":"https:\/\/goias.gov.br\/fapeg\/wp-json\/wp\/v2\/users\/46"}],"replies":[{"embeddable":true,"href":"https:\/\/goias.gov.br\/fapeg\/wp-json\/wp\/v2\/comments?post=34560"}],"version-history":[{"count":2,"href":"https:\/\/goias.gov.br\/fapeg\/wp-json\/wp\/v2\/pages\/34560\/revisions"}],"predecessor-version":[{"id":38223,"href":"https:\/\/goias.gov.br\/fapeg\/wp-json\/wp\/v2\/pages\/34560\/revisions\/38223"}],"up":[{"embeddable":true,"href":"https:\/\/goias.gov.br\/fapeg\/wp-json\/wp\/v2\/pages\/285"}],"wp:attachment":[{"href":"https:\/\/goias.gov.br\/fapeg\/wp-json\/wp\/v2\/media?parent=34560"}],"curies":[{"name":"wp","href":"https:\/\/api.w.org\/{rel}","templated":true}]}}

Artigos de opinião

<h1 class="wp-block-heading"></h1>



<p><a href="https://aredacao.com.br/artigos/200780/fapeg-18-anos-maturidade-das-acoes-de-fomento-a-ciencia-e-tecnologia">Fapeg 18 anos: maturidade das ações de fomento à ciência e tecnologia</a> (Jornal A Redação &#8211; 12 de dezembro de 2023) &#8211; Presidente da Fapeg, Marcos Fernando Arriel.</p>

<p>Fapeg 18 anos: maturidade das ações de fomento à ciência e tecnologia (Jornal A Redação &#8211; 12 de dezembro de 2023) &#8211; Presidente da Fapeg, Marcos Fernando Arriel.</p>

Fapeg 18 anos: maturidade das ações de fomento à ciência e tecnologia (Jornal A Redação &#8211; 12 de dezembro de 2023) &#8211; Presidente da Fapeg, Marcos Fernando Arriel.
