

{"id":194,"date":"2015-07-14T13:26:46","date_gmt":"2015-07-14T13:26:46","guid":{"rendered":"http:\/\/10.246.8.22\/?page_id=194"},"modified":"2015-07-14T13:26:46","modified_gmt":"2015-07-14T13:26:46","slug":"rn0210-disciplina-a-aplicacao-financeira-de-recursos-para-fomentos-contratados-pela-fapeg","status":"publish","type":"page","link":"https:\/\/goias.gov.br\/fapeg\/fapeg\/legislacao\/resolucoes\/rn0210-disciplina-a-aplicacao-financeira-de-recursos-para-fomentos-contratados-pela-fapeg\/","title":{"rendered":"RN02\/10 \u2013 Disciplina a aplica\u00e7\u00e3o financeira de recursos para fomentos contratados pela FAPEG"},"content":{"rendered":"<p>Em revis\u00e3o.<\/p>\n","protected":false},"excerpt":{"rendered":"<p>Em revis\u00e3o.<\/p>\n","protected":false},"author":46,"featured_media":0,"parent":120,"menu_order":0,"comment_status":"closed","ping_status":"closed","template":"","meta":{"footnotes":""},"class_list":["post-194","page","type-page","status-publish","hentry"],"rttpg_featured_image_url":null,"rttpg_author":{"display_name":"cleybetsls","author_link":"https:\/\/goias.gov.br\/fapeg\/author\/cleybetsls\/"},"rttpg_comment":0,"rttpg_category":null,"rttpg_excerpt":"Em revis\u00e3o.","_links":{"self":[{"href":"https:\/\/goias.gov.br\/fapeg\/wp-json\/wp\/v2\/pages\/194","targetHints":{"allow":["GET"]}}],"collection":[{"href":"https:\/\/goias.gov.br\/fapeg\/wp-json\/wp\/v2\/pages"}],"about":[{"href":"https:\/\/goias.gov.br\/fapeg\/wp-json\/wp\/v2\/types\/page"}],"author":[{"embeddable":true,"href":"https:\/\/goias.gov.br\/fapeg\/wp-json\/wp\/v2\/users\/46"}],"replies":[{"embeddable":true,"href":"https:\/\/goias.gov.br\/fapeg\/wp-json\/wp\/v2\/comments?post=194"}],"version-history":[{"count":1,"href":"https:\/\/goias.gov.br\/fapeg\/wp-json\/wp\/v2\/pages\/194\/revisions"}],"predecessor-version":[{"id":195,"href":"https:\/\/goias.gov.br\/fapeg\/wp-json\/wp\/v2\/pages\/194\/revisions\/195"}],"up":[{"embeddable":true,"href":"https:\/\/goias.gov.br\/fapeg\/wp-json\/wp\/v2\/pages\/120"}],"wp:attachment":[{"href":"https:\/\/goias.gov.br\/fapeg\/wp-json\/wp\/v2\/media?parent=194"}],"curies":[{"name":"wp","href":"https:\/\/api.w.org\/{rel}","templated":true}]}}