

{"id":13387,"date":"2018-04-16T16:52:19","date_gmt":"2018-04-16T19:52:19","guid":{"rendered":"http:\/\/www.fapeg.go.gov.br\/?page_id=13387"},"modified":"2025-08-28T17:15:53","modified_gmt":"2025-08-28T20:15:53","slug":"classificacao-das-informacoes-sigilosas","status":"publish","type":"page","link":"https:\/\/goias.gov.br\/fapeg\/classificacao-das-informacoes-sigilosas\/","title":{"rendered":"Classifica\u00e7\u00e3o das informa\u00e7\u00f5es sigilosas"},"content":{"rendered":"<p><a href=\"https:\/\/goias.gov.br\/fapeg\/wp-content\/uploads\/sites\/5\/2025\/08\/Portaria-Comissao-CADA.pdf\" target=\"_blank\" rel=\"noopener\">Portaria &#8211; Constitui a Comiss\u00e3o de Avalia\u00e7\u00e3o de Documentos e Acesso (CADA) da Fapeg<\/a><\/p>\n<p><a href=\"https:\/\/goias.gov.br\/fapeg\/wp-content\/uploads\/sites\/5\/2023\/11\/Declaracao__4_informacoes_classificadas_desclassificadas_secretas__reservadas_e_ultrasecretas.pdf\" target=\"_blank\" rel=\"noopener\">Declara\u00e7\u00e3o de classifica\u00e7\u00e3o das informa\u00e7\u00f5es sigilosas_2023<\/a><\/p>\n<p><a href=\"https:\/\/goias.gov.br\/fapeg\/wp-content\/uploads\/sites\/5\/2024\/05\/Declaracao_Informacoes-Sigilosas.pdf\" target=\"_blank\" rel=\"noopener\">Declara\u00e7\u00e3o de classifica\u00e7\u00e3o das informa\u00e7\u00f5es sigilosas_2024<\/a><\/p>\n<p><a href=\"https:\/\/goias.gov.br\/fapeg\/wp-content\/uploads\/sites\/5\/2025\/05\/SEI-202210267000089.pdf\">Declara\u00e7\u00e3o de classifica\u00e7\u00e3o das informa\u00e7\u00f5es sigilosas_2025<\/a><\/p>\n","protected":false},"excerpt":{"rendered":"<p>Portaria &#8211; Constitui a Comiss\u00e3o de Avalia\u00e7\u00e3o de Documentos e Acesso (CADA) da Fapeg Declara\u00e7\u00e3o de classifica\u00e7\u00e3o das informa\u00e7\u00f5es sigilosas_2023 Declara\u00e7\u00e3o de classifica\u00e7\u00e3o das informa\u00e7\u00f5es sigilosas_2024 Declara\u00e7\u00e3o de classifica\u00e7\u00e3o das informa\u00e7\u00f5es sigilosas_2025<\/p>\n","protected":false},"author":46,"featured_media":0,"parent":0,"menu_order":0,"comment_status":"closed","ping_status":"closed","template":"","meta":{"footnotes":""},"class_list":["post-13387","page","type-page","status-publish","hentry"],"rttpg_featured_image_url":null,"rttpg_author":{"display_name":"cleybetsls","author_link":"https:\/\/goias.gov.br\/fapeg\/author\/cleybetsls\/"},"rttpg_comment":0,"rttpg_category":null,"rttpg_excerpt":"Portaria &#8211; Constitui a Comiss\u00e3o de Avalia\u00e7\u00e3o de Documentos e Acesso (CADA) da Fapeg Declara\u00e7\u00e3o de classifica\u00e7\u00e3o das informa\u00e7\u00f5es sigilosas_2023 Declara\u00e7\u00e3o de classifica\u00e7\u00e3o das informa\u00e7\u00f5es sigilosas_2024 Declara\u00e7\u00e3o de classifica\u00e7\u00e3o das informa\u00e7\u00f5es sigilosas_2025","_links":{"self":[{"href":"https:\/\/goias.gov.br\/fapeg\/wp-json\/wp\/v2\/pages\/13387","targetHints":{"allow":["GET"]}}],"collection":[{"href":"https:\/\/goias.gov.br\/fapeg\/wp-json\/wp\/v2\/pages"}],"about":[{"href":"https:\/\/goias.gov.br\/fapeg\/wp-json\/wp\/v2\/types\/page"}],"author":[{"embeddable":true,"href":"https:\/\/goias.gov.br\/fapeg\/wp-json\/wp\/v2\/users\/46"}],"replies":[{"embeddable":true,"href":"https:\/\/goias.gov.br\/fapeg\/wp-json\/wp\/v2\/comments?post=13387"}],"version-history":[{"count":2,"href":"https:\/\/goias.gov.br\/fapeg\/wp-json\/wp\/v2\/pages\/13387\/revisions"}],"predecessor-version":[{"id":79019,"href":"https:\/\/goias.gov.br\/fapeg\/wp-json\/wp\/v2\/pages\/13387\/revisions\/79019"}],"wp:attachment":[{"href":"https:\/\/goias.gov.br\/fapeg\/wp-json\/wp\/v2\/media?parent=13387"}],"curies":[{"name":"wp","href":"https:\/\/api.w.org\/{rel}","templated":true}]}}