

{"id":1305,"date":"2015-08-12T09:59:38","date_gmt":"2015-08-12T12:59:38","guid":{"rendered":"http:\/\/ww2.fapeg.go.gov.br\/?page_id=1305"},"modified":"2026-02-04T16:30:58","modified_gmt":"2026-02-04T19:30:58","slug":"telefones-e-e-mails-2","status":"publish","type":"page","link":"https:\/\/goias.gov.br\/fapeg\/telefones-e-e-mails-2\/","title":{"rendered":"Cargos e seus ocupantes"},"content":{"rendered":"<p><strong>ATENDIMENTO AO PESQUISADOR<\/strong><br \/>\natendimento.fapeg@goias.gov.br<br \/>\n(62) 3623-0440<\/p>\n<p><strong>GABINETE DA PRESID\u00caNCIA<\/strong><\/p>\n<p><strong>Presidente da Fapeg e do Consup<\/strong><br \/>\nMarcos Fernando Arriel<br \/>\nRua Dona Maria Joana (travessa da AV. 83), N\u00b0 150, Setor Sul, Goi\u00e2nia \u2013 GO &#8211; CEP: 74.083-140<br \/>\nE-mail: secretaria.fapeg@goias.gov.br<br \/>\nTelefone: (62) 3623-0401<br \/>\nSEI: 09751<\/p>\n<p><strong>Chefe de Gabinete<\/strong><br \/>\nHenrique Matias Troncoso Chaves<br \/>\nRua Dona Maria Joana (travessa da AV. 83), N\u00b0 150, Setor Sul, Goi\u00e2nia \u2013 GO &#8211; CEP: 74.083-140<br \/>\nE-mail: henrique.chaves@goias.gov.br<br \/>\nTelefone: (62) 3623-0435<br \/>\nSEI: 14569<\/p>\n<p><strong>Chefe da Procuradoria Setorial<br \/>\n<\/strong>Frederico Antunes Costa Tormin<br \/>\nRua Dona Maria Joana (travessa da AV. 83), N\u00b0 150, Setor Sul, Goi\u00e2nia \u2013 GO &#8211; CEP: 74.083-140<br \/>\nE-mail: frederico.ctormin@goias.gov.br<br \/>\nTelefone:(62) 3623-0420<br \/>\nSEI: 10989<\/p>\n<p><strong>Chefe da Comunica\u00e7\u00e3o Setorial<\/strong><br \/>\nAlessandra Rodrigues Oliveira<br \/>\nRua Dona Maria Joana (travessa da AV. 83), N\u00b0 150, Setor Sul, Goi\u00e2nia \u2013 GO &#8211; CEP: 74.083-140<br \/>\nE-mail: alessandra.oliveira@goias.gov.br<br \/>\nTelefone: (62) 3623-0409\/0410<br \/>\nSEI: 12045<\/p>\n<p><strong>Assessor de Pol\u00edticas de Fomento em CT&amp;I<\/strong><br \/>\nRoberto Miranda Pacheco<br \/>\nRua Dona Maria Joana (travessa da AV. 83), N\u00b0 150, Setor Sul, Goi\u00e2nia \u2013 GO &#8211; CEP: 74.083-140<br \/>\nE-mail: roberto.pacheco@goias.gov.br<br \/>\nTelefone: (62) 3623-0408<br \/>\nSei: 21042<\/p>\n<p><strong>Gerente da Secretaria-Geral<\/strong><br \/>\nDanilo Valente Almeida<br \/>\nRua Dona Maria Joana (travessa da AV. 83), N\u00b0 150, Setor Sul, Goi\u00e2nia \u2013 GO &#8211; CEP: 74.083-140<br \/>\nE-mail:\u00a0 danilo.almeida@goias.gov.br\/ secretaria.fapeg@goias.gov.br<br \/>\nTelefone: (62) 3623-0401<br \/>\nSEI: 10988<\/p>\n<p><strong>Gerente de Estudos e Indicadores de CT&amp;I<br \/>\n<\/strong>Eduardo Ara\u00fajo<strong><br \/>\n<\/strong>Rua Dona Maria Joana (travessa da AV. 83), N\u00b0 150, Setor Sul, Goi\u00e2nia \u2013 GO &#8211; CEP: 74.083-140<br \/>\neduardo.araujo@goias.gov.br<br \/>\nTelefone: (62) 3623-0438<br \/>\nSEI: 21041<\/p>\n<p><strong>DIRETORIA DE PROGRAMAS E MONITORAMENTO<\/strong><\/p>\n<p><strong>Diretor de Programas e Monitoramento da Fapeg<\/strong><br \/>\nVanderlei Veget Cassiano Lopes J\u00fanior &#8211; Diretor de Programas e Monitoramento<br \/>\nRua Dona Maria Joana (travessa da AV. 83), N\u00b0 150, Setor Sul, Goi\u00e2nia \u2013 GO &#8211; CEP: 74.083-140<br \/>\nE-mail: vanderlei.lopes@goias.gov.br<br \/>\nTelefone: (62) 3623-0426<br \/>\nSEI: 18187<\/p>\n<p><strong>Gerente de Avalia\u00e7\u00e3o e Monitoramento<\/strong><br \/>\nVin\u00edcius Rodrigues<br \/>\nRua Dona Maria Joana (travessa da AV. 83), N\u00b0 150, Setor Sul, Goi\u00e2nia \u2013 GO &#8211; CEP: 74.083-140<br \/>\nE-mail: vinicius.rodrigues@goias.gov.br<br \/>\nTelefone: (62) 3623-0439<br \/>\nSEI: 12048<\/p>\n<p><strong>Gerente de Opera\u00e7\u00f5es de Fomento<\/strong><br \/>\nAline Milhomem<br \/>\nRua Dona Maria Joana (travessa da AV. 83), N\u00b0 150, Setor Sul, Goi\u00e2nia \u2013 GO &#8211; CEP: 74.083-140<br \/>\nE-mail: aline.vaz@goias.gov.br<br \/>\nTelefone: (62) 3623-0414<br \/>\nSEI: 10992<\/p>\n<p><strong>Gerente de Parcerias e Monitoramento<\/strong><br \/>\nFl\u00e1via Aleixo Ferreira<br \/>\nRua Dona Maria Joana (travessa da AV. 83), N\u00b0 150, Setor Sul, Goi\u00e2nia \u2013 GO &#8211; CEP: 74.083-140<br \/>\nE-mail: flavia.aferreira@goias.gov.br<br \/>\nTelefone: (62) 3623-0408<br \/>\nSEI: 21046<\/p>\n<p><strong>DIRETORIA CIENT\u00cdFICA\u00a0 E DE INOVA\u00c7\u00c3O<br \/>\n<\/strong><br \/>\n<strong>Diretor Cient\u00edfico e de Inova\u00e7\u00e3o da Fapeg<\/strong><br \/>\nCl\u00e1udio Rodrigues Leles<br \/>\nRua Dona Maria Joana (travessa da AV. 83), N\u00b0 150, Setor Sul, Goi\u00e2nia \u2013 GO &#8211; CEP: 74.083-140<br \/>\nE-mail: claudio.leles@goias.gov.br<br \/>\nTelefone: (62) 3623-0427<br \/>\nSEI: 09752<\/p>\n<p><strong>Gerente Cient\u00edfico<\/strong><br \/>\nFritz Eduardo Kasbaum<br \/>\nRua Dona Maria Joana (travessa da AV. 83), N\u00b0 150, Setor Sul, Goi\u00e2nia \u2013 GO &#8211; CEP: 74.083-140<br \/>\nE-mail: fritz.kasbaum@goias.gov.br<br \/>\nTelefone:(62) 3623-0415<br \/>\nSEI: 09754<\/p>\n<p><strong>Gerente de Inova\u00e7\u00e3o<\/strong><br \/>\nPolyana de Almeida Borges Mendon\u00e7a<br \/>\nRua Dona Maria Joana (travessa da AV. 83), N\u00b0 150, Setor Sul, Goi\u00e2nia \u2013 GO &#8211; CEP: 74.083-140<br \/>\nE-mail: polyana.mendonca@goias.gov.br<br \/>\nTelefone:(62)3623-0407<br \/>\nSEI: 10738<\/p>\n<p><strong>Gerente de Parcerias Internacionais<\/strong><br \/>\nCaio Costa Alexandrino<br \/>\nRua Dona Maria Joana (travessa da AV. 83), N\u00b0 150, Setor Sul, Goi\u00e2nia \u2013 GO &#8211; CEP: 74.083-140<br \/>\nE-mail: caio.alexandrino@goias.gov.br<br \/>\nTelefone: (62) 3623-0433<br \/>\nSEI: 21045<\/p>\n<p><strong>DIRETORIA DE GEST\u00c3O INTEGRADA<\/strong><\/p>\n<p><strong>Diretora de Gest\u00e3o Integrada da Fapeg<\/strong><br \/>\nLorena Raquel Feliciano de Faria Peixoto<br \/>\nRua Dona Maria Joana (travessa da AV. 83), N\u00b0 150, Setor Sul, Goi\u00e2nia \u2013 GO &#8211; CEP: 74.083-140<br \/>\nE-mail: lorena.peixoto@goias.gov.br<br \/>\nTelefone: (62) 3623-0419<br \/>\nSEI: 12047<\/p>\n<p><strong>Gerente de Execu\u00e7\u00e3o Or\u00e7ament\u00e1ria e Financeira<\/strong><br \/>\nThyalita Dyalean Ribeiro Rocha<br \/>\nRua Dona Maria Joana (travessa da AV. 83), N\u00b0 150, Setor Sul, Goi\u00e2nia \u2013 GO &#8211; CEP: 74.083-140<br \/>\nE-mail: thyalita.rocha@goias.gov.br<br \/>\nTelefone: (62) 3623-0441<br \/>\nSEI: 10882<\/p>\n<p><strong>Gerente de Compras Governamentais, Patrim\u00f4nio e Log\u00edstica<\/strong><br \/>\nSolange Maria Silva<br \/>\nRua Dona Maria Joana (travessa da AV. 83), N\u00b0 150, Setor Sul, Goi\u00e2nia \u2013 GO &#8211; CEP: 74.083-140<br \/>\nE-mail: solange.silva@goias.gov.br<br \/>\nTelefone: (62) 3623-0403<br \/>\nSEI: 14518<\/p>\n<p><strong>Gerente de Planejamento e Gest\u00e3o de Pessoas<\/strong><br \/>\nLuciana Fernandes Bastos Ribeiro<br \/>\nRua Dona Maria Joana (travessa da AV. 83), N\u00b0 150, Setor Sul, Goi\u00e2nia \u2013 GO &#8211; CEP: 74.083-140<br \/>\nE-mail: luciana.ribeiro@goias.gov.br<br \/>\nTelefone: (62) 3623-0416<br \/>\nSEI: 20844<\/p>\n<p><strong>Gerente de Tecnologia<\/strong><br \/>\nFrancisco Rubens de Sousa<br \/>\nRua Dona Maria Joana (travessa da AV. 83), N\u00b0 150, Setor Sul, Goi\u00e2nia \u2013 GO &#8211; CEP: 74.083-140<br \/>\nE-mail: francisco.sousa@goias.gov.br<br \/>\nTelefone: (62) 3623-0422<br \/>\nSEI: 21044<\/p>\n<p><strong>Gerente de Contabilidade<\/strong><br \/>\nCarlos Roberto Fernandes<br \/>\nRua Dona Maria Joana (travessa da AV. 83), N\u00b0 150, Setor Sul, Goi\u00e2nia \u2013 GO &#8211; CEP: 74.083-140<br \/>\nE-mail: carlos.fernandes@goias.gov.br<br \/>\nTelefone: (62) 3623-0418\/0428<br \/>\nSEI: 18186<\/p>\n<p><strong>COMUNICA\u00c7\u00c3O<\/strong><br \/>\ncomunicacao.fapeg@goias.gov.br<br \/>\nTelefone: (62) 3623-0409<\/p>\n<p><strong>PROTOCOLO<\/strong><br \/>\nTelefone: (62) 3623-0400<\/p>\n","protected":false},"excerpt":{"rendered":"<p>ATENDIMENTO AO PESQUISADOR atendimento.fapeg@goias.gov.br (62) 3623-0440 GABINETE DA PRESID\u00caNCIA Presidente da Fapeg e do Consup Marcos Fernando Arriel Rua Dona Maria Joana (travessa da AV. 83), N\u00b0 150, Setor Sul, Goi\u00e2nia \u2013 GO &#8211; CEP: 74.083-140 E-mail: secretaria.fapeg@goias.gov.br Telefone: (62) 3623-0401 SEI: 09751 Chefe de Gabinete Henrique Matias Troncoso Chaves Rua Dona Maria Joana (travessa [&hellip;]<\/p>\n","protected":false},"author":46,"featured_media":0,"parent":0,"menu_order":0,"comment_status":"closed","ping_status":"closed","template":"","meta":{"footnotes":""},"class_list":["post-1305","page","type-page","status-publish","hentry"],"rttpg_featured_image_url":null,"rttpg_author":{"display_name":"cleybetsls","author_link":"https:\/\/goias.gov.br\/fapeg\/author\/cleybetsls\/"},"rttpg_comment":0,"rttpg_category":null,"rttpg_excerpt":"ATENDIMENTO AO PESQUISADOR atendimento.fapeg@goias.gov.br (62) 3623-0440 GABINETE DA PRESID\u00caNCIA Presidente da Fapeg e do Consup Marcos Fernando Arriel Rua Dona Maria Joana (travessa da AV. 83), N\u00b0 150, Setor Sul, Goi\u00e2nia \u2013 GO &#8211; CEP: 74.083-140 E-mail: secretaria.fapeg@goias.gov.br Telefone: (62) 3623-0401 SEI: 09751 Chefe de Gabinete Henrique Matias Troncoso Chaves Rua Dona Maria Joana (travessa&hellip;","_links":{"self":[{"href":"https:\/\/goias.gov.br\/fapeg\/wp-json\/wp\/v2\/pages\/1305","targetHints":{"allow":["GET"]}}],"collection":[{"href":"https:\/\/goias.gov.br\/fapeg\/wp-json\/wp\/v2\/pages"}],"about":[{"href":"https:\/\/goias.gov.br\/fapeg\/wp-json\/wp\/v2\/types\/page"}],"author":[{"embeddable":true,"href":"https:\/\/goias.gov.br\/fapeg\/wp-json\/wp\/v2\/users\/46"}],"replies":[{"embeddable":true,"href":"https:\/\/goias.gov.br\/fapeg\/wp-json\/wp\/v2\/comments?post=1305"}],"version-history":[{"count":2,"href":"https:\/\/goias.gov.br\/fapeg\/wp-json\/wp\/v2\/pages\/1305\/revisions"}],"predecessor-version":[{"id":90090,"href":"https:\/\/goias.gov.br\/fapeg\/wp-json\/wp\/v2\/pages\/1305\/revisions\/90090"}],"wp:attachment":[{"href":"https:\/\/goias.gov.br\/fapeg\/wp-json\/wp\/v2\/media?parent=1305"}],"curies":[{"name":"wp","href":"https:\/\/api.w.org\/{rel}","templated":true}]}}