
{"id":41,"date":"2023-01-11T14:54:07","date_gmt":"2023-01-11T17:54:07","guid":{"rendered":"http:\/\/localhost\/multisites\/modelo\/?page_id=41"},"modified":"2026-03-09T10:51:09","modified_gmt":"2026-03-09T13:51:09","slug":"escola-de-saude","status":"publish","type":"page","link":"https:\/\/goias.gov.br\/escoladesaude\/escola-de-saude\/","title":{"rendered":"Escola de Sa\u00fade"},"content":{"rendered":"\t\t<div data-elementor-type=\"wp-page\" data-elementor-id=\"41\" class=\"elementor elementor-41\">\n\t\t\t\t<div class=\"elementor-element elementor-element-bc075a3 e-flex e-con-boxed e-con e-parent\" data-id=\"bc075a3\" data-element_type=\"container\" data-e-type=\"container\">\n\t\t\t\t\t<div class=\"e-con-inner\">\n\t\t\t\t<div class=\"elementor-element elementor-element-aa91be3 elementor-widget elementor-widget-image\" data-id=\"aa91be3\" data-element_type=\"widget\" data-e-type=\"widget\" data-widget_type=\"image.default\">\n\t\t\t\t\t\t\t\t\t\t\t\t\t\t\t\t<a href=\"https:\/\/emec.mec.gov.br\/emec\/consulta-cadastro\/detalhamento\/d96957f455f6405d14c6542552b0f6eb\/MjQ0NTU=\" target=\"_blank\">\n\t\t\t\t\t\t\t<img decoding=\"async\" src=\"https:\/\/goias.gov.br\/escoladesaude\/wp-content\/uploads\/sites\/59\/2025\/04\/e-MEC.png\" title=\"\" alt=\"\" loading=\"lazy\" \/>\t\t\t\t\t\t\t\t<\/a>\n\t\t\t\t\t\t\t\t\t\t\t\t\t\t\t<\/div>\n\t\t\t\t\t<\/div>\n\t\t\t\t<\/div>\n\t\t<div class=\"elementor-element elementor-element-2e54256 e-flex e-con-boxed e-con e-parent\" data-id=\"2e54256\" data-element_type=\"container\" data-e-type=\"container\">\n\t\t\t\t\t<div class=\"e-con-inner\">\n\t\t\t\t<div class=\"elementor-element elementor-element-80fa251 elementor-widget elementor-widget-html\" data-id=\"80fa251\" data-element_type=\"widget\" data-e-type=\"widget\" data-widget_type=\"html.default\">\n\t\t\t\t\t<!DOCTYPE html>\r\n<html lang=\"pt-br\" dir=\"ltr\">\r\n<head>\r\n  <meta http-equiv=\"Content-Type\" content=\"text\/html; charset=UTF-8\" \/>\r\n  <style>\r\n    \/* Estilos para desktop *\/\r\n    .container {\r\n      padding: 20px;\r\n    }\r\n\r\n    .section {\r\n      margin-bottom: 40px;\r\n    }\r\n\r\n    .title {\r\n      text-align: center;\r\n      margin: 0 0 24px;\r\n      color: #0c326f;\r\n      font-weight: 600;\r\n      font-size: 2.7rem;\r\n      line-height: 1.5;\r\n    }\r\n\r\n    .cards {\r\n      display: flex;\r\n      justify-content: space-evenly;\r\n      flex-wrap: wrap;\r\n      margin: 0;\r\n      padding: 0;\r\n      list-style: none;\r\n    }\r\n\r\n    .cards li {\r\n      background-color: #ededed;\r\n      box-shadow: 0 3px 6px 0 rgba(0, 0, 0, 0.16);\r\n      text-align: center;\r\n      flex-basis: 23%;\r\n      box-sizing: border-box;\r\n      min-height: 230px;\r\n      margin-bottom: 1.2em;\r\n      line-height: 1.5em;\r\n      display: list-item;\r\n    }\r\n\r\n    .cards li a {\r\n      display: flex;\r\n      justify-content: center;\r\n      align-items: center;\r\n      flex-direction: column;\r\n      width: 100%;\r\n      height: 100%;\r\n      color: #1351b4;\r\n      font-weight: 500;\r\n      text-decoration: none;\r\n    }\r\n\r\n    .cards li i,\r\n    .cards li span {\r\n      font-size: 50px;\r\n      margin-bottom: 30px;\r\n      color: #0c326f;\r\n      width: auto;\r\n      font-weight: 900;\r\n    }\r\n\r\n    .cards li .title {\r\n      font-size: 20px;\r\n      color: #0c326f;\r\n      font-weight: 600;\r\n      margin: 0;\r\n      text-transform: uppercase;\r\n    }\r\n\r\n    \/* Estilos para telas menores *\/\r\n    @media screen and (max-width: 768px) {\r\n      .cards {\r\n        gap: 20px; \/* Espa\u00e7amento entre os cards *\/\r\n        margin-top: 20px; margin-bottom: 20px;\/* Margem superior para os cards *\/\r\n      }\r\n      .cards li {\r\n        flex-basis: calc(50% - 20px); \/* Tamanho dos cards com espa\u00e7amento *\/\r\n      }\r\n    }\r\n\r\n    @media screen and (max-width: 480px) {\r\n      .cards {\r\n        gap: 15px; \/* Espa\u00e7amento menor entre os cards *\/\r\n        margin-top: 15px; margin-bottom: 20px; \/* Margem superior menor para os cards *\/\r\n      }\r\n      .cards li {\r\n        flex-basis: calc(100% - 30px); \/* Tamanho dos cards com espa\u00e7amento menor *\/\r\n      }\r\n    }\r\n  <\/style>\r\n\t<div class=\"container\">\r\n        <div class=\"escola\">\r\n            \r\n            <div class=\"title-header\">\r\n               \r\n            <\/div>\r\n            <ul class=\"cards\">\r\n\r\n\r\n\r\n                <li>\r\n                    <a href=\"https:\/\/goias.gov.br\/escoladesaude\/sobre-a-escola\/\" target=\"_blank\">\r\n                        <span class=\"fa-solid fa-school\"><\/span>\r\n                        <div class=\"title\">Sobre a Escola<\/div>\r\n                    <\/a>\r\n                <\/li>\r\n                <li>\r\n                    <a href=\"https:\/\/goias.gov.br\/escoladesaude\/cursos-elementor\/\" target=\"_blank\">\r\n                        <span class=\"fa-solid fa-graduation-cap\"><\/span>\r\n                        <div class=\"title\">Cursos<\/div>\r\n                    <\/a>\r\n                <\/li>\r\n                <li>\r\n                    <a href=\"https:\/\/educa.saude.go.gov.br\/\" target=\"_blank\">\r\n                        <span class=\"fa-solid fa-network-wired\"><\/span>\r\n                        <div class=\"title\">Ambiente virtual<\/div>\r\n                    <\/a>\r\n                <\/li>\r\n                <li>\r\n                    <a href=\"https:\/\/form.saude.go.gov.br\/home\/solicitacoes\/solicitacao-agendamento.html\" target=\"_blank\">\r\n                        <span class=\"fa-solid fa-boxes-stacked\"><\/span>\r\n                        <div class=\"title\">agendamento de espa\u00e7o da escola<\/div>\r\n                    <\/a>\r\n                <\/li>\r\n                <li>\r\n                  <a href=\"https:\/\/www.revista.esap.go.gov.br\/\" target=\"_blank\">\r\n                      <span class=\"fa-solid fa-newspaper\"><\/span>\r\n                      <div class=\"title\">Revista Cient\u00edfica RESAP<\/div>\r\n                  <\/a>\r\n              <\/li>\r\n\r\n <li>\r\n                    <a href=\"https:\/\/goias.gov.br\/escoladesaude\/escola-de-saude\/pesquisa-cientifica\/\" target=\"_blank\">\r\n                        <span class=\"fa-solid fa-magnifying-glass-plus\"><\/span>\r\n                        <div class=\"title\">pesquisa cient\u00edfica<\/div>\r\n                    <\/a>\r\n                <\/li>\r\n\r\n <li>\r\n                    <a href=\"https:\/\/goias.gov.br\/escoladesaude\/gestao-estrategica-2\/\" target=\"_blank\">\r\n                        <span class=\"fa-solid fa-gear\"><\/span>\r\n                        <div class=\"title\">Gest\u00e3o estrat\u00e9gica<\/div>\r\n                    <\/a>\r\n                <\/li>\r\n\r\n <li>\r\n                    <a href=\"https:\/\/goias.gov.br\/escoladesaude\/documentos-institucionais\/\" target=\"_blank\">\r\n                        <span class=\"fa-solid fa-folder-open\"><\/span>\r\n                        <div class=\"title\">Documentos institucionais<\/div>\r\n                    <\/a>\r\n                <\/li>\r\n\r\n <li>\r\n                    <a href=\"https:\/\/goias.gov.br\/escoladesaude\/comissoes\/\" target=\"_blank\">\r\n                        <span class=\"fa-solid fa-users\"><\/span>\r\n                        <div class=\"title\">comiss\u00f5es<\/div>\r\n                    <\/a>\r\n                <\/li>\r\n\r\n\r\n\r\n<li>\r\n                    <a href=\"https:\/\/goias.gov.br\/escoladesaude\/editais-escola-de-saude-de-goias\/\" target=\"_blank\">\r\n                        <span class=\"fa-solid fa-laptop-file\"><\/span>\r\n                        <div class=\"title\">editais<\/div>\r\n                    <\/a>\r\n                <\/li>\r\n\r\n<li>\r\n                    <a href=\"https:\/\/goias.gov.br\/escoladesaude\/escola-de-saude\/biblioteca\/\" target=\"_blank\">\r\n                        <span class=\"fa-solid fa-book-open\"><\/span>\r\n                        <div class=\"title\">Biblioteca e acervo<\/div>\r\n                    <\/a>\r\n                <\/li>\r\n\r\n<li>\r\n                    <a href=\"https:\/\/goias.gov.br\/escoladesaude\/observatorio-ipeps\/\" target=\"_blank\">\r\n                        <span class=\"fa-solid fa-eye\"><\/span>\r\n                        <div class=\"title\">Observat\u00f3rio ipeps<\/div>\r\n                    <\/a>\r\n                <\/li>\r\n\r\n                <\/li>\r\n<li>\r\n                    <a href=\"https:\/\/goias.gov.br\/escoladesaude\/legislacao-escola-de-saude-publica\/\" target=\"_blank\"> <span class=\"fa-solid fa-gavel\"><\/span>\r\n                        <div class=\"title\">Legisla\u00e7\u00e3o<\/div>\r\n                    <\/a>\r\n                <\/li>\r\n                <li>\r\n                  <a href=\"https:\/\/goias.gov.br\/saude\/wp-content\/uploads\/sites\/34\/2024\/02\/organograma-sesg.jpeg\" target=\"_blank\"> <span class=\"fa-solid fa-sitemap\"><\/span>\r\n                      <div class=\"title\">Organograma da Escola de Sa\u00fade<\/div>\r\n                  <\/a>\r\n              <\/li>\r\n\r\n<li>\r\n                  <a href=\"https:\/\/goias.gov.br\/escoladesaude\/creche-cantinho-feliz\/\" target=\"_blank\"> <span class=\"fa-solid fa-school\"><\/span>\r\n                      <div class=\"title\">CRECHE CANTINHO FELIZ<\/div>\r\n                  <\/a>\r\n              <\/li>\r\n            <\/ul>\r\n        <\/div>\r\n\t<\/div>\r\n\t\t\t\t<\/div>\n\t\t\t\t\t<\/div>\n\t\t\t\t<\/div>\n\t\t<div class=\"elementor-element elementor-element-7ae019f elementor-hidden-desktop elementor-hidden-tablet elementor-hidden-mobile e-flex e-con-boxed e-con e-parent\" data-id=\"7ae019f\" data-element_type=\"container\" data-e-type=\"container\">\n\t\t\t\t\t<div class=\"e-con-inner\">\n\t\t<div class=\"elementor-element elementor-element-7ec5d7f e-con-full e-flex e-con e-child\" data-id=\"7ec5d7f\" data-element_type=\"container\" data-e-type=\"container\">\n\t\t\t\t<div class=\"elementor-element elementor-element-099bc3f elementor-widget elementor-widget-text-editor\" data-id=\"099bc3f\" data-element_type=\"widget\" data-e-type=\"widget\" data-widget_type=\"text-editor.default\">\n\t\t\t\t\t\t\t\t\t<h3 class=\"sppb-addon-title\">Superintendente<\/h3><div class=\"sppb-addon-content\"><p><strong><span class=\"st\">Rafaela J\u00falia Batista Veronezi<br \/><\/span><\/strong>(62) 3201-3410<br \/><a href=\"mailto:gabinete.escoladesaude@goias.gov.br\">gabinete.escoladesaude@goias.gov.br<\/a><\/p><p><a class=\"btn btn-primary btn-block\" href=\"https:\/\/form.saude.go.gov.br\/ramais\/sesg.html\" target=\"_blank\" rel=\"noopener\">Lista de contatos Escola de Sa\u00fade<\/a><\/p><\/div><p><strong>Localiza\u00e7\u00e3o:<\/strong><br \/><a href=\"https:\/\/maps.app.goo.gl\/dZNRkHTYTsKTGzt79\" target=\"_blank\" rel=\"noopener\">Rua 26, 521 &#8211; Jardim Santo Ant\u00f4nio<br \/>Goi\u00e2nia &#8211; GO. CEP: 74.853-070<\/a><\/p>\t\t\t\t\t\t\t\t<\/div>\n\t\t\t\t<\/div>\n\t\t<div class=\"elementor-element elementor-element-a690428 e-con-full e-flex e-con e-child\" data-id=\"a690428\" data-element_type=\"container\" data-e-type=\"container\">\n\t\t\t\t<div class=\"elementor-element elementor-element-1284476 elementor-widget elementor-widget-text-editor\" data-id=\"1284476\" data-element_type=\"widget\" data-e-type=\"widget\" data-widget_type=\"text-editor.default\">\n\t\t\t\t\t\t\t\t\t<p style=\"text-align: justify;\">A Superintend\u00eancia da Escola de Sa\u00fade de Goi\u00e1s (Sesg) coordena as atividades da Escola de Sa\u00fade de Goi\u00e1s. Tem formado profissionais de sa\u00fade em diversas \u00e1reas do conhecimento e n\u00edveis de forma\u00e7\u00e3o, incluindo a p\u00f3s-gradua\u00e7\u00e3o Lato Sensu e, em parceria com a UFG, oferece o Mestrado Profissional em Sa\u00fade Coletiva, tendo alguns de seus servidores como docentes deste programa.<\/p><p style=\"text-align: justify;\">Este programa est\u00e1 em sua quinta edi\u00e7\u00e3o, com previs\u00e3o de uma nova turma em agosto deste ano. As parecerias para oferta de cursos de especializa\u00e7\u00e3o tem se dado com as principais institui\u00e7\u00f5es do estado (UFG, PUC, UEG). No plano Federal, a principal parceria nesta \u00e1rea vem se realizando com a Escola Nacional de Sa\u00fade P\u00fablica (ENSP-FIOCRUZ).\u00a0<\/p><p style=\"text-align: justify;\">A Sesg conta com uma rede de profissionais do pr\u00f3prio SUS, que atuam em outras unidades e esferas administrativas do sistema. Trata-se, portanto, de um contingente de profissionais qualificados e titulados. Algumas institui\u00e7\u00f5es de ensino com configura\u00e7\u00e3o an\u00e1loga a esta do Estado de Goi\u00e1s, j\u00e1 certificam os profissionais que concluem cursos de p\u00f3s-gradua\u00e7\u00e3o em n\u00edvel de especializa\u00e7\u00e3o; cabendo destaques as escolas de Sa\u00fade P\u00fablica do Cear\u00e1, Rio Grande do Sul e Minas Gerais.<\/p>\t\t\t\t\t\t\t\t<\/div>\n\t\t\t\t<\/div>\n\t\t\t\t\t<\/div>\n\t\t\t\t<\/div>\n\t\t<div class=\"elementor-element elementor-element-7248596 e-flex e-con-boxed e-con e-parent\" data-id=\"7248596\" data-element_type=\"container\" data-e-type=\"container\">\n\t\t\t\t\t<div class=\"e-con-inner\">\n\t\t\t\t<div class=\"elementor-element elementor-element-2c3405a elementor-widget elementor-widget-text-editor\" data-id=\"2c3405a\" data-element_type=\"widget\" data-e-type=\"widget\" data-widget_type=\"text-editor.default\">\n\t\t\t\t\t\t\t\t\t<h3 class=\"sppb-addon-title\" style=\"text-align: center;\">Superintendente<\/h3><div class=\"sppb-addon-content\" style=\"text-align: center;\"><p><strong><span class=\"st\">Edinalva Rodrigues Batista Gon\u00e7alves<br \/><\/span><\/strong>(62) 3201-3410<br \/><a href=\"mailto:gabinete.escoladesaude@goias.gov.br\">gabinete.escoladesaude@goias.gov.br<\/a><\/p><p><a class=\"btn btn-primary btn-block\" href=\"https:\/\/form.saude.go.gov.br\/ramais\/sesg.html\" target=\"_blank\" rel=\"noopener\">Lista de contatos Escola de Sa\u00fade<\/a><\/p><\/div><p style=\"text-align: center;\"><strong>Localiza\u00e7\u00e3o:<\/strong><br \/><a href=\"https:\/\/maps.app.goo.gl\/dZNRkHTYTsKTGzt79\" target=\"_blank\" rel=\"noopener\">Rua 26, 521 &#8211; Jardim Santo Ant\u00f4nio<br \/>Goi\u00e2nia &#8211; GO. CEP: 74.853-070<\/a><\/p>\t\t\t\t\t\t\t\t<\/div>\n\t\t\t\t\t<\/div>\n\t\t\t\t<\/div>\n\t\t\t\t<\/div>\n\t\t","protected":false},"excerpt":{"rendered":"<p>Sobre a Escola Cursos Ambiente virtual agendamento de espa\u00e7o da escola Revista Cient\u00edfica RESAP pesquisa cient\u00edfica Gest\u00e3o estrat\u00e9gica Documentos institucionais comiss\u00f5es editais Biblioteca e acervo Observat\u00f3rio ipeps Legisla\u00e7\u00e3o Organograma da Escola de Sa\u00fade CRECHE CANTINHO FELIZ Superintendente Rafaela J\u00falia Batista Veronezi(62) 3201-3410gabinete.escoladesaude@goias.gov.br Lista de contatos Escola de Sa\u00fade Localiza\u00e7\u00e3o:Rua 26, 521 &#8211; Jardim Santo Ant\u00f4nioGoi\u00e2nia [&hellip;]<\/p>\n","protected":false},"author":1,"featured_media":0,"parent":0,"menu_order":0,"comment_status":"closed","ping_status":"closed","template":"","meta":{"footnotes":"","_links_to":"","_links_to_target":""},"class_list":["post-41","page","type-page","status-publish","hentry"],"rttpg_featured_image_url":null,"rttpg_author":{"display_name":"wagner.viana","author_link":"https:\/\/goias.gov.br\/escoladesaude\/author\/wagner-viana\/"},"rttpg_comment":0,"rttpg_category":null,"rttpg_excerpt":"Sobre a Escola Cursos Ambiente virtual agendamento de espa\u00e7o da escola Revista Cient\u00edfica RESAP pesquisa cient\u00edfica Gest\u00e3o estrat\u00e9gica Documentos institucionais comiss\u00f5es editais Biblioteca e acervo Observat\u00f3rio ipeps Legisla\u00e7\u00e3o Organograma da Escola de Sa\u00fade CRECHE CANTINHO FELIZ Superintendente Rafaela J\u00falia Batista Veronezi(62) 3201-3410gabinete.escoladesaude@goias.gov.br Lista de contatos Escola de Sa\u00fade Localiza\u00e7\u00e3o:Rua 26, 521 &#8211; Jardim Santo Ant\u00f4nioGoi\u00e2nia&hellip;","_links":{"self":[{"href":"https:\/\/goias.gov.br\/escoladesaude\/wp-json\/wp\/v2\/pages\/41","targetHints":{"allow":["GET"]}}],"collection":[{"href":"https:\/\/goias.gov.br\/escoladesaude\/wp-json\/wp\/v2\/pages"}],"about":[{"href":"https:\/\/goias.gov.br\/escoladesaude\/wp-json\/wp\/v2\/types\/page"}],"author":[{"embeddable":true,"href":"https:\/\/goias.gov.br\/escoladesaude\/wp-json\/wp\/v2\/users\/1"}],"replies":[{"embeddable":true,"href":"https:\/\/goias.gov.br\/escoladesaude\/wp-json\/wp\/v2\/comments?post=41"}],"version-history":[{"count":2,"href":"https:\/\/goias.gov.br\/escoladesaude\/wp-json\/wp\/v2\/pages\/41\/revisions"}],"predecessor-version":[{"id":203493,"href":"https:\/\/goias.gov.br\/escoladesaude\/wp-json\/wp\/v2\/pages\/41\/revisions\/203493"}],"wp:attachment":[{"href":"https:\/\/goias.gov.br\/escoladesaude\/wp-json\/wp\/v2\/media?parent=41"}],"curies":[{"name":"wp","href":"https:\/\/api.w.org\/{rel}","templated":true}]}}