{"id":202989,"date":"2026-01-23T10:12:27","date_gmt":"2026-01-23T13:12:27","guid":{"rendered":"https:\/\/goias.gov.br\/escoladesaude\/?page_id=202989"},"modified":"2026-08-24T08:27:55","modified_gmt":"2026-08-24T11:27:55","slug":"selecao-para-professores","status":"publish","type":"page","link":"https:\/\/goias.gov.br\/escoladesaude\/selecao-para-professores\/","title":{"rendered":"Sele\u00e7\u00e3o para professores"},"content":{"rendered":"\t\t<div data-elementor-type=\"wp-page\" data-elementor-id=\"202989\" class=\"elementor elementor-202989\">\n\t\t\t\t<div class=\"elementor-element elementor-element-4b84c65 e-flex e-con-boxed e-con e-parent\" data-id=\"4b84c65\" data-element_type=\"container\" data-e-type=\"container\">\n\t\t\t\t\t<div class=\"e-con-inner\">\n\t\t<div class=\"elementor-element elementor-element-aeea283 e-con-full e-flex e-con e-child\" data-id=\"aeea283\" data-element_type=\"container\" data-e-type=\"container\">\n\t\t\t\t\t<img fetchpriority=\"high\" decoding=\"async\" class=\"e-image-base \" data-interaction-id=\"1a0a957\" id=\"204740\" src=\"https:\/\/goias.gov.br\/escoladesaude\/wp-content\/uploads\/sites\/59\/2026\/08\/rede-de-atencao-docente-1.png\" width=\"1080\" height=\"1350\" srcset=\"https:\/\/goias.gov.br\/escoladesaude\/wp-content\/uploads\/sites\/59\/2026\/08\/rede-de-atencao-docente-1.png 1080w, https:\/\/goias.gov.br\/escoladesaude\/wp-content\/uploads\/sites\/59\/2026\/08\/rede-de-atencao-docente-1-240x300.png 240w, https:\/\/goias.gov.br\/escoladesaude\/wp-content\/uploads\/sites\/59\/2026\/08\/rede-de-atencao-docente-1-819x1024.png 819w, https:\/\/goias.gov.br\/escoladesaude\/wp-content\/uploads\/sites\/59\/2026\/08\/rede-de-atencao-docente-1-768x960.png 768w\" alt=\"\"\/>\t\t\t\t<\/div>\n\t\t<div class=\"elementor-element elementor-element-bcc43b3 e-con-full e-flex e-con e-child\" data-id=\"bcc43b3\" data-element_type=\"container\" data-e-type=\"container\">\n\t\t\t\t<div class=\"elementor-element elementor-element-13f34ac elementor-widget elementor-widget-text-editor\" data-id=\"13f34ac\" data-element_type=\"widget\" data-e-type=\"widget\" data-widget_type=\"text-editor.default\">\n\t\t\t\t\t\t\t\t\t<p class=\"isSelectedEnd\"><img decoding=\"async\" class=\"emoji\" role=\"img\" draggable=\"false\" src=\"https:\/\/s.w.org\/images\/core\/emoji\/17.0.2\/svg\/1f4e2.svg\" alt=\"\ud83d\udce2\" \/>\u00a0<span style=\"color: #000000;\">Publicado edital para docentes\u00a0 do<\/span> <strong>Curso de Especializa\u00e7\u00e3o em Redes de Aten\u00e7\u00e3o \u00e0 Sa\u00fade no SUS<\/strong>.<\/p><p class=\"isSelectedEnd\"><span style=\"color: #000000;\">S\u00e3o<\/span> <strong>19 vagas<\/strong> <span style=\"color: #000000;\">para profissionais interessados em atuar como docentes em uma forma\u00e7\u00e3o presencial, com carga hor\u00e1ria de<\/span> <strong>420 horas<\/strong>:<\/p><p class=\"isSelectedEnd\"><img decoding=\"async\" class=\"emoji\" role=\"img\" draggable=\"false\" src=\"https:\/\/s.w.org\/images\/core\/emoji\/17.0.2\/svg\/25aa.svg\" alt=\"\u25aa\ufe0f\" \/> <span style=\"color: #000000;\">11 vagas para<\/span> <strong>Docente Facilitador<\/strong><br \/><img decoding=\"async\" class=\"emoji\" role=\"img\" draggable=\"false\" src=\"https:\/\/s.w.org\/images\/core\/emoji\/17.0.2\/svg\/25aa.svg\" alt=\"\u25aa\ufe0f\" \/> <span style=\"color: #000000;\">8 vagas para<\/span> <strong>Docente <span style=\"color: #000000;\">Facilitador e Orientador de Projeto de Interven\u00e7\u00e3o (PI)<\/span><\/strong><\/p><p class=\"isSelectedEnd\"><span style=\"color: #000000;\"><img decoding=\"async\" class=\"emoji\" role=\"img\" draggable=\"false\" src=\"https:\/\/s.w.org\/images\/core\/emoji\/17.0.2\/svg\/1f4c5.svg\" alt=\"\ud83d\udcc5\" \/> <strong>Inscri\u00e7\u00f5es:<\/strong> 26 de agosto a 09 de setembro de 2026.<\/span><\/p><ul><li class=\"isSelectedEnd\"><span style=\"color: #000000;\">Acesse: <a href=\"https:\/\/goias.gov.br\/escoladesaude\/edital_019_2026\/\">https:\/\/goias.gov.br\/escoladesaude\/edital_019_2026\/<\/a><\/span><\/li><\/ul>\t\t\t\t\t\t\t\t<\/div>\n\t\t\t\t<\/div>\n\t\t\t\t\t<\/div>\n\t\t\t\t<\/div>\n\t\t<div class=\"elementor-element elementor-element-815a68e e-flex e-con-boxed e-con e-parent\" data-id=\"815a68e\" data-element_type=\"container\" data-e-type=\"container\">\n\t\t\t\t\t<div class=\"e-con-inner\">\n\t\t<div class=\"elementor-element elementor-element-9b445fa e-con-full e-flex e-con e-child\" data-id=\"9b445fa\" data-element_type=\"container\" data-e-type=\"container\">\n\t\t\t\t<\/div>\n\t\t<div class=\"elementor-element elementor-element-5e95cc4 e-con-full e-flex e-con e-child\" data-id=\"5e95cc4\" data-element_type=\"container\" data-e-type=\"container\">\n\t\t\t\t<\/div>\n\t\t\t\t\t<\/div>\n\t\t\t\t<\/div>\n\t\t<div class=\"elementor-element elementor-element-e906996 e-flex e-con-boxed e-con e-parent\" data-id=\"e906996\" data-element_type=\"container\" data-e-type=\"container\">\n\t\t\t\t\t<div class=\"e-con-inner\">\n\t\t<div class=\"elementor-element elementor-element-ad1b53e e-con-full e-flex e-con e-child\" data-id=\"ad1b53e\" data-element_type=\"container\" data-e-type=\"container\">\n\t\t\t\t<\/div>\n\t\t<div class=\"elementor-element elementor-element-a7081b9 e-con-full e-flex e-con e-child\" data-id=\"a7081b9\" data-element_type=\"container\" data-e-type=\"container\">\n\t\t\t\t<\/div>\n\t\t\t\t\t<\/div>\n\t\t\t\t<\/div>\n\t\t\t\t<\/div>\n\t\t","protected":false},"excerpt":{"rendered":"<p>\u00a0Publicado edital para docentes\u00a0 do Curso de Especializa\u00e7\u00e3o em Redes de Aten\u00e7\u00e3o \u00e0 Sa\u00fade no SUS. S\u00e3o 19 vagas para profissionais interessados em atuar como docentes em uma forma\u00e7\u00e3o presencial, com carga hor\u00e1ria de 420 horas: 11 vagas para Docente Facilitador 8 vagas para Docente Facilitador e Orientador de Projeto de Interven\u00e7\u00e3o (PI) Inscri\u00e7\u00f5es: 26 [&hellip;]<\/p>\n","protected":false},"author":584,"featured_media":0,"parent":0,"menu_order":0,"comment_status":"closed","ping_status":"closed","template":"","meta":{"footnotes":"","_links_to":"","_links_to_target":""},"class_list":["post-202989","page","type-page","status-publish","hentry"],"rttpg_featured_image_url":null,"rttpg_author":{"display_name":"angelicaabadia","author_link":"https:\/\/goias.gov.br\/escoladesaude\/author\/angelicaabadia\/"},"rttpg_comment":0,"rttpg_category":null,"rttpg_excerpt":"\u00a0Publicado edital para docentes\u00a0 do Curso de Especializa\u00e7\u00e3o em Redes de Aten\u00e7\u00e3o \u00e0 Sa\u00fade no SUS. S\u00e3o 19 vagas para profissionais interessados em atuar como docentes em uma forma\u00e7\u00e3o presencial, com carga hor\u00e1ria de 420 horas: 11 vagas para Docente Facilitador 8 vagas para Docente Facilitador e Orientador de Projeto de Interven\u00e7\u00e3o (PI) Inscri\u00e7\u00f5es: 26&hellip;","_links":{"self":[{"href":"https:\/\/goias.gov.br\/escoladesaude\/wp-json\/wp\/v2\/pages\/202989","targetHints":{"allow":["GET"]}}],"collection":[{"href":"https:\/\/goias.gov.br\/escoladesaude\/wp-json\/wp\/v2\/pages"}],"about":[{"href":"https:\/\/goias.gov.br\/escoladesaude\/wp-json\/wp\/v2\/types\/page"}],"author":[{"embeddable":true,"href":"https:\/\/goias.gov.br\/escoladesaude\/wp-json\/wp\/v2\/users\/584"}],"replies":[{"embeddable":true,"href":"https:\/\/goias.gov.br\/escoladesaude\/wp-json\/wp\/v2\/comments?post=202989"}],"version-history":[{"count":2,"href":"https:\/\/goias.gov.br\/escoladesaude\/wp-json\/wp\/v2\/pages\/202989\/revisions"}],"predecessor-version":[{"id":204768,"href":"https:\/\/goias.gov.br\/escoladesaude\/wp-json\/wp\/v2\/pages\/202989\/revisions\/204768"}],"wp:attachment":[{"href":"https:\/\/goias.gov.br\/escoladesaude\/wp-json\/wp\/v2\/media?parent=202989"}],"curies":[{"name":"wp","href":"https:\/\/api.w.org\/{rel}","templated":true}]}}

Seleção para professores

<div data-elementor-type="wp-page" data-elementor-id="202989" class="elementor elementor-202989">
				<div class="elementor-element elementor-element-4b84c65 e-flex e-con-boxed e-con e-parent" data-id="4b84c65" data-element_type="container" data-e-type="container">
					<div class="e-con-inner">
		<div class="elementor-element elementor-element-aeea283 e-con-full e-flex e-con e-child" data-id="aeea283" data-element_type="container" data-e-type="container">
					<img fetchpriority="high" decoding="async" class="e-image-base " data-interaction-id="1a0a957" id="204740" src="https://goias.gov.br/escoladesaude/wp-content/uploads/sites/59/2026/08/rede-de-atencao-docente-1.png" width="1080" height="1350" srcset="https://goias.gov.br/escoladesaude/wp-content/uploads/sites/59/2026/08/rede-de-atencao-docente-1.png 1080w, https://goias.gov.br/escoladesaude/wp-content/uploads/sites/59/2026/08/rede-de-atencao-docente-1-240x300.png 240w, https://goias.gov.br/escoladesaude/wp-content/uploads/sites/59/2026/08/rede-de-atencao-docente-1-819x1024.png 819w, https://goias.gov.br/escoladesaude/wp-content/uploads/sites/59/2026/08/rede-de-atencao-docente-1-768x960.png 768w" alt=""/>				</div>
		<div class="elementor-element elementor-element-bcc43b3 e-con-full e-flex e-con e-child" data-id="bcc43b3" data-element_type="container" data-e-type="container">
				<div class="elementor-element elementor-element-13f34ac elementor-widget elementor-widget-text-editor" data-id="13f34ac" data-element_type="widget" data-e-type="widget" data-widget_type="text-editor.default">
									<p class="isSelectedEnd"><img decoding="async" class="emoji" role="img" draggable="false" src="https://s.w.org/images/core/emoji/17.0.2/svg/1f4e2.svg" alt="📢" /> <span style="color: #000000;">Publicado edital para docentes  do</span> <strong>Curso de Especialização em Redes de Atenção à Saúde no SUS</strong>.</p><p class="isSelectedEnd"><span style="color: #000000;">São</span> <strong>19 vagas</strong> <span style="color: #000000;">para profissionais interessados em atuar como docentes em uma formação presencial, com carga horária de</span> <strong>420 horas</strong>:</p><p class="isSelectedEnd"><img decoding="async" class="emoji" role="img" draggable="false" src="https://s.w.org/images/core/emoji/17.0.2/svg/25aa.svg" alt="▪️" /> <span style="color: #000000;">11 vagas para</span> <strong>Docente Facilitador</strong><br /><img decoding="async" class="emoji" role="img" draggable="false" src="https://s.w.org/images/core/emoji/17.0.2/svg/25aa.svg" alt="▪️" /> <span style="color: #000000;">8 vagas para</span> <strong>Docente <span style="color: #000000;">Facilitador e Orientador de Projeto de Intervenção (PI)</span></strong></p><p class="isSelectedEnd"><span style="color: #000000;"><img decoding="async" class="emoji" role="img" draggable="false" src="https://s.w.org/images/core/emoji/17.0.2/svg/1f4c5.svg" alt="📅" /> <strong>Inscrições:</strong> 26 de agosto a 09 de setembro de 2026.</span></p><ul><li class="isSelectedEnd"><span style="color: #000000;">Acesse: <a href="https://goias.gov.br/escoladesaude/edital_019_2026/">https://goias.gov.br/escoladesaude/edital_019_2026/</a></span></li></ul>								</div>
				</div>
					</div>
				</div>
		<div class="elementor-element elementor-element-815a68e e-flex e-con-boxed e-con e-parent" data-id="815a68e" data-element_type="container" data-e-type="container">
					<div class="e-con-inner">
		<div class="elementor-element elementor-element-9b445fa e-con-full e-flex e-con e-child" data-id="9b445fa" data-element_type="container" data-e-type="container">
				</div>
		<div class="elementor-element elementor-element-5e95cc4 e-con-full e-flex e-con e-child" data-id="5e95cc4" data-element_type="container" data-e-type="container">
				</div>
					</div>
				</div>
		<div class="elementor-element elementor-element-e906996 e-flex e-con-boxed e-con e-parent" data-id="e906996" data-element_type="container" data-e-type="container">
					<div class="e-con-inner">
		<div class="elementor-element elementor-element-ad1b53e e-con-full e-flex e-con e-child" data-id="ad1b53e" data-element_type="container" data-e-type="container">
				</div>
		<div class="elementor-element elementor-element-a7081b9 e-con-full e-flex e-con e-child" data-id="a7081b9" data-element_type="container" data-e-type="container">
				</div>
					</div>
				</div>
				</div>

<p> Publicado edital para docentes  do Curso de Especialização em Redes de Atenção à Saúde no SUS. São 19 vagas para profissionais interessados em atuar como docentes em uma formação presencial, com carga horária de 420 horas: 11 vagas para Docente Facilitador 8 vagas para Docente Facilitador e Orientador de Projeto de Intervenção (PI) Inscrições: 26 [&hellip;]</p>

Publicado edital para docentes  do Curso de Especialização em Redes de Atenção à Saúde no SUS. São 19 vagas para profissionais interessados em atuar como docentes em uma formação presencial, com carga horária de 420 horas: 11 vagas para Docente Facilitador 8 vagas para Docente Facilitador e Orientador de Projeto de Intervenção (PI) Inscrições: 26&hellip;
