
{"id":7089,"date":"2023-10-09T15:54:13","date_gmt":"2023-10-09T18:54:13","guid":{"rendered":"https:\/\/siteshom.goias.gov.br\/escoladegoverno\/?page_id=7089"},"modified":"2026-04-08T19:02:16","modified_gmt":"2026-04-08T22:02:16","slug":"home","status":"publish","type":"page","link":"https:\/\/goias.gov.br\/escoladegoverno\/","title":{"rendered":"Home"},"content":{"rendered":"\t\t<div data-elementor-type=\"wp-page\" data-elementor-id=\"7089\" class=\"elementor elementor-7089\">\n\t\t\t\t<div class=\"elementor-element elementor-element-2948ead e-flex e-con-boxed e-con e-parent\" data-id=\"2948ead\" data-element_type=\"container\" data-e-type=\"container\">\n\t\t\t\t\t<div class=\"e-con-inner\">\n\t\t\t\t<div class=\"elementor-element elementor-element-dc0732e elementor-widget elementor-widget-image\" data-id=\"dc0732e\" data-element_type=\"widget\" data-e-type=\"widget\" data-widget_type=\"image.default\">\n\t\t\t\t\t\t\t\t\t\t\t\t\t\t\t\t<a href=\"https:\/\/goias.gov.br\/escoladegoverno\/wp-content\/uploads\/sites\/28\/2026\/04\/VERSAO-2026-Portfolio-Escola-Gov-08_04_26.pdf\" target=\"_blank\" rel=\"nofollow\">\n\t\t\t\t\t\t\t<img fetchpriority=\"high\" decoding=\"async\" width=\"1600\" height=\"400\" src=\"https:\/\/goias.gov.br\/escoladegoverno\/wp-content\/uploads\/sites\/28\/2026\/03\/Banner-site-Portfolio-2026.png\" class=\"attachment-full size-full wp-image-16433\" alt=\"\" srcset=\"https:\/\/goias.gov.br\/escoladegoverno\/wp-content\/uploads\/sites\/28\/2026\/03\/Banner-site-Portfolio-2026.png 1600w, https:\/\/goias.gov.br\/escoladegoverno\/wp-content\/uploads\/sites\/28\/2026\/03\/Banner-site-Portfolio-2026-300x75.png 300w, https:\/\/goias.gov.br\/escoladegoverno\/wp-content\/uploads\/sites\/28\/2026\/03\/Banner-site-Portfolio-2026-1024x256.png 1024w, https:\/\/goias.gov.br\/escoladegoverno\/wp-content\/uploads\/sites\/28\/2026\/03\/Banner-site-Portfolio-2026-768x192.png 768w, https:\/\/goias.gov.br\/escoladegoverno\/wp-content\/uploads\/sites\/28\/2026\/03\/Banner-site-Portfolio-2026-1536x384.png 1536w\" sizes=\"(max-width: 1600px) 100vw, 1600px\" \/>\t\t\t\t\t\t\t\t<\/a>\n\t\t\t\t\t\t\t\t\t\t\t\t\t\t\t<\/div>\n\t\t\t\t\t<\/div>\n\t\t\t\t<\/div>\n\t\t<div class=\"elementor-element elementor-element-e8bab4d e-flex e-con-boxed e-con e-parent\" data-id=\"e8bab4d\" data-element_type=\"container\" data-e-type=\"container\">\n\t\t\t\t\t<div class=\"e-con-inner\">\n\t\t\t\t<div class=\"elementor-element elementor-element-a54dbb6 elementor-widget elementor-widget-heading\" data-id=\"a54dbb6\" data-element_type=\"widget\" data-e-type=\"widget\" data-widget_type=\"heading.default\">\n\t\t\t\t\t<h3 class=\"elementor-heading-title elementor-size-default\">Forma\u00e7\u00e3o, capacita\u00e7\u00e3o e valoriza\u00e7\u00e3o do servidor p\u00fablico estadual\n<\/h3>\t\t\t\t<\/div>\n\t\t\t\t\t<\/div>\n\t\t\t\t<\/div>\n\t\t<div class=\"elementor-element elementor-element-844ce27 e-flex e-con-boxed e-con e-parent\" data-id=\"844ce27\" data-element_type=\"container\" data-e-type=\"container\">\n\t\t\t\t\t<div class=\"e-con-inner\">\n\t\t<div class=\"elementor-element elementor-element-0b75cbe e-con-full e-flex e-con e-child\" data-id=\"0b75cbe\" data-element_type=\"container\" data-e-type=\"container\" data-settings=\"{&quot;background_background&quot;:&quot;classic&quot;}\">\n\t\t\t\t<div class=\"elementor-element elementor-element-c94b098 elementor-widget elementor-widget-heading\" data-id=\"c94b098\" data-element_type=\"widget\" data-e-type=\"widget\" data-widget_type=\"heading.default\">\n\t\t\t\t\t<h4 class=\"elementor-heading-title elementor-size-default\">Cursos de Curta Dura\u00e7\u00e3o<\/h4>\t\t\t\t<\/div>\n\t\t\t\t<div class=\"elementor-element elementor-element-100348e elementor-widget elementor-widget-text-editor\" data-id=\"100348e\" data-element_type=\"widget\" data-e-type=\"widget\" data-widget_type=\"text-editor.default\">\n\t\t\t\t\t\t\t\t\t<p>Eventos de capacita\u00e7\u00e3o presenciais com dura\u00e7\u00e3o estimada entre 4h e 76h.<\/p>\t\t\t\t\t\t\t\t<\/div>\n\t\t\t\t<div class=\"elementor-element elementor-element-b118493 elementor-widget elementor-widget-button\" data-id=\"b118493\" data-element_type=\"widget\" data-e-type=\"widget\" data-widget_type=\"button.default\">\n\t\t\t\t\t\t\t\t\t\t<a class=\"elementor-button elementor-button-link elementor-size-sm\" href=\"\/escoladegoverno\/cursos-presenciais\/\">\n\t\t\t\t\t\t<span class=\"elementor-button-content-wrapper\">\n\t\t\t\t\t\t\t\t\t<span class=\"elementor-button-text\">Conhe\u00e7a sobre os cursos de Curta Dura\u00e7\u00e3o<\/span>\n\t\t\t\t\t<\/span>\n\t\t\t\t\t<\/a>\n\t\t\t\t\t\t\t\t<\/div>\n\t\t\t\t<\/div>\n\t\t<div class=\"elementor-element elementor-element-6dc9441 e-con-full e-flex e-con e-child\" data-id=\"6dc9441\" data-element_type=\"container\" data-e-type=\"container\" data-settings=\"{&quot;background_background&quot;:&quot;classic&quot;}\">\n\t\t\t\t<div class=\"elementor-element elementor-element-db3cfdc elementor-widget elementor-widget-heading\" data-id=\"db3cfdc\" data-element_type=\"widget\" data-e-type=\"widget\" data-widget_type=\"heading.default\">\n\t\t\t\t\t<h4 class=\"elementor-heading-title elementor-size-default\">Gradua\u00e7\u00e3o<\/h4>\t\t\t\t<\/div>\n\t\t\t\t<div class=\"elementor-element elementor-element-ae7e0b8 elementor-widget elementor-widget-text-editor\" data-id=\"ae7e0b8\" data-element_type=\"widget\" data-e-type=\"widget\" data-widget_type=\"text-editor.default\">\n\t\t\t\t\t\t\t\t\t<p>Curso de Ensino Superior, em parceria com a UEG, voltado \u00e0 evolu\u00e7\u00e3o da Gest\u00e3o P\u00fablica<\/p>\t\t\t\t\t\t\t\t<\/div>\n\t\t\t\t<div class=\"elementor-element elementor-element-6d1f6d4 elementor-widget elementor-widget-button\" data-id=\"6d1f6d4\" data-element_type=\"widget\" data-e-type=\"widget\" data-widget_type=\"button.default\">\n\t\t\t\t\t\t\t\t\t\t<a class=\"elementor-button elementor-button-link elementor-size-sm\" href=\"\/escoladegoverno\/graduacao\/\">\n\t\t\t\t\t\t<span class=\"elementor-button-content-wrapper\">\n\t\t\t\t\t\t\t\t\t<span class=\"elementor-button-text\">Conhe\u00e7a o curso de Gradua\u00e7\u00e3o<\/span>\n\t\t\t\t\t<\/span>\n\t\t\t\t\t<\/a>\n\t\t\t\t\t\t\t\t<\/div>\n\t\t\t\t<\/div>\n\t\t<div class=\"elementor-element elementor-element-a5ba4fe e-con-full e-flex e-con e-child\" data-id=\"a5ba4fe\" data-element_type=\"container\" data-e-type=\"container\" data-settings=\"{&quot;background_background&quot;:&quot;classic&quot;}\">\n\t\t\t\t<div class=\"elementor-element elementor-element-8c4c42b elementor-widget elementor-widget-heading\" data-id=\"8c4c42b\" data-element_type=\"widget\" data-e-type=\"widget\" data-widget_type=\"heading.default\">\n\t\t\t\t\t<h4 class=\"elementor-heading-title elementor-size-default\">P\u00f3s-Gradua\u00e7\u00f5es<\/h4>\t\t\t\t<\/div>\n\t\t\t\t<div class=\"elementor-element elementor-element-3afc6da elementor-widget elementor-widget-text-editor\" data-id=\"3afc6da\" data-element_type=\"widget\" data-e-type=\"widget\" data-widget_type=\"text-editor.default\">\n\t\t\t\t\t\t\t\t\t<p>Cursos preparat\u00f3rios para exames de profici\u00eancia, com foco em p\u00f3s-gradua\u00e7\u00f5es como mestrados e doutorados.<\/p>\t\t\t\t\t\t\t\t<\/div>\n\t\t\t\t<div class=\"elementor-element elementor-element-ff807f9 elementor-widget elementor-widget-button\" data-id=\"ff807f9\" data-element_type=\"widget\" data-e-type=\"widget\" data-widget_type=\"button.default\">\n\t\t\t\t\t\t\t\t\t\t<a class=\"elementor-button elementor-button-link elementor-size-sm\" href=\"\/escoladegoverno\/pos-graduacao\/\">\n\t\t\t\t\t\t<span class=\"elementor-button-content-wrapper\">\n\t\t\t\t\t\t\t\t\t<span class=\"elementor-button-text\">Conhe\u00e7a os cursos para P\u00f3s-Gradua\u00e7\u00e3o<\/span>\n\t\t\t\t\t<\/span>\n\t\t\t\t\t<\/a>\n\t\t\t\t\t\t\t\t<\/div>\n\t\t\t\t<\/div>\n\t\t\t\t\t<\/div>\n\t\t\t\t<\/div>\n\t\t<div class=\"elementor-element elementor-element-f80d445 e-flex e-con-boxed e-con e-parent\" data-id=\"f80d445\" data-element_type=\"container\" data-e-type=\"container\">\n\t\t\t\t\t<div class=\"e-con-inner\">\n\t\t\t\t<div class=\"elementor-element elementor-element-5ea1b8c elementor-widget elementor-widget-spacer\" data-id=\"5ea1b8c\" data-element_type=\"widget\" data-e-type=\"widget\" data-widget_type=\"spacer.default\">\n\t\t\t\t\t\t\t<div class=\"elementor-spacer\">\n\t\t\t<div class=\"elementor-spacer-inner\"><\/div>\n\t\t<\/div>\n\t\t\t\t\t\t<\/div>\n\t\t\t\t\t<\/div>\n\t\t\t\t<\/div>\n\t\t\t\t<\/div>\n\t\t","protected":false},"excerpt":{"rendered":"<p>Forma\u00e7\u00e3o, capacita\u00e7\u00e3o e valoriza\u00e7\u00e3o do servidor p\u00fablico estadual Cursos de Curta Dura\u00e7\u00e3o Eventos de capacita\u00e7\u00e3o presenciais com dura\u00e7\u00e3o estimada entre 4h e 76h. Conhe\u00e7a sobre os cursos de Curta Dura\u00e7\u00e3o Gradua\u00e7\u00e3o Curso de Ensino Superior, em parceria com a UEG, voltado \u00e0 evolu\u00e7\u00e3o da Gest\u00e3o P\u00fablica Conhe\u00e7a o curso de Gradua\u00e7\u00e3o P\u00f3s-Gradua\u00e7\u00f5es Cursos preparat\u00f3rios para [&hellip;]<\/p>\n","protected":false},"author":7,"featured_media":0,"parent":0,"menu_order":0,"comment_status":"closed","ping_status":"closed","template":"","meta":{"footnotes":""},"class_list":["post-7089","page","type-page","status-publish","hentry"],"rttpg_featured_image_url":null,"rttpg_author":{"display_name":"gustavogoncalves","author_link":"https:\/\/goias.gov.br\/escoladegoverno\/author\/gustavogoncalves\/"},"rttpg_comment":0,"rttpg_category":null,"rttpg_excerpt":"Forma\u00e7\u00e3o, capacita\u00e7\u00e3o e valoriza\u00e7\u00e3o do servidor p\u00fablico estadual Cursos de Curta Dura\u00e7\u00e3o Eventos de capacita\u00e7\u00e3o presenciais com dura\u00e7\u00e3o estimada entre 4h e 76h. Conhe\u00e7a sobre os cursos de Curta Dura\u00e7\u00e3o Gradua\u00e7\u00e3o Curso de Ensino Superior, em parceria com a UEG, voltado \u00e0 evolu\u00e7\u00e3o da Gest\u00e3o P\u00fablica Conhe\u00e7a o curso de Gradua\u00e7\u00e3o P\u00f3s-Gradua\u00e7\u00f5es Cursos preparat\u00f3rios para&hellip;","_links":{"self":[{"href":"https:\/\/goias.gov.br\/escoladegoverno\/wp-json\/wp\/v2\/pages\/7089","targetHints":{"allow":["GET"]}}],"collection":[{"href":"https:\/\/goias.gov.br\/escoladegoverno\/wp-json\/wp\/v2\/pages"}],"about":[{"href":"https:\/\/goias.gov.br\/escoladegoverno\/wp-json\/wp\/v2\/types\/page"}],"author":[{"embeddable":true,"href":"https:\/\/goias.gov.br\/escoladegoverno\/wp-json\/wp\/v2\/users\/7"}],"replies":[{"embeddable":true,"href":"https:\/\/goias.gov.br\/escoladegoverno\/wp-json\/wp\/v2\/comments?post=7089"}],"version-history":[{"count":2,"href":"https:\/\/goias.gov.br\/escoladegoverno\/wp-json\/wp\/v2\/pages\/7089\/revisions"}],"predecessor-version":[{"id":16590,"href":"https:\/\/goias.gov.br\/escoladegoverno\/wp-json\/wp\/v2\/pages\/7089\/revisions\/16590"}],"wp:attachment":[{"href":"https:\/\/goias.gov.br\/escoladegoverno\/wp-json\/wp\/v2\/media?parent=7089"}],"curies":[{"name":"wp","href":"https:\/\/api.w.org\/{rel}","templated":true}]}}