
{"id":7084,"date":"2023-10-09T15:45:41","date_gmt":"2023-10-09T18:45:41","guid":{"rendered":"https:\/\/siteshom.goias.gov.br\/escoladegoverno\/?page_id=7084"},"modified":"2023-10-09T15:48:04","modified_gmt":"2023-10-09T18:48:04","slug":"mapa-do-site","status":"publish","type":"page","link":"https:\/\/goias.gov.br\/escoladegoverno\/mapa-do-site\/","title":{"rendered":"Mapa do Site"},"content":{"rendered":"\n<div id=\"custom-sitemap\" class=\"sitemap-container\"><div class='sitemap-group'><h3>A<\/h3><ul><li><a href='https:\/\/ead.escoladegoverno.go.gov.br\/' target='_blank'>AMBIENTE VIRTUAL DE APRENDIZAGEM - AVA<\/a><\/li><li><a href='https:\/\/portal.al.go.leg.br\/' target='_blank'>ASSEMBLEIA LEGISLATIVA DO ESTADO DE GOI\u00c1S<\/a><\/li><li><a href='http:\/\/vaptvupt.goias.gov.br\/vvv\/servico\/servicoInformativoView.xhtml?id=1754' target='_blank'>ATENDIMENTO PRESENCIAL - DISPON\u00cdVEL UNIDADES DO VAPT VUPT<\/a><\/li><li><a href='https:\/\/www.go.gov.br\/servicos-digitais\/cge\/nova-ouvidoria?orgao=13&tipo_manifestacao=7' target='_blank'>ATENDIMENTO ELETR\u00d4NICO - FA\u00c7A SEU PEDIDO DE ACESSO \u00c0 INFORMA\u00c7\u00c3O<\/a><\/li><li><a href='http:\/\/aplicacao.sefaz.go.gov.br\/index.php\/post\/ver\/202572\/autoridade-de-monitoramento-de-pedidos-de-acesso-a-informacao' target='_blank'>AUTORIDADE DE MONITORAMENTO DE PEDIDOS DE ACESSO \u00c0 INFORMA\u00c7\u00c3O<\/a><\/li><li><a href='http:\/\/www.transparencia.go.gov.br\/lai.php?painel=ppa&orgao=sefaz' target='_blank'>ACOMPANHAMENTO DOS PROGRAMAS E A\u00c7\u00d5ES SOB RESPONSABILIDADE DA SEFAZ NO PPA<\/a><\/li><li><a href='http:\/\/www.transparencia.go.gov.br\/portaldatransparencia\/demonstrativos-fiscais\/audiencias-publicas' target='_blank'>AUDI\u00caNCIAS P\u00daBLICAS<\/a><\/li><\/ul><\/div><div class='sitemap-group'><h3>B<\/h3><ul><li><a href='https:\/\/goias.gov.br\/escoladegoverno\/categoria\/inovacao\/pequilab\/blog-pequilab\/' target='_blank'>BLOG PEQUILAB<\/a><\/li><li><a href='https:\/\/goias.gov.br\/escoladegoverno\/categoria\/blog-pequilab\/' target='_blank'>BLOG PEQUILAB<\/a><\/li><li><a href='http:\/\/www.transparencia.go.gov.br\/lai.php?painel=patrimonio&orgao=sefaz' target='_blank'>BENS M\u00d3VEIS<\/a><\/li><li><a href='http:\/\/www.transparencia.go.gov.br\/externo.php?pagina=http:\/\/aplicacao.sefaz.go.gov.br\/post\/ver\/142156\/balanco-geral-do-estado' target='_blank'>BALAN\u00c7OS CONT\u00c1BEIS<\/a><\/li><\/ul><\/div><div class='sitemap-group'><h3>C<\/h3><ul><li><a href='https:\/\/goias.gov.br\/escoladegoverno\/cursos-ead\/' target='_blank'>CURSOS EAD<\/a><\/li><li><a href='https:\/\/goias.gov.br\/escoladegoverno\/cursos-presenciais\/' target='_blank'>CURSOS PRESENCIAIS<\/a><\/li><li><a href='https:\/\/goias.gov.br\/escoladegoverno\/?p=4556' target='_blank'>CERTIFICA\u00c7\u00d5ES<\/a><\/li><li><a href='https:\/\/goias.gov.br\/escoladegoverno\/cursos-hibridos\/' target='_blank'>CURSOS H\u00cdBRIDOS<\/a><\/li><li><a href='https:\/\/goias.gov.br\/escoladegoverno\/compliance-publico\/' target='_blank'>COMPLIANCE P\u00daBLICO<\/a><\/li><li><a href='https:\/\/goias.gov.br\/escoladegoverno\/comunicacao\/' target='_blank'>COMUNICA\u00c7\u00c3O<\/a><\/li><li><a href='https:\/\/goias.gov.br\/escoladegoverno\/contratacoes-publicas\/' target='_blank'>CONTRATA\u00c7\u00d5ES P\u00daBLICAS<\/a><\/li><li><a href='https:\/\/goias.gov.br\/escoladegoverno\/certificacao-em-gestao-de-pessoas\/' target='_blank'>CERTIFICA\u00c7\u00c3O EM GEST\u00c3O DE PESSOAS<\/a><\/li><li><a href='https:\/\/goias.gov.br\/escoladegoverno\/certificacao-em-contratacoes-publicas\/' target='_blank'>CERTIFICA\u00c7\u00c3O EM CONTRATA\u00c7\u00d5ES P\u00daBLICAS<\/a><\/li><li><a href='https:\/\/goias.gov.br\/escoladegoverno\/certificacao-em-compliance-publico\/' target='_blank'>CERTIFICA\u00c7\u00c3O EM COMPLIANCE P\u00daBLICO<\/a><\/li><li><a href='https:\/\/goias.gov.br\/escoladegoverno\/certificacao-em-governanca-e-gestao-de-projetos\/' target='_blank'>CERTIFICA\u00c7\u00c3O EM GOVERNAN\u00c7A E GEST\u00c3O DE PROJETOS<\/a><\/li><li><a href='https:\/\/goias.gov.br\/escoladegoverno\/certificacao-em-transformacao-e-inovacao-da-gestao-e-dos-servicos-publicos\/' target='_blank'>CERTIFICA\u00c7\u00c3O EM TRANSFORMA\u00c7\u00c3O E INOVA\u00c7\u00c3O DA GEST\u00c3O E DOS SERVI\u00c7OS P\u00daBLICOS<\/a><\/li><li><a href='https:\/\/www.go.gov.br\/servicos\/servicos-por-orgao\/secretaria-de-estado-da-administracao' target='_blank'>CARTA DE SERVI\u00c7OS<\/a><\/li><li><a href='https:\/\/goias.gov.br\/escoladegoverno\/catalogo-de-cursos\/' target='_blank'>CAT\u00c1LOGO DE CURSOS E OFICINAS<\/a><\/li><li><a href='https:\/\/goias.gov.br\/escoladegoverno\/cronograma-de-cursos\/' target='_blank'>CRONOGRAMA DE CURSOS E OFICINAS<\/a><\/li><li><a href='https:\/\/legisla.casacivil.go.gov.br\/pesquisa_legislacao\/103904\/decreto-9837' target='_blank'>C\u00d3DIGO DE \u00c9TICA<\/a><\/li><li><a href='https:\/\/goias.gov.br\/controladoria' target='_blank'>CONTROLADORIA-GERAL DO ESTADO DE GOI\u00c1S<\/a><\/li><li><a href='https:\/\/goias.gov.br\/governo\/cadastro-de-autoridade\/' target='_blank'>CADASTRO DE AUTORIDADES<\/a><\/li><li><a href='http:\/\/aplicacao.sefaz.go.gov.br\/index.php\/post\/ver\/219752' target='_blank'>COMPET\u00caNCIAS<\/a><\/li><li><a href='http:\/\/aplicacao.sefaz.go.gov.br\/index.php\/pagina\/ver\/11985\/quem-e-quem' target='_blank'>CARGOS E SEUS OCUPANTES (AGENDA)<\/a><\/li><li><a href='http:\/\/aplicacao.sefaz.go.gov.br\/post\/ver\/142184\/corregedoria-fiscal' target='_blank'>CORREGEDORIA FISCAL<\/a><\/li><li><a href='http:\/\/www.transparencia.go.gov.br\/lai.php?painel=contratos_detalhamento&orgao=sefaz' target='_blank'>CONTRATOS<\/a><\/li><li><a href='http:\/\/www.comprasnet.go.gov.br' target='_blank'>COMPRASNET<\/a><\/li><li><a href='http:\/\/aplicacao.sefaz.go.gov.br\/index.php\/pagina\/ver\/9427\/convenios' target='_blank'>CONV\u00caNIOS<\/a><\/li><\/ul><\/div><div class='sitemap-group'><h3>D<\/h3><ul><li><a href='https:\/\/goias.gov.br\/escoladegoverno\/diversidade-equidade-e-inclusao-dei\/' target='_blank'>DIVERSIDADE, EQUIDADE E INCLUS\u00c3O (DEI)<\/a><\/li><li><a href='https:\/\/goias.gov.br\/escoladegoverno\/docencia-e-educacao\/' target='_blank'>DOC\u00caNCIA E EDUCA\u00c7\u00c3O<\/a><\/li><li><a href='https:\/\/dadosabertos.go.gov.br\/' target='_blank'>DADOS ABERTOS<\/a><\/li><li><a href='https:\/\/www.go.gov.br\/servicos-digitais\/cge\/nova-ouvidoria\/nova-manifestacao\/tela-negativo?orgao=30' target='_blank'>DEN\u00daNCIAS CONTRA CORRUP\u00c7\u00c3O<\/a><\/li><li><a href='http:\/\/diariooficial.abc.go.gov.br\/' target='_blank'>DI\u00c1RIO OFICIAL<\/a><\/li><li><a href='https:\/\/dadosabertos.go.gov.br\/' target='_blank'>DADOS ABERTOS GOI\u00c1S<\/a><\/li><li><a href='http:\/\/www.transparencia.go.gov.br\/lai.php?painel=gastos_governamentais&orgao=sefaz' target='_blank'>DESPESAS:\r\n\t SEFAZ<\/a><\/li><li><a href='http:\/\/www.transparencia.go.gov.br\/lai.php?painel=gastos_governamentais&orgao=sefaz_protegegoias' target='_blank'>DESPESAS:\r\n\t PROTEGEGOIAS<\/a><\/li><li><a href='http:\/\/www.transparencia.go.gov.br\/lai.php?painel=gastos_governamentais&orgao=sefaz_fundaf' target='_blank'>DESPESAS:\r\n\t FUNDAF<\/a><\/li><li><a href='http:\/\/www.transparencia.go.gov.br\/lai.php?painel=gastos_governamentais&orgao=sefaz_funac' target='_blank'>DESPESAS:\r\n\t FUNAC<\/a><\/li><li><a href='http:\/\/aplicacao.sefaz.go.gov.br\/post\/ver\/140936' target='_blank'>DOWNLOAD DE ARQUIVOS - AQUISI\u00c7\u00d5ES PROFISCO\/BID<\/a><\/li><li><a href='http:\/\/www.transparencia.go.gov.br\/lai.php?painel=diarias&orgao=sefaz' target='_blank'>DI\u00c1RIAS<\/a><\/li><li><a href='http:\/\/www.transparencia.go.gov.br\/portaldatransparencia\/institucional\/dados-abertos' target='_blank'>DADOS ABERTOS<\/a><\/li><\/ul><\/div><div class='sitemap-group'><h3>E<\/h3><ul><li><a href='https:\/\/goias.gov.br\/escoladegoverno\/?p=3048' target='_blank'>ESPA\u00c7O DO INSTRUTOR<\/a><\/li><li><a href='https:\/\/goias.gov.br\/escoladegoverno\/eventos\/' target='_blank'>EVENTOS<\/a><\/li><li><a href='https:\/\/ead.municipio.escoladegoverno.go.gov.br\/login\/index.php' target='_blank'>EXPRESSO BALC\u00c3O - AVA MUNIC\u00cdPIOS<\/a><\/li><li><a href='https:\/\/www.go.gov.br\/servicos-digitais\/cge\/nova-ouvidoria\/pedido-informacao-publica?orgao=30&tipo_manifestacao=7' target='_blank'>E-SIC<\/a><\/li><li><a href='https:\/\/www.go.gov.br\/servicos-digitais\/cge\/nova-ouvidoria\/pedido-informacao-publica?orgao=30&tipo_manifestacao=7' target='_blank'>E-SIC - SERVI\u00c7O ELETR\u00d4NICO DE INFORMA\u00c7\u00c3O AO CIDAD\u00c3O<\/a><\/li><li><a href='https:\/\/www.go.gov.br\/' target='_blank'>EXPRESSO GOI\u00c1S<\/a><\/li><li><a href='https:\/\/portal.go.gov.br\/' target='_blank'>EXPRESSO APLICA\u00c7\u00d5ES<\/a><\/li><li><a href='https:\/\/www.go.gov.br\/' target='_blank'>EXPRESSO SERVIDOR<\/a><\/li><li><a href='http:\/\/goias.gov.br\/escoladegoverno\/wp-content\/uploads\/sites\/28\/2018\/06\/sefaz-r5-06-01-2017-3c8.pdf' target='_blank'>ESTRUTURA ORGANIZACIONAL<\/a><\/li><li><a href='http:\/\/www.transparencia.go.gov.br\/lai.php?painel=execucao_orcamentaria_visao_geral&orgao=sefaz' target='_blank'>EXECU\u00c7\u00c3O OR\u00c7AMENT\u00c1RIA:\r\n\t SEFAZ<\/a><\/li><li><a href='http:\/\/www.transparencia.go.gov.br\/lai.php?painel=execucao_orcamentaria_visao_geral&orgao=sefaz_protegegoias' target='_blank'>EXECU\u00c7\u00c3O OR\u00c7AMENT\u00c1RIA:\r\n\t PROTEGEGOIAS<\/a><\/li><li><a href='http:\/\/www.transparencia.go.gov.br\/lai.php?painel=execucao_orcamentaria_visao_geral&orgao=sefaz_fundaf' target='_blank'>EXECU\u00c7\u00c3O OR\u00c7AMENT\u00c1RIA:\r\n\t FUNDAF<\/a><\/li><li><a href='http:\/\/www.transparencia.go.gov.br\/lai.php?painel=execucao_orcamentaria_visao_geral&orgao=sefaz_funac' target='_blank'>EXECU\u00c7\u00c3O OR\u00c7AMENT\u00c1RIA:\r\n\t FUNAC<\/a><\/li><li><a href='http:\/\/www.transparencia.go.gov.br\/lai.php?painel=empenhos&orgao=sefaz' target='_blank'>EMPENHOS:\r\n\t SEFAZ<\/a><\/li><li><a href='http:\/\/www.transparencia.go.gov.br\/lai.php?painel=empenhos&orgao=sefaz_protegegoias' target='_blank'>EMPENHOS:\r\n\t PROTEGEGOIAS<\/a><\/li><li><a href='http:\/\/www.transparencia.go.gov.br\/lai.php?painel=empenhos&orgao=sefaz_fundaf' target='_blank'>EMPENHOS:\r\n\t FUNDAF<\/a><\/li><li><a href='http:\/\/www.transparencia.go.gov.br\/lai.php?painel=empenhos&orgao=sefaz_funac' target='_blank'>EMPENHOS:\r\n\t FUNAC<\/a><\/li><\/ul><\/div><div class='sitemap-group'><h3>F<\/h3><ul><li><a href='https:\/\/goias.gov.br\/escoladegoverno\/fale-conosco\/' target='_blank'>FALE CONOSCO<\/a><\/li><li><a href='http:\/\/www.transparencia.go.gov.br\/lai.php?painel=execucao_orcamentaria_visao_geral&orgao=sefaz_fundaf' target='_blank'>FUNDAF<\/a><\/li><li><a href='http:\/\/www.transparencia.go.gov.br\/lai.php?painel=execucao_orcamentaria_visao_geral&orgao=sefaz_funac' target='_blank'>FUNAC<\/a><\/li><li><a href='http:\/\/www.segplan.go.gov.br\/index.php?option=com_content&view=article&id=13098' target='_blank'>2351 - FUNDO DE MODERNIZA\u00c7\u00c3O DA ADMINISTRA\u00c7\u00c3O FAZEND\u00c1RIA - FUNDAF<\/a><\/li><li><a href='http:\/\/www.segplan.go.gov.br\/index.php?option=com_content&view=article&id=19814' target='_blank'>2350 - FUNDO DE PROTE\u00c7\u00c3O SOCIAL DO ESTADO DE GOI\u00c1S - PROTEGE GOI\u00c1S<\/a><\/li><li><a href='http:\/\/www.segplan.go.gov.br\/index.php?option=com_content&view=article&id=20501' target='_blank'>2352 - FUNDO DE APORTE \u00c0 CELG DISTRIBUI\u00c7\u00c3O S.A - FUNAC<\/a><\/li><\/ul><\/div><div class='sitemap-group'><h3>G<\/h3><ul><li><a href='https:\/\/goias.gov.br\/escoladegoverno\/graduacao\/' target='_blank'>GRADUA\u00c7\u00c3O<\/a><\/li><li><a href='https:\/\/goias.gov.br\/escoladegoverno\/gestao-basica\/' target='_blank'>GEST\u00c3O B\u00c1SICA<\/a><\/li><li><a href='https:\/\/goias.gov.br\/escoladegoverno\/gestao-de-pessoas\/' target='_blank'>GEST\u00c3O DE PESSOAS<\/a><\/li><li><a href='https:\/\/goias.gov.br\/escoladegoverno\/gestao-de-politicas-publicas\/' target='_blank'>GEST\u00c3O DE POL\u00cdTICAS P\u00daBLICAS<\/a><\/li><li><a href='https:\/\/goias.gov.br\/escoladegoverno\/gestao-estrategica\/' target='_blank'>GEST\u00c3O ESTRAT\u00c9GICA<\/a><\/li><li><a href='https:\/\/www.gov.br\/' target='_blank'>GOVERNO FEDERAL<\/a><\/li><li><a href='https:\/\/transparencia.go.gov.br\/' target='_blank'>GOI\u00c1S TRANSPAR\u00caNCIA<\/a><\/li><\/ul><\/div><div class='sitemap-group'><h3>I<\/h3><ul><li><a href='https:\/\/goias.gov.br\/escoladegoverno\/informativo\/' target='_blank'>INFORMATIVO<\/a><\/li><li><a href='https:\/\/goias.gov.br\/escoladegoverno\/10326-2\/' target='_blank'>INSCRI\u00c7\u00d5ES ABERTAS<\/a><\/li><li><a href='https:\/\/goias.gov.br\/escoladegoverno\/inscricoes-indisponiveis\/' target='_blank'>INSCRI\u00c7\u00d5ES INDISPON\u00cdVEIS<\/a><\/li><li><a href='https:\/\/goias.gov.br\/escoladegoverno\/institucional\/' target='_blank'>INSTITUCIONAL<\/a><\/li><li><a href='https:\/\/www.instagram.com\/escolagovgoias\/' target='_blank'>INSTAGRAM<\/a><\/li><\/ul><\/div><div class='sitemap-group'><h3>L<\/h3><ul><li><a href='https:\/\/goias.gov.br\/escoladegoverno\/lei-geral-de-protecao-de-dados\/' target='_blank'>LGPD<\/a><\/li><li><a href='http:\/\/www.segplan.go.gov.br\/index.php?option=com_content&view=article&id=18276' target='_blank'>LEGISLA\u00c7\u00c3O ESPEC\u00cdFICA<\/a><\/li><li><a href='http:\/\/www.gabinetecivil.go.gov.br\/pagina_leis.php?id=21278' target='_blank'>LEI DIRETRIZES OR\u00c7AMENT\u00c1RIAS (LDO)<\/a><\/li><li><a href='http:\/\/www.gabinetecivil.go.gov.br\/leis_ordinarias\/2017\/lei_19588.htm' target='_blank'>LEI OR\u00c7AMENT\u00c1RIA ANUAL (LOA)<\/a><\/li><li><a href='http:\/\/www.transparencia.go.gov.br\/lai.php?painel=licitacoes_licitacoes_em_andamento&orgao=sefaz' target='_blank'>LICITA\u00c7\u00d5ES EM ANDAMENTO<\/a><\/li><li><a href='http:\/\/www.transparencia.go.gov.br\/lai.php?painel=licitacoes_licitacoes_concluidas&orgao=sefaz' target='_blank'>LICITA\u00c7\u00d5ES CONCLU\u00cdDAS<\/a><\/li><li><a href='http:\/\/www.transparencia.go.gov.br\/portaldatransparencia\/demonstrativos-fiscais\/gestao-fiscal\/354-relatorios-da-lei-de-responsabilidade-fiscal' target='_blank'>LEI DE RESPONSABILIDADE FISCAL (LRF) - RELAT\u00d3RIOS<\/a><\/li><\/ul><\/div><div class='sitemap-group'><h3>M<\/h3><ul><li><a href='https:\/\/www.mpgo.mp.br\/portal\/' target='_blank'>MINIST\u00c9RIO P\u00daBLICO DO ESTADO DE GOI\u00c1S<\/a><\/li><li><a href='http:\/\/www.transparencia.go.gov.br\/admin\/uploaded\/MATRICULAS%20DOS%20IMOVEIS%20DO%20ESTADO%20DE%20GOIAS.pdf' target='_blank'>MATR\u00cdCULA DE IM\u00d3VEIS RECENTES<\/a><\/li><\/ul><\/div><div class='sitemap-group'><h3>N<\/h3><ul><li><a href='https:\/\/goias.gov.br\/escoladegoverno\/nivelamento-para-mestrado\/' target='_blank'>NIVELAMENTO PARA MESTRADO<\/a><\/li><li><a href='https:\/\/nfgoiana.sefaz.go.gov.br\/site\/faq\/ajuda' target='_blank'>NOTA FISCAL GOIANA<\/a><\/li><\/ul><\/div><div class='sitemap-group'><h3>O<\/h3><ul><li><a href='https:\/\/goias.gov.br\/escoladegoverno\/oficinas-pequilab\/' target='_blank'>OFICINAS PEQUILAB<\/a><\/li><li><a href='https:\/\/goias.gov.br\/escoladegoverno\/orcamento-e-financas-publicas\/' target='_blank'>OR\u00c7AMENTO E FINAN\u00c7AS P\u00daBLICAS<\/a><\/li><li><a href='https:\/\/www.go.gov.br\/servicos-digitais\/cge\/nova-ouvidoria?orgao=30' target='_blank'>OUVIDORIA<\/a><\/li><li><a href='https:\/\/www.go.gov.br\/servicos-digitais\/cge\/nova-ouvidoria?orgao=30' target='_blank'>OUVIDORIA SETORIAL<\/a><\/li><li><a href='http:\/\/aplicacao.sefaz.go.gov.br\/post\/ver\/223167\/ouvidoria-fazendaria---perguntas-e-respostas' target='_blank'>OUVIDORIA FAZEND\u00c1RIA<\/a><\/li><li><a href='http:\/\/www.transparencia.go.gov.br\/portaldatransparencia\/planejamento-e-orcamento\/pecas-do-orcamento' target='_blank'>OR\u00c7AMENTO GERAL DO ESTADO<\/a><\/li><\/ul><\/div><div class='sitemap-group'><h3>P<\/h3><ul><li><a href='https:\/\/sgc.escoladegoverno.go.gov.br\/' target='_blank'>PORTAL DO ALUNO<\/a><\/li><li><a href='https:\/\/goias.gov.br\/escoladegoverno\/pos-graduacao-em-andamento\/' target='_blank'>P\u00d3S-GRADUA\u00c7\u00c3O<\/a><\/li><li><a href='https:\/\/goias.gov.br\/escoladegoverno\/parcerias\/' target='_blank'>PARCERIAS<\/a><\/li><li><a href='https:\/\/goias.gov.br\/escoladegoverno\/projeto-semear\/' target='_blank'>PROJETO SEMEAR<\/a><\/li><li><a href='https:\/\/goias.gov.br\/escoladegoverno\/certificacoes\/' target='_blank'>PROGRAMAS DE CERTIFICA\u00c7\u00d5ES<\/a><\/li><li><a href='https:\/\/goias.gov.br\/escoladegoverno\/pos-graduacao\/' target='_blank'>P\u00d3S-GRADUA\u00c7\u00c3O<\/a><\/li><li><a href='https:\/\/goias.gov.br\/escoladegoverno\/pequilab\/' target='_blank'>PEQUI LAB<\/a><\/li><li><a href='https:\/\/transparencia.go.gov.br\/' target='_blank'>PORTAL DA TRANSPAR\u00caNCIA<\/a><\/li><li><a href='https:\/\/goias.gov.br\/controladoria\/programa-de-compliance-publico-do-governo-de-goias\/' target='_blank'>PCP<\/a><\/li><li><a href='https:\/\/goias.gov.br\/procuradoria\/' target='_blank'>PROCURADORIA-GERAL DO ESTADO DE GOI\u00c1S<\/a><\/li><li><a href='http:\/\/www.transparencia.go.gov.br\/lai.php?painel=execucao_orcamentaria_visao_geral&orgao=sefaz_protegegoias' target='_blank'>PROTEGEGOIAS<\/a><\/li><li><a href='http:\/\/www.segplan.go.gov.br\/index.php?option=com_content&view=article&id=18096&Itemid=658' target='_blank'>PLANO PLURIANUAL (PPA)<\/a><\/li><li><a href='http:\/\/www.transparencia.go.gov.br\/lai.php?painel=receitas_estaduais&orgao=sefaz' target='_blank'>PREVISTA\/REALIZADA:\r\n\t SEFAZ<\/a><\/li><li><a href='http:\/\/www.transparencia.go.gov.br\/lai.php?painel=receitas_estaduais&orgao=sefaz_protegegoias' target='_blank'>PREVISTA\/REALIZADA:\r\n\t PROTEGEGOIAS<\/a><\/li><li><a href='http:\/\/www.transparencia.go.gov.br\/lai.php?painel=receitas_estaduais&orgao=sefaz_fundaf' target='_blank'>PREVISTA\/REALIZADA:\r\n\t FUNDAF<\/a><\/li><li><a href='http:\/\/www.transparencia.go.gov.br\/lai.php?painel=receitas_estaduais&orgao=sefaz_funac' target='_blank'>PREVISTA\/REALIZADA:\r\n\t FUNAC<\/a><\/li><li><a href='http:\/\/www.transparencia.go.gov.br\/lai.php?painel=folha_de_pagamento_salarios_de_servidores_inativos&orgao=sefaz' target='_blank'>PENSIONISTAS\/APOSENTADOS<\/a><\/li><li><a href='http:\/\/www.transparencia.go.gov.br\/portaldatransparencia\/' target='_blank'>PORTAL DA TRANSPAR\u00caNCIA<\/a><\/li><\/ul><\/div><div class='sitemap-group'><h3>Q<\/h3><ul><li><a href='http:\/\/www.transparencia.go.gov.br\/lai.php?painel=folha_de_pagamento_cargos_por_orgaos&orgao=sefaz' target='_blank'>QUANTITATIVO DE CARGOS<\/a><\/li><\/ul><\/div><div class='sitemap-group'><h3>R<\/h3><ul><li><a href='https:\/\/radardatransparencia.atricon.org.br\/' target='_blank'>RADAR DA TRANSPAR\u00caNCIA<\/a><\/li><li><a href='http:\/\/aplicacao.sefaz.go.gov.br\/perguntaresposta\/problemas_pesquisa_internet.php?cod_grupo=53&criterio=&op1=&op2=&st=' target='_blank'>RECEITA ESTADUAL<\/a><\/li><li><a href='http:\/\/www.transparencia.go.gov.br\/lai.php?painel=execucao_orcamentaria_restos_a_pagar&orgao=sefaz' target='_blank'>RESTOS \u00c0 PAGAR:\r\n\t SEFAZ<\/a><\/li><li><a href='http:\/\/www.transparencia.go.gov.br\/lai.php?painel=execucao_orcamentaria_restos_a_pagar&orgao=sefaz_protegegoias' target='_blank'>RESTOS \u00c0 PAGAR:\r\n\t PROTEGEGOIAS<\/a><\/li><li><a href='http:\/\/www.transparencia.go.gov.br\/lai.php?painel=execucao_orcamentaria_restos_a_pagar&orgao=sefaz_fundaf' target='_blank'>RESTOS \u00c0 PAGAR:\r\n\t FUNDAF<\/a><\/li><li><a href='http:\/\/www.transparencia.go.gov.br\/lai.php?painel=execucao_orcamentaria_restos_a_pagar&orgao=sefaz_funac' target='_blank'>RESTOS \u00c0 PAGAR:\r\n\t FUNAC<\/a><\/li><li><a href='http:\/\/www.transparencia.go.gov.br\/portaldatransparencia\/demonstrativos-fiscais\/acoes-e-programas-dos-orgaos-e-entidades' target='_blank'>RELAT\u00d3RIO DE GEST\u00c3O<\/a><\/li><\/ul><\/div><div class='sitemap-group'><h3>S<\/h3><ul><li><a href='https:\/\/goias.gov.br\/escoladegoverno\/selecao-de-alunos\/' target='_blank'>SELE\u00c7\u00c3O DE ALUNOS<\/a><\/li><li><a href='https:\/\/goias.gov.br\/escoladegoverno\/semear\/' target='_blank'>SEMEAR<\/a><\/li><li><a href='https:\/\/goias.gov.br\/escoladegoverno\/sempre-abertas\/' target='_blank'>SEMPRE ABERTAS<\/a><\/li><li><a href='https:\/\/goias.gov.br\/escoladegoverno\/semear\/' target='_blank'>SEMEAR<\/a><\/li><li><a href='https:\/\/goias.gov.br\/administracao\/siga-eng\/' target='_blank'>SIGA<\/a><\/li><li><a href='https:\/\/www.go.gov.br\/unidadesvaptvupt' target='_blank'>SIC - SERVI\u00c7O DE INFORMA\u00c7\u00c3O AO CIDAD\u00c3O<\/a><\/li><li><a href='https:\/\/sei.go.gov.br\/sei\/modulos\/goias\/login-sei\/MdGoiasLoginSEI.php?acao=md_goias_login_SEI&sigla_orgao_sistema=GOVERNADORIA&sigla_sistema=SEI&infra_url=L3NlaS8=' target='_blank'>SEI GOVERNADORIA<\/a><\/li><li><a href='http:\/\/www.transparencia.go.gov.br\/lai.php?painel=execucao_orcamentaria_visao_geral&orgao=sefaz' target='_blank'>SEFAZ<\/a><\/li><li><a href='http:\/\/www.transparencia.go.gov.br\/lai.php?painel=folha_de_pagamento_salarios_de_servidores_ativos&orgao=sefaz' target='_blank'>SERVIDORES ATIVOS<\/a><\/li><li><a href='http:\/\/www.segplan.go.gov.br\/post\/ver\/109019\/sefaz-1' target='_blank'>2300 - SECRETARIA DE ESTADO DA FAZENDA - SEFAZ<\/a><\/li><\/ul><\/div><div class='sitemap-group'><h3>T<\/h3><ul><li><a href='\/escoladegoverno\/catalogo-de-cursos\/' target='_blank'>TODAS<\/a><\/li><li><a href='https:\/\/goias.gov.br\/escoladegoverno\/tecnologia-da-informacao\/' target='_blank'>TECNOLOGIA DA INFORMA\u00c7\u00c3O<\/a><\/li><li><a href='https:\/\/goias.gov.br\/escoladegoverno\/transformacao-inovacao-da-gestao-dos-servicos-publicos\/' target='_blank'>TRANSFORMA\u00c7\u00c3O E INOVA\u00c7\u00c3O DA GEST\u00c3O E DOS SERVI\u00c7OS P\u00daBLICOS<\/a><\/li><li><a href='https:\/\/goias.gov.br\/escoladegoverno\/trilha-analista-de-dados\/' target='_blank'>TRILHA ANALISTA DE DADOS<\/a><\/li><li><a href='https:\/\/www.tjgo.jus.br\/' target='_blank'>TRIBUNAL DE JUSTI\u00c7A DO ESTADO DE GOI\u00c1S<\/a><\/li><li><a href='http:\/\/aplicacao.sefaz.go.gov.br\/post\/ver\/140862\/telefones-enderecos-e-horarios-de-atendimento' target='_blank'>TELEFONES, ENDERE\u00c7OS E HOR\u00c1RIOS DE ATENDIMENTO<\/a><\/li><li><a href='http:\/\/aplicacao.sefaz.go.gov.br\/post\/ver\/223173\/tesouro-estadual' target='_blank'>TESOURO ESTADUAL<\/a><\/li><\/ul><\/div><div class='sitemap-group'><h3>V<\/h3><ul><li><a href='http:\/\/www.transparencia.go.gov.br\/lai.php?painel=licitacoes_visao_geral&orgao=sefaz' target='_blank'>VIS\u00c3O GERAL<\/a><\/li><\/ul><\/div><div class='sitemap-group'><h3>Y<\/h3><ul><li><a href='https:\/\/www.youtube.com\/channel\/UCKdxcgwX_DxrvzfGNYLQVSQ' target='_blank'>YOUTUBE<\/a><\/li><\/ul><\/div><\/div>\n","protected":false},"excerpt":{"rendered":"","protected":false},"author":7,"featured_media":0,"parent":0,"menu_order":0,"comment_status":"closed","ping_status":"closed","template":"","meta":{"footnotes":""},"class_list":["post-7084","page","type-page","status-publish","hentry"],"rttpg_featured_image_url":null,"rttpg_author":{"display_name":"gustavogoncalves","author_link":"https:\/\/goias.gov.br\/escoladegoverno\/author\/gustavogoncalves\/"},"rttpg_comment":0,"rttpg_category":null,"rttpg_excerpt":null,"_links":{"self":[{"href":"https:\/\/goias.gov.br\/escoladegoverno\/wp-json\/wp\/v2\/pages\/7084","targetHints":{"allow":["GET"]}}],"collection":[{"href":"https:\/\/goias.gov.br\/escoladegoverno\/wp-json\/wp\/v2\/pages"}],"about":[{"href":"https:\/\/goias.gov.br\/escoladegoverno\/wp-json\/wp\/v2\/types\/page"}],"author":[{"embeddable":true,"href":"https:\/\/goias.gov.br\/escoladegoverno\/wp-json\/wp\/v2\/users\/7"}],"replies":[{"embeddable":true,"href":"https:\/\/goias.gov.br\/escoladegoverno\/wp-json\/wp\/v2\/comments?post=7084"}],"version-history":[{"count":2,"href":"https:\/\/goias.gov.br\/escoladegoverno\/wp-json\/wp\/v2\/pages\/7084\/revisions"}],"predecessor-version":[{"id":7086,"href":"https:\/\/goias.gov.br\/escoladegoverno\/wp-json\/wp\/v2\/pages\/7084\/revisions\/7086"}],"wp:attachment":[{"href":"https:\/\/goias.gov.br\/escoladegoverno\/wp-json\/wp\/v2\/media?parent=7084"}],"curies":[{"name":"wp","href":"https:\/\/api.w.org\/{rel}","templated":true}]}}