
{"id":10299,"date":"2024-04-22T15:39:59","date_gmt":"2024-04-22T18:39:59","guid":{"rendered":"https:\/\/goias.gov.br\/escoladegoverno\/?page_id=10299"},"modified":"2026-03-06T15:13:33","modified_gmt":"2026-03-06T18:13:33","slug":"cursos-hibridos","status":"publish","type":"page","link":"https:\/\/goias.gov.br\/escoladegoverno\/cursos-hibridos\/","title":{"rendered":"Cursos H\u00edbridos"},"content":{"rendered":"<style type='text\/css' media='all'>#rt-tpg-container-2147705238 .rt-holder .rt-woo-info .price{color:#083c22;}body .rt-tpg-container .rt-tpg-isotope-buttons .selected,\n\t\t\t\t\t#rt-tpg-container-2147705238 .layout12 .rt-holder:hover .rt-detail,\n\t\t\t\t\t#rt-tpg-container-2147705238 .isotope8 .rt-holder:hover .rt-detail,\n\t\t\t\t\t#rt-tpg-container-2147705238 .carousel8 .rt-holder:hover .rt-detail,\n\t\t\t\t\t#rt-tpg-container-2147705238 .layout13 .rt-holder .overlay .post-info,\n\t\t\t\t\t#rt-tpg-container-2147705238 .isotope9 .rt-holder .overlay .post-info,\n\t\t\t\t\t#rt-tpg-container-2147705238.rt-tpg-container .layout4 .rt-holder .rt-detail,\n\t\t\t\t\t.rt-modal-2147705238 .md-content,\n\t\t\t\t\t.rt-modal-2147705238 .md-content > .rt-md-content-holder .rt-md-content,\n\t\t\t\t\t.rt-popup-wrap-2147705238.rt-popup-wrap .rt-popup-navigation-wrap,\n\t\t\t\t\t#rt-tpg-container-2147705238 .carousel9 .rt-holder .overlay .post-info{background-color:#083c22;}#rt-tpg-container-2147705238 .layout5 .rt-holder .overlay, #rt-tpg-container-2147705238 .isotope2 .rt-holder .overlay, #rt-tpg-container-2147705238 .carousel2 .rt-holder .overlay,#rt-tpg-container-2147705238 .layout15 .rt-holder h3, #rt-tpg-container-2147705238 .isotope11 .rt-holder h3, #rt-tpg-container-2147705238 .carousel11 .rt-holder h3, #rt-tpg-container-2147705238 .layout16 .rt-holder h3,\n\t\t\t\t\t#rt-tpg-container-2147705238 .isotope12 .rt-holder h3, #rt-tpg-container-2147705238 .carousel12 .rt-holder h3 {background-color:rgba(8,60,34,0.8);}#rt-tpg-container-2147705238 .pagination-list li a,\n\t\t\t\t\trt-tpg-container-2147705238 .pagination-list li span,\n\t\t\t\t\trt-tpg-container-2147705238 .pagination li a,\n\t\t\t\t\t#rt-tpg-container-2147705238 .rt-tpg-isotope-buttons button,\n\t\t\t\t\t#rt-tpg-container-2147705238 .rt-tpg-utility .rt-tpg-load-more button,\n\t\t\t\t\t#rt-tpg-container-2147705238.rt-tpg-container .swiper-navigation .slider-btn,\n\t\t\t\t\t#rt-tpg-container-2147705238.rt-tpg-container .swiper-pagination-bullet,\n\t\t\t\t\t#rt-tpg-container-2147705238 .wc1 .rt-holder .rt-img-holder .overlay .product-more ul li a,\n\t\t\t\t\t#rt-tpg-container-2147705238 .wc2 .rt-detail .rt-wc-add-to-cart,\n\t\t\t\t\t#rt-tpg-container-2147705238 .wc3 .rt-detail .rt-wc-add-to-cart,\n\t\t\t\t\t#rt-tpg-container-2147705238 .wc4 .rt-detail .rt-wc-add-to-cart,\n\t\t\t\t\t#rt-tpg-container-2147705238 .wc-carousel2 .rt-detail .rt-wc-add-to-cart,\n\t\t\t\t\t#rt-tpg-container-2147705238 .wc-isotope2 .rt-detail .rt-wc-add-to-cart,\n\t\t\t\t\t#rt-tpg-container-2147705238 .rt-layout-filter-container .rt-filter-wrap .rt-filter-item-wrap.rt-filter-dropdown-wrap .rt-filter-dropdown,\n\t\t\t\t\t#rt-tpg-container-2147705238 .rt-layout-filter-container .rt-filter-sub-tax.sub-button-group .rt-filter-button-item,\n\t\t\t\t\t#rt-tpg-container-2147705238.rt-tpg-container .rt-pagination-wrap .rt-page-numbers .paginationjs .paginationjs-pages ul li>a,\n\t\t\t\t\t#rt-tpg-container-2147705238 .rt-filter-item-wrap.rt-filter-button-wrap span.rt-filter-button-item,\n\t\t\t\t\t#rt-tpg-container-2147705238.rt-tpg-container .rt-pagination-wrap  .rt-loadmore-btn,\n\t\t\t\t\t#rt-tpg-container-2147705238.rt-tpg-container .rt-pagination-wrap .rt-cb-page-prev-next > *,\n\t\t\t\t\t#rt-tpg-container-2147705238 .rt-read-more,\n\t\t\t\t\t#rt-tooltip-2147705238, #rt-tooltip-2147705238 .rt-tooltip-bottom:after{background-color:#16336a;}#rt-tpg-container-2147705238 .rt-filter-item-wrap.rt-filter-button-wrap span.rt-filter-button-item,\n\t\t\t\t\t#rt-tpg-container-2147705238 .rt-layout-filter-container .rt-filter-sub-tax.sub-button-group .rt-filter-button-item{border-color:#16336a;}#rt-tpg-container-2147705238.rt-tpg-container .layout17 .rt-holder .overlay a.tpg-zoom .fa{color:#16336a;}#rt-tpg-container-2147705238 .rt-holder .read-more a {background-color:#16336a;padding: 8px 15px;}#rt-tpg-container-2147705238 .pagination-list li a:hover,\n\t\t\t\t\t#rt-tpg-container-2147705238 .pagination li a:hover,\n\t\t\t\t\t#rt-tpg-container-2147705238 .rt-tpg-isotope-buttons button:hover,\n\t\t\t\t\t#rt-tpg-container-2147705238 .rt-holder .read-more a:hover,\n\t\t\t\t\t#rt-tpg-container-2147705238 .rt-tpg-utility .rt-tpg-load-more button:hover,\n\t\t\t\t\t#rt-tpg-container-2147705238.rt-tpg-container .swiper-pagination-bullet:hover,\n\t\t\t\t\t#rt-tpg-container-2147705238.rt-tpg-container .swiper-navigation .slider-btn:hover,\n\t\t\t\t\t#rt-tpg-container-2147705238 .wc1 .rt-holder .rt-img-holder .overlay .product-more ul li a:hover,\n\t\t\t\t\t#rt-tpg-container-2147705238 .wc2 .rt-detail .rt-wc-add-to-cart:hover,\n\t\t\t\t\t#rt-tpg-container-2147705238 .wc3 .rt-detail .rt-wc-add-to-cart:hover,\n\t\t\t\t\t#rt-tpg-container-2147705238 .wc4 .rt-detail .rt-wc-add-to-cart:hover,\n\t\t\t\t\t#rt-tpg-container-2147705238 .wc-carousel2 .rt-detail .rt-wc-add-to-cart:hover,\n\t\t\t\t\t#rt-tpg-container-2147705238 .wc-isotope2 .rt-detail .rt-wc-add-to-cart:hover,\n\t\t\t\t\t#rt-tpg-container-2147705238 .rt-layout-filter-container .rt-filter-wrap .rt-filter-item-wrap.rt-filter-dropdown-wrap .rt-filter-dropdown .rt-filter-dropdown-item:hover,\n\t\t\t\t\t#rt-tpg-container-2147705238 .rt-layout-filter-container .rt-filter-wrap .rt-filter-item-wrap.rt-filter-dropdown-wrap .rt-filter-dropdown .rt-filter-dropdown-item.selected,\n\t\t\t\t\t#rt-tpg-container-2147705238 .rt-filter-item-wrap.rt-filter-button-wrap span.rt-filter-button-item:hover,\n\t\t\t\t\t#rt-tpg-container-2147705238 .rt-layout-filter-container .rt-filter-sub-tax.sub-button-group .rt-filter-button-item:hover,\n\t\t\t\t\t#rt-tpg-container-2147705238.rt-tpg-container .rt-pagination-wrap .rt-page-numbers .paginationjs .paginationjs-pages ul li>a:hover,\n\t\t\t\t\t#rt-tpg-container-2147705238.rt-tpg-container .rt-pagination-wrap .rt-cb-page-prev-next > *:hover,\n\t\t\t\t\t#rt-tpg-container-2147705238.rt-tpg-container .rt-pagination-wrap  .rt-loadmore-btn:hover,\n\t\t\t\t\t#rt-tpg-container-2147705238 .rt-read-more:hover,\n\t\t\t\t\t#rt-tpg-container-2147705238 .rt-tpg-utility .rt-tpg-load-more button:hover{background-color:#16336a;}#rt-tpg-container-2147705238 .rt-filter-item-wrap.rt-filter-button-wrap span.rt-filter-button-item:hover,\n\t\t\t\t\t\t#rt-tpg-container-2147705238 .rt-layout-filter-container .rt-filter-sub-tax.sub-button-group .rt-filter-button-item:hover,\n\t\t\t\t\t\t#rt-tpg-container-2147705238.rt-tpg-container .swiper-navigation .slider-btn:hover,\n\t\t\t\t\t\t#rt-tpg-container-2147705238.rt-tpg-container .rt-pagination-wrap .rt-page-numbers .paginationjs .paginationjs-pages ul li>a:hover{border-color:#16336a;}#rt-tpg-container-2147705238.rt-tpg-container .layout17 .rt-holder .overlay a.tpg-zoom:hover .fa{color:#16336a;}#rt-tpg-container-2147705238 .pagination-list li a,\n\t\t\t\t\t#rt-tpg-container-2147705238 .pagination li a,\n\t\t\t\t\t#rt-tpg-container-2147705238 .rt-tpg-isotope-buttons button,\n\t\t\t\t\t#rt-tpg-container-2147705238 .rt-holder .read-more a,\n\t\t\t\t\t#rt-tpg-container-2147705238 .rt-tpg-utility .rt-tpg-load-more button,\n\t\t\t\t\t#rt-tpg-container-2147705238.rt-tpg-container .swiper-navigation .slider-btn,\n\t\t\t\t\t#rt-tpg-container-2147705238 .wc1 .rt-holder .rt-img-holder .overlay .product-more ul li a,\n\t\t\t\t\t#rt-tpg-container-2147705238 .edd1 .rt-holder .rt-img-holder .overlay .product-more ul li a,\n\t\t\t\t\t#rt-tpg-container-2147705238 .wc2 .rt-detail .rt-wc-add-to-cart,\n\t\t\t\t\t#rt-tpg-container-2147705238 .wc3 .rt-detail .rt-wc-add-to-cart,\n\t\t\t\t\t#rt-tpg-container-2147705238 .edd2 .rt-detail .rt-wc-add-to-cart,\n\t\t\t\t\t#rt-tpg-container-2147705238 .wc4 .rt-detail .rt-wc-add-to-cart,\n\t\t\t\t\t#rt-tpg-container-2147705238 .edd3 .rt-detail .rt-wc-add-to-cart,\n\t\t\t\t\t#rt-tpg-container-2147705238 .wc-carousel2 .rt-detail .rt-wc-add-to-cart,\n\t\t\t\t\t#rt-tpg-container-2147705238 .wc-isotope2 .rt-detail .rt-wc-add-to-cart,\n\t\t\t\t\t#rt-tpg-container-2147705238 .rt-tpg-utility .rt-tpg-load-more button,\n\t\t\t\t\t#rt-tooltip-2147705238,\n\t\t\t\t\t#rt-tpg-container-2147705238 .rt-filter-item-wrap.rt-filter-button-wrap span.rt-filter-button-item,\n\t\t\t\t\t#rt-tpg-container-2147705238 .rt-layout-filter-container .rt-filter-sub-tax.sub-button-group .rt-filter-button-item,\n\t\t\t\t\t#rt-tpg-container-2147705238 .rt-layout-filter-container .rt-filter-wrap .rt-filter-item-wrap.rt-sort-order-action,\n\t\t\t\t\t#rt-tpg-container-2147705238 .rt-layout-filter-container .rt-filter-wrap .rt-filter-item-wrap.rt-filter-dropdown-wrap .rt-filter-dropdown .rt-filter-dropdown-item,\n\t\t\t\t\t#rt-tpg-container-2147705238.rt-tpg-container .rt-pagination-wrap .rt-page-numbers .paginationjs .paginationjs-pages ul li>a,\n\t\t\t\t\t#rt-tpg-container-2147705238.rt-tpg-container .rt-pagination-wrap .rt-cb-page-prev-next > *,\n\t\t\t\t\t#rt-tpg-container-2147705238.rt-tpg-container .rt-pagination-wrap  .rt-loadmore-btn,\n\t\t\t\t\t#rt-tpg-container-2147705238 .rt-read-more,\n\t\t\t\t\t#rt-tooltip-2147705238 .rt-tooltip-bottom:after{color:#ffffff;}#rt-tpg-container-2147705238 .rt-filter-item-wrap.rt-filter-button-wrap span.rt-filter-button-item:hover,\n\t\t\t\t\t#rt-tpg-container-2147705238 .rt-holder .read-more a:hover,\n\t\t\t\t\t#rt-tpg-container-2147705238.rt-tpg-container .swiper-navigation .slider-btn:hover,\n\t\t\t\t\t#rt-tpg-container-2147705238 .rt-layout-filter-container .rt-filter-sub-tax.sub-button-group .rt-filter-button-item:hover,\n\t\t\t\t\t#rt-tpg-container-2147705238 .rt-layout-filter-container .rt-filter-wrap .rt-filter-item-wrap.rt-filter-dropdown-wrap .rt-filter-dropdown .rt-filter-dropdown-item:hover,\n\t\t\t\t\t#rt-tpg-container-2147705238 .rt-layout-filter-container .rt-filter-wrap .rt-filter-item-wrap.rt-filter-dropdown-wrap .rt-filter-dropdown .rt-filter-dropdown-item.selected,\n\t\t\t\t\t#rt-tpg-container-2147705238 .rt-layout-filter-container .rt-filter-wrap .rt-filter-item-wrap.rt-sort-order-action:hover,\n\t\t\t\t\t#rt-tpg-container-2147705238.rt-tpg-container .rt-pagination-wrap .rt-page-numbers .paginationjs .paginationjs-pages ul li.active>a:hover,\n\t\t\t\t\t#rt-tpg-container-2147705238 .rt-filter-item-wrap.rt-filter-button-wrap span.rt-filter-button-item.selected,\n\t\t\t\t\t#rt-tpg-container-2147705238 .rt-layout-filter-container .rt-filter-wrap .rt-filter-item-wrap.rt-sort-order-action,\n\t\t\t\t\t#rt-tpg-container-2147705238.rt-tpg-container .rt-pagination-wrap  .rt-loadmore-btn:hover,\n\t\t\t\t\t#rt-tpg-container-2147705238 .rt-read-more:hover,\n\t\t\t\t\t#rt-tpg-container-2147705238.rt-tpg-container .rt-pagination-wrap .rt-page-numbers .paginationjs .paginationjs-pages ul li.active>a{color:#ffffff;}#rt-tpg-container-2147705238 .read-more a{border-radius:15px;}#rt-tpg-container-2147705238 .rt-img-holder img.rt-img-responsive,#rt-tpg-container-2147705238 .rt-img-holder,\n\t\t\t\t\t#rt-tpg-container-2147705238 .rt-post-overlay .post-img,\n\t\t\t\t\t#rt-tpg-container-2147705238 .post-sm .post-img,\n\t\t\t\t\t#rt-tpg-container-2147705238 .rt-post-grid .post-img,\n\t\t\t\t\t#rt-tpg-container-2147705238 .post-img img {border-radius:px;}<\/style><div class='rt-container-fluid rt-tpg-container tpg-shortcode-main-wrapper ' id='rt-tpg-container-2147705238'   data-layout='layout1' data-grid-style='even' data-desktop-col='3'  data-tab-col='2'  data-mobile-col='1' data-sc-id='10303'><div data-title='Loading ...' class='rt-row rt-content-loader   layout1 tpg-even '><div class=\"rt-col-md-4 rt-col-sm-6 rt-col-xs-12 even-grid-item rt-grid-item\" data-id=\"15277\"><div class=\"rt-holder\"><div class='rt-detail'><h3 class=\"entry-title\"><a data-id=\"15277\" class=\"\" href=\"https:\/\/goias.gov.br\/escoladegoverno\/gerenciamento-de-processos-2\/\" target='_blank'>Gerenciamento de Processos<\/a><\/h3><div class='post-meta-user  '><span class='post-tags-links'><a href=\"https:\/\/goias.gov.br\/escoladegoverno\/tags\/inscricoes-abertas\/\" rel=\"tag\">Inscri\u00e7\u00f5es Abertas<\/a><\/span><\/div><div class='tpg-excerpt'>(H\u00edbrido) \u2013 Capacitar servidores em BPM para identificar, modelar, analisar e melhorar processos, compreendendo o funcionamento de um Escrit\u00f3rio de Processos e promovendo vis\u00e3o estruturada de organiza\u00e7\u00e3o orientada por processos.<\/div><div class='post-meta '><span class='read-more'><a data-id='15277' class='' href='https:\/\/goias.gov.br\/escoladegoverno\/gerenciamento-de-processos-2\/' target='_blank'>SAIBA MAIS<\/a><\/span><\/div><\/div><\/div><\/div><div class=\"rt-col-md-4 rt-col-sm-6 rt-col-xs-12 even-grid-item rt-grid-item\" data-id=\"15740\"><div class=\"rt-holder\"><div class='rt-detail'><h3 class=\"entry-title\"><a data-id=\"15740\" class=\"\" href=\"https:\/\/goias.gov.br\/escoladegoverno\/diretrizes-de-captacao-de-recursos-para-projetos-governamentais-2\/\" target='_blank'>Diretrizes de Capta\u00e7\u00e3o de Recursos para Projetos Governamentais<\/a><\/h3><div class='tpg-excerpt'>(H\u00edbrido) \u2013 Apresentar as fases pelas quais um projeto governamental com capta\u00e7\u00e3o de recursos passar\u00e1, do seu nascimento (planejamento e articula\u00e7\u00e3o) at\u00e9 o seu final (presta\u00e7\u00e3o de contas).<\/div><div class='post-meta '><span class='read-more'><a data-id='15740' class='' href='https:\/\/goias.gov.br\/escoladegoverno\/diretrizes-de-captacao-de-recursos-para-projetos-governamentais-2\/' target='_blank'>SAIBA MAIS<\/a><\/span><\/div><\/div><\/div><\/div><div class=\"rt-col-md-4 rt-col-sm-6 rt-col-xs-12 even-grid-item rt-grid-item\" data-id=\"8041\"><div class=\"rt-holder\"><div class='rt-detail'><h3 class=\"entry-title\"><a data-id=\"8041\" class=\"\" href=\"https:\/\/goias.gov.br\/escoladegoverno\/gestao-de-pessoas-orientada-para-resultados\/\" target='_blank'>Gest\u00e3o de Pessoas Orientada Para Resultados<\/a><\/h3><div class='tpg-excerpt'>(H\u00edbrido) \u2013 Este curso faz parte da Certifica\u00e7\u00e3o em Gest\u00e3o de Pessoas. Voc\u00ea conhecer\u00e1 os desafios, a complexidade, a concep\u00e7\u00e3o de novos modelos de gest\u00e3o de pessoas.<\/div><div class='post-meta '><span class='read-more'><a data-id='8041' class='' href='https:\/\/goias.gov.br\/escoladegoverno\/gestao-de-pessoas-orientada-para-resultados\/' target='_blank'>SAIBA MAIS<\/a><\/span><\/div><\/div><\/div><\/div><div class=\"rt-col-md-4 rt-col-sm-6 rt-col-xs-12 even-grid-item rt-grid-item\" data-id=\"13824\"><div class=\"rt-holder\"><div class='rt-detail'><h3 class=\"entry-title\"><a data-id=\"13824\" class=\"\" href=\"https:\/\/goias.gov.br\/escoladegoverno\/diretrizes-de-captacao-de-recursos-para-projetos-governamentais\/\" target='_blank'>Diretrizes de Capta\u00e7\u00e3o de Recursos para Projetos Governamentais<\/a><\/h3><div class='tpg-excerpt'>(H\u00edbrido) \u2013 Explorar as fases de um projeto governamental com capta\u00e7\u00e3o de recursos, desde o planejamento e articula\u00e7\u00e3o at\u00e9 a presta\u00e7\u00e3o de contas.<\/div><div class='post-meta '><span class='read-more'><a data-id='13824' class='' href='https:\/\/goias.gov.br\/escoladegoverno\/diretrizes-de-captacao-de-recursos-para-projetos-governamentais\/' target='_blank'>SAIBA MAIS<\/a><\/span><\/div><\/div><\/div><\/div><\/div><\/div>\n","protected":false},"excerpt":{"rendered":"","protected":false},"author":1,"featured_media":0,"parent":0,"menu_order":0,"comment_status":"closed","ping_status":"closed","template":"wppb_theme_template","meta":{"footnotes":""},"class_list":["post-10299","page","type-page","status-publish","hentry"],"rttpg_featured_image_url":null,"rttpg_author":{"display_name":"wagner.viana","author_link":"https:\/\/goias.gov.br\/escoladegoverno\/author\/wagner-viana\/"},"rttpg_comment":0,"rttpg_category":"","rttpg_excerpt":null,"_links":{"self":[{"href":"https:\/\/goias.gov.br\/escoladegoverno\/wp-json\/wp\/v2\/pages\/10299","targetHints":{"allow":["GET"]}}],"collection":[{"href":"https:\/\/goias.gov.br\/escoladegoverno\/wp-json\/wp\/v2\/pages"}],"about":[{"href":"https:\/\/goias.gov.br\/escoladegoverno\/wp-json\/wp\/v2\/types\/page"}],"author":[{"embeddable":true,"href":"https:\/\/goias.gov.br\/escoladegoverno\/wp-json\/wp\/v2\/users\/1"}],"replies":[{"embeddable":true,"href":"https:\/\/goias.gov.br\/escoladegoverno\/wp-json\/wp\/v2\/comments?post=10299"}],"version-history":[{"count":3,"href":"https:\/\/goias.gov.br\/escoladegoverno\/wp-json\/wp\/v2\/pages\/10299\/revisions"}],"predecessor-version":[{"id":16025,"href":"https:\/\/goias.gov.br\/escoladegoverno\/wp-json\/wp\/v2\/pages\/10299\/revisions\/16025"}],"wp:attachment":[{"href":"https:\/\/goias.gov.br\/escoladegoverno\/wp-json\/wp\/v2\/media?parent=10299"}],"curies":[{"name":"wp","href":"https:\/\/api.w.org\/{rel}","templated":true}]}}