
{"id":10172,"date":"2024-04-19T12:15:04","date_gmt":"2024-04-19T15:15:04","guid":{"rendered":"https:\/\/goias.gov.br\/escoladegoverno\/?page_id=10172"},"modified":"2024-04-22T15:12:19","modified_gmt":"2024-04-22T18:12:19","slug":"tecnologia-da-informacao","status":"publish","type":"page","link":"https:\/\/goias.gov.br\/escoladegoverno\/tecnologia-da-informacao\/","title":{"rendered":"Tecnologia da Informa\u00e7\u00e3o"},"content":{"rendered":"<style type='text\/css' media='all'>#rt-tpg-container-3443833705 .rt-holder .rt-woo-info .price{color:#083c22;}body .rt-tpg-container .rt-tpg-isotope-buttons .selected,\n\t\t\t\t\t#rt-tpg-container-3443833705 .layout12 .rt-holder:hover .rt-detail,\n\t\t\t\t\t#rt-tpg-container-3443833705 .isotope8 .rt-holder:hover .rt-detail,\n\t\t\t\t\t#rt-tpg-container-3443833705 .carousel8 .rt-holder:hover .rt-detail,\n\t\t\t\t\t#rt-tpg-container-3443833705 .layout13 .rt-holder .overlay .post-info,\n\t\t\t\t\t#rt-tpg-container-3443833705 .isotope9 .rt-holder .overlay .post-info,\n\t\t\t\t\t#rt-tpg-container-3443833705.rt-tpg-container .layout4 .rt-holder .rt-detail,\n\t\t\t\t\t.rt-modal-3443833705 .md-content,\n\t\t\t\t\t.rt-modal-3443833705 .md-content > .rt-md-content-holder .rt-md-content,\n\t\t\t\t\t.rt-popup-wrap-3443833705.rt-popup-wrap .rt-popup-navigation-wrap,\n\t\t\t\t\t#rt-tpg-container-3443833705 .carousel9 .rt-holder .overlay .post-info{background-color:#083c22;}#rt-tpg-container-3443833705 .layout5 .rt-holder .overlay, #rt-tpg-container-3443833705 .isotope2 .rt-holder .overlay, #rt-tpg-container-3443833705 .carousel2 .rt-holder .overlay,#rt-tpg-container-3443833705 .layout15 .rt-holder h3, #rt-tpg-container-3443833705 .isotope11 .rt-holder h3, #rt-tpg-container-3443833705 .carousel11 .rt-holder h3, #rt-tpg-container-3443833705 .layout16 .rt-holder h3,\n\t\t\t\t\t#rt-tpg-container-3443833705 .isotope12 .rt-holder h3, #rt-tpg-container-3443833705 .carousel12 .rt-holder h3 {background-color:rgba(8,60,34,0.8);}#rt-tpg-container-3443833705 .pagination-list li a,\n\t\t\t\t\trt-tpg-container-3443833705 .pagination-list li span,\n\t\t\t\t\trt-tpg-container-3443833705 .pagination li a,\n\t\t\t\t\t#rt-tpg-container-3443833705 .rt-tpg-isotope-buttons button,\n\t\t\t\t\t#rt-tpg-container-3443833705 .rt-tpg-utility .rt-tpg-load-more button,\n\t\t\t\t\t#rt-tpg-container-3443833705.rt-tpg-container .swiper-navigation .slider-btn,\n\t\t\t\t\t#rt-tpg-container-3443833705.rt-tpg-container .swiper-pagination-bullet,\n\t\t\t\t\t#rt-tpg-container-3443833705 .wc1 .rt-holder .rt-img-holder .overlay .product-more ul li a,\n\t\t\t\t\t#rt-tpg-container-3443833705 .wc2 .rt-detail .rt-wc-add-to-cart,\n\t\t\t\t\t#rt-tpg-container-3443833705 .wc3 .rt-detail .rt-wc-add-to-cart,\n\t\t\t\t\t#rt-tpg-container-3443833705 .wc4 .rt-detail .rt-wc-add-to-cart,\n\t\t\t\t\t#rt-tpg-container-3443833705 .wc-carousel2 .rt-detail .rt-wc-add-to-cart,\n\t\t\t\t\t#rt-tpg-container-3443833705 .wc-isotope2 .rt-detail .rt-wc-add-to-cart,\n\t\t\t\t\t#rt-tpg-container-3443833705 .rt-layout-filter-container .rt-filter-wrap .rt-filter-item-wrap.rt-filter-dropdown-wrap .rt-filter-dropdown,\n\t\t\t\t\t#rt-tpg-container-3443833705 .rt-layout-filter-container .rt-filter-sub-tax.sub-button-group .rt-filter-button-item,\n\t\t\t\t\t#rt-tpg-container-3443833705.rt-tpg-container .rt-pagination-wrap .rt-page-numbers .paginationjs .paginationjs-pages ul li>a,\n\t\t\t\t\t#rt-tpg-container-3443833705 .rt-filter-item-wrap.rt-filter-button-wrap span.rt-filter-button-item,\n\t\t\t\t\t#rt-tpg-container-3443833705.rt-tpg-container .rt-pagination-wrap  .rt-loadmore-btn,\n\t\t\t\t\t#rt-tpg-container-3443833705.rt-tpg-container .rt-pagination-wrap .rt-cb-page-prev-next > *,\n\t\t\t\t\t#rt-tpg-container-3443833705 .rt-read-more,\n\t\t\t\t\t#rt-tooltip-3443833705, #rt-tooltip-3443833705 .rt-tooltip-bottom:after{background-color:#16336a;}#rt-tpg-container-3443833705 .rt-filter-item-wrap.rt-filter-button-wrap span.rt-filter-button-item,\n\t\t\t\t\t#rt-tpg-container-3443833705 .rt-layout-filter-container .rt-filter-sub-tax.sub-button-group .rt-filter-button-item{border-color:#16336a;}#rt-tpg-container-3443833705.rt-tpg-container .layout17 .rt-holder .overlay a.tpg-zoom .fa{color:#16336a;}#rt-tpg-container-3443833705 .rt-holder .read-more a {background-color:#16336a;padding: 8px 15px;}#rt-tpg-container-3443833705 .pagination-list li a:hover,\n\t\t\t\t\t#rt-tpg-container-3443833705 .pagination li a:hover,\n\t\t\t\t\t#rt-tpg-container-3443833705 .rt-tpg-isotope-buttons button:hover,\n\t\t\t\t\t#rt-tpg-container-3443833705 .rt-holder .read-more a:hover,\n\t\t\t\t\t#rt-tpg-container-3443833705 .rt-tpg-utility .rt-tpg-load-more button:hover,\n\t\t\t\t\t#rt-tpg-container-3443833705.rt-tpg-container .swiper-pagination-bullet:hover,\n\t\t\t\t\t#rt-tpg-container-3443833705.rt-tpg-container .swiper-navigation .slider-btn:hover,\n\t\t\t\t\t#rt-tpg-container-3443833705 .wc1 .rt-holder .rt-img-holder .overlay .product-more ul li a:hover,\n\t\t\t\t\t#rt-tpg-container-3443833705 .wc2 .rt-detail .rt-wc-add-to-cart:hover,\n\t\t\t\t\t#rt-tpg-container-3443833705 .wc3 .rt-detail .rt-wc-add-to-cart:hover,\n\t\t\t\t\t#rt-tpg-container-3443833705 .wc4 .rt-detail .rt-wc-add-to-cart:hover,\n\t\t\t\t\t#rt-tpg-container-3443833705 .wc-carousel2 .rt-detail .rt-wc-add-to-cart:hover,\n\t\t\t\t\t#rt-tpg-container-3443833705 .wc-isotope2 .rt-detail .rt-wc-add-to-cart:hover,\n\t\t\t\t\t#rt-tpg-container-3443833705 .rt-layout-filter-container .rt-filter-wrap .rt-filter-item-wrap.rt-filter-dropdown-wrap .rt-filter-dropdown .rt-filter-dropdown-item:hover,\n\t\t\t\t\t#rt-tpg-container-3443833705 .rt-layout-filter-container .rt-filter-wrap .rt-filter-item-wrap.rt-filter-dropdown-wrap .rt-filter-dropdown .rt-filter-dropdown-item.selected,\n\t\t\t\t\t#rt-tpg-container-3443833705 .rt-filter-item-wrap.rt-filter-button-wrap span.rt-filter-button-item:hover,\n\t\t\t\t\t#rt-tpg-container-3443833705 .rt-layout-filter-container .rt-filter-sub-tax.sub-button-group .rt-filter-button-item:hover,\n\t\t\t\t\t#rt-tpg-container-3443833705.rt-tpg-container .rt-pagination-wrap .rt-page-numbers .paginationjs .paginationjs-pages ul li>a:hover,\n\t\t\t\t\t#rt-tpg-container-3443833705.rt-tpg-container .rt-pagination-wrap .rt-cb-page-prev-next > *:hover,\n\t\t\t\t\t#rt-tpg-container-3443833705.rt-tpg-container .rt-pagination-wrap  .rt-loadmore-btn:hover,\n\t\t\t\t\t#rt-tpg-container-3443833705 .rt-read-more:hover,\n\t\t\t\t\t#rt-tpg-container-3443833705 .rt-tpg-utility .rt-tpg-load-more button:hover{background-color:#16336a;}#rt-tpg-container-3443833705 .rt-filter-item-wrap.rt-filter-button-wrap span.rt-filter-button-item:hover,\n\t\t\t\t\t\t#rt-tpg-container-3443833705 .rt-layout-filter-container .rt-filter-sub-tax.sub-button-group .rt-filter-button-item:hover,\n\t\t\t\t\t\t#rt-tpg-container-3443833705.rt-tpg-container .swiper-navigation .slider-btn:hover,\n\t\t\t\t\t\t#rt-tpg-container-3443833705.rt-tpg-container .rt-pagination-wrap .rt-page-numbers .paginationjs .paginationjs-pages ul li>a:hover{border-color:#16336a;}#rt-tpg-container-3443833705.rt-tpg-container .layout17 .rt-holder .overlay a.tpg-zoom:hover .fa{color:#16336a;}#rt-tpg-container-3443833705 .pagination-list li a,\n\t\t\t\t\t#rt-tpg-container-3443833705 .pagination li a,\n\t\t\t\t\t#rt-tpg-container-3443833705 .rt-tpg-isotope-buttons button,\n\t\t\t\t\t#rt-tpg-container-3443833705 .rt-holder .read-more a,\n\t\t\t\t\t#rt-tpg-container-3443833705 .rt-tpg-utility .rt-tpg-load-more button,\n\t\t\t\t\t#rt-tpg-container-3443833705.rt-tpg-container .swiper-navigation .slider-btn,\n\t\t\t\t\t#rt-tpg-container-3443833705 .wc1 .rt-holder .rt-img-holder .overlay .product-more ul li a,\n\t\t\t\t\t#rt-tpg-container-3443833705 .edd1 .rt-holder .rt-img-holder .overlay .product-more ul li a,\n\t\t\t\t\t#rt-tpg-container-3443833705 .wc2 .rt-detail .rt-wc-add-to-cart,\n\t\t\t\t\t#rt-tpg-container-3443833705 .wc3 .rt-detail .rt-wc-add-to-cart,\n\t\t\t\t\t#rt-tpg-container-3443833705 .edd2 .rt-detail .rt-wc-add-to-cart,\n\t\t\t\t\t#rt-tpg-container-3443833705 .wc4 .rt-detail .rt-wc-add-to-cart,\n\t\t\t\t\t#rt-tpg-container-3443833705 .edd3 .rt-detail .rt-wc-add-to-cart,\n\t\t\t\t\t#rt-tpg-container-3443833705 .wc-carousel2 .rt-detail .rt-wc-add-to-cart,\n\t\t\t\t\t#rt-tpg-container-3443833705 .wc-isotope2 .rt-detail .rt-wc-add-to-cart,\n\t\t\t\t\t#rt-tpg-container-3443833705 .rt-tpg-utility .rt-tpg-load-more button,\n\t\t\t\t\t#rt-tooltip-3443833705,\n\t\t\t\t\t#rt-tpg-container-3443833705 .rt-filter-item-wrap.rt-filter-button-wrap span.rt-filter-button-item,\n\t\t\t\t\t#rt-tpg-container-3443833705 .rt-layout-filter-container .rt-filter-sub-tax.sub-button-group .rt-filter-button-item,\n\t\t\t\t\t#rt-tpg-container-3443833705 .rt-layout-filter-container .rt-filter-wrap .rt-filter-item-wrap.rt-sort-order-action,\n\t\t\t\t\t#rt-tpg-container-3443833705 .rt-layout-filter-container .rt-filter-wrap .rt-filter-item-wrap.rt-filter-dropdown-wrap .rt-filter-dropdown .rt-filter-dropdown-item,\n\t\t\t\t\t#rt-tpg-container-3443833705.rt-tpg-container .rt-pagination-wrap .rt-page-numbers .paginationjs .paginationjs-pages ul li>a,\n\t\t\t\t\t#rt-tpg-container-3443833705.rt-tpg-container .rt-pagination-wrap .rt-cb-page-prev-next > *,\n\t\t\t\t\t#rt-tpg-container-3443833705.rt-tpg-container .rt-pagination-wrap  .rt-loadmore-btn,\n\t\t\t\t\t#rt-tpg-container-3443833705 .rt-read-more,\n\t\t\t\t\t#rt-tooltip-3443833705 .rt-tooltip-bottom:after{color:#ffffff;}#rt-tpg-container-3443833705 .rt-filter-item-wrap.rt-filter-button-wrap span.rt-filter-button-item:hover,\n\t\t\t\t\t#rt-tpg-container-3443833705 .rt-holder .read-more a:hover,\n\t\t\t\t\t#rt-tpg-container-3443833705.rt-tpg-container .swiper-navigation .slider-btn:hover,\n\t\t\t\t\t#rt-tpg-container-3443833705 .rt-layout-filter-container .rt-filter-sub-tax.sub-button-group .rt-filter-button-item:hover,\n\t\t\t\t\t#rt-tpg-container-3443833705 .rt-layout-filter-container .rt-filter-wrap .rt-filter-item-wrap.rt-filter-dropdown-wrap .rt-filter-dropdown .rt-filter-dropdown-item:hover,\n\t\t\t\t\t#rt-tpg-container-3443833705 .rt-layout-filter-container .rt-filter-wrap .rt-filter-item-wrap.rt-filter-dropdown-wrap .rt-filter-dropdown .rt-filter-dropdown-item.selected,\n\t\t\t\t\t#rt-tpg-container-3443833705 .rt-layout-filter-container .rt-filter-wrap .rt-filter-item-wrap.rt-sort-order-action:hover,\n\t\t\t\t\t#rt-tpg-container-3443833705.rt-tpg-container .rt-pagination-wrap .rt-page-numbers .paginationjs .paginationjs-pages ul li.active>a:hover,\n\t\t\t\t\t#rt-tpg-container-3443833705 .rt-filter-item-wrap.rt-filter-button-wrap span.rt-filter-button-item.selected,\n\t\t\t\t\t#rt-tpg-container-3443833705 .rt-layout-filter-container .rt-filter-wrap .rt-filter-item-wrap.rt-sort-order-action,\n\t\t\t\t\t#rt-tpg-container-3443833705.rt-tpg-container .rt-pagination-wrap  .rt-loadmore-btn:hover,\n\t\t\t\t\t#rt-tpg-container-3443833705 .rt-read-more:hover,\n\t\t\t\t\t#rt-tpg-container-3443833705.rt-tpg-container .rt-pagination-wrap .rt-page-numbers .paginationjs .paginationjs-pages ul li.active>a{color:#ffffff;}#rt-tpg-container-3443833705 .read-more a{border-radius:15px;}#rt-tpg-container-3443833705 .rt-img-holder img.rt-img-responsive,#rt-tpg-container-3443833705 .rt-img-holder,\n\t\t\t\t\t#rt-tpg-container-3443833705 .rt-post-overlay .post-img,\n\t\t\t\t\t#rt-tpg-container-3443833705 .post-sm .post-img,\n\t\t\t\t\t#rt-tpg-container-3443833705 .rt-post-grid .post-img,\n\t\t\t\t\t#rt-tpg-container-3443833705 .post-img img {border-radius:px;}<\/style><div class='rt-container-fluid rt-tpg-container tpg-shortcode-main-wrapper ' id='rt-tpg-container-3443833705'   data-layout='layout1' data-grid-style='even' data-desktop-col='3'  data-tab-col='2'  data-mobile-col='1' data-sc-id='10290'><div data-title='Loading ...' class='rt-row rt-content-loader   layout1 tpg-even '><div class=\"rt-col-md-4 rt-col-sm-6 rt-col-xs-12 even-grid-item rt-grid-item\" data-id=\"6735\"><div class=\"rt-holder\"><div class='rt-detail'><h3 class=\"entry-title\"><a data-id=\"6735\" class=\"\" href=\"https:\/\/goias.gov.br\/escoladegoverno\/informatica-basica-2\/\">Inform\u00e1tica B\u00e1sica<\/a><\/h3><div class='tpg-excerpt'>(Presencial) \u2013 Capacitar servidores no uso b\u00e1sico do computador, abordando Windows, organiza\u00e7\u00e3o de arquivos, internet e seguran\u00e7a digital para otimizar o trabalho di\u00e1rio.<\/div><div class='post-meta '><span class='read-more'><a data-id='6735' class='' href='https:\/\/goias.gov.br\/escoladegoverno\/informatica-basica-2\/'>SAIBA MAIS<\/a><\/span><\/div><\/div><\/div><\/div><div class=\"rt-col-md-4 rt-col-sm-6 rt-col-xs-12 even-grid-item rt-grid-item\" data-id=\"9227\"><div class=\"rt-holder\"><div class='rt-detail'><h3 class=\"entry-title\"><a data-id=\"9227\" class=\"\" href=\"https:\/\/goias.gov.br\/escoladegoverno\/introducao-microsoft-365\/\">Introdu\u00e7\u00e3o ao Microsoft 365<\/a><\/h3><div class='post-meta-user  '><span class='post-tags-links'><a href=\"https:\/\/goias.gov.br\/escoladegoverno\/tags\/sempre-abertas\/\" rel=\"tag\">Sempre Abertas<\/a><\/span><\/div><div class='tpg-excerpt'>(EaD Ass\u00edncrono) \u2013 Neste curso de Office 365, voc\u00ea aprender\u00e1 sobre os conceitos b\u00e1sicos da plataforma e como as solu\u00e7\u00f5es oferecidas por ele aprimoram a produtividade e colabora\u00e7\u00e3o.<\/div><div class='post-meta '><span class='read-more'><a data-id='9227' class='' href='https:\/\/goias.gov.br\/escoladegoverno\/introducao-microsoft-365\/'>SAIBA MAIS<\/a><\/span><\/div><\/div><\/div><\/div><div class=\"rt-col-md-4 rt-col-sm-6 rt-col-xs-12 even-grid-item rt-grid-item\" data-id=\"10031\"><div class=\"rt-holder\"><div class='rt-detail'><h3 class=\"entry-title\"><a data-id=\"10031\" class=\"\" href=\"https:\/\/goias.gov.br\/escoladegoverno\/microsoft-365-para-atividades-e-tarefas\/\">Microsoft 365: Planner e ToDo para Atividades e Tarefas<\/a><\/h3><div class='post-meta-user  '><span class='post-tags-links'><a href=\"https:\/\/goias.gov.br\/escoladegoverno\/tags\/sempre-abertas\/\" rel=\"tag\">Sempre Abertas<\/a><\/span><\/div><div class='tpg-excerpt'>(EaD Ass\u00edncrono) \u2013 Neste curso voc\u00ea aprender\u00e1 a usar a vers\u00e3o online dos aplicativos de Gest\u00e3o de Tarefas como Planner e o ToDo.<\/div><div class='post-meta '><span class='read-more'><a data-id='10031' class='' href='https:\/\/goias.gov.br\/escoladegoverno\/microsoft-365-para-atividades-e-tarefas\/'>SAIBA MAIS<\/a><\/span><\/div><\/div><\/div><\/div><div class=\"rt-col-md-4 rt-col-sm-6 rt-col-xs-12 even-grid-item rt-grid-item\" data-id=\"10208\"><div class=\"rt-holder\"><div class='rt-detail'><h3 class=\"entry-title\"><a data-id=\"10208\" class=\"\" href=\"https:\/\/goias.gov.br\/escoladegoverno\/microsoft-365-para-escritorio\/\">Microsoft 365 para Escrit\u00f3rio<\/a><\/h3><div class='post-meta-user  '><span class='post-tags-links'><a href=\"https:\/\/goias.gov.br\/escoladegoverno\/tags\/sempre-abertas\/\" rel=\"tag\">Sempre Abertas<\/a><\/span><\/div><div class='tpg-excerpt'>(EaD Ass\u00edncrono) \u2013 Este curso visa capacitar sobre as ferramentas do Microsoft 365 para escrit\u00f3rio, incluindo o Word, Excel e PowerPoint.<\/div><div class='post-meta '><span class='read-more'><a data-id='10208' class='' href='https:\/\/goias.gov.br\/escoladegoverno\/microsoft-365-para-escritorio\/'>SAIBA MAIS<\/a><\/span><\/div><\/div><\/div><\/div><div class=\"rt-col-md-4 rt-col-sm-6 rt-col-xs-12 even-grid-item rt-grid-item\" data-id=\"12741\"><div class=\"rt-holder\"><div class='rt-detail'><h3 class=\"entry-title\"><a data-id=\"12741\" class=\"\" href=\"https:\/\/goias.gov.br\/escoladegoverno\/microsoft-365-forms-para-criacao-e-gerenciamento-de-pesquisas\/\">Microsoft 365: Forms para Cria\u00e7\u00e3o e Gerenciamento de Pesquisas<\/a><\/h3><div class='post-meta-user  '><span class='post-tags-links'><a href=\"https:\/\/goias.gov.br\/escoladegoverno\/tags\/sempre-abertas\/\" rel=\"tag\">Sempre Abertas<\/a><\/span><\/div><div class='tpg-excerpt'>(EaD Ass\u00edncrono) \u2013 Capacitar o servidor a usar o Forms 365 para criar formul\u00e1rios personalizados, realizar pesquisas, coletar dados, analisar resultados e otimizar o fluxo de trabalho.<\/div><div class='post-meta '><span class='read-more'><a data-id='12741' class='' href='https:\/\/goias.gov.br\/escoladegoverno\/microsoft-365-forms-para-criacao-e-gerenciamento-de-pesquisas\/'>SAIBA MAIS<\/a><\/span><\/div><\/div><\/div><\/div><div class=\"rt-col-md-4 rt-col-sm-6 rt-col-xs-12 even-grid-item rt-grid-item\" data-id=\"12112\"><div class=\"rt-holder\"><div class='rt-detail'><h3 class=\"entry-title\"><a data-id=\"12112\" class=\"\" href=\"https:\/\/goias.gov.br\/escoladegoverno\/microsoft-365-outlook-para-e-mail\/\">Microsoft 365: Outlook para E-mail<\/a><\/h3><div class='post-meta-user  '><span class='post-tags-links'><a href=\"https:\/\/goias.gov.br\/escoladegoverno\/tags\/sempre-abertas\/\" rel=\"tag\">Sempre Abertas<\/a><\/span><\/div><div class='tpg-excerpt'>(EaD Ass\u00edncrono) \u2013 Aprenda a usar o Microsoft 365 Outlook para gerenciar emails, compromissos, reuni\u00f5es, contatos e tarefas, al\u00e9m de explorar filtros, regras e assinaturas para otimizar seu trabalho.<\/div><div class='post-meta '><span class='read-more'><a data-id='12112' class='' href='https:\/\/goias.gov.br\/escoladegoverno\/microsoft-365-outlook-para-e-mail\/'>SAIBA MAIS<\/a><\/span><\/div><\/div><\/div><\/div><div class=\"rt-col-md-4 rt-col-sm-6 rt-col-xs-12 even-grid-item rt-grid-item\" data-id=\"5033\"><div class=\"rt-holder\"><div class='rt-detail'><h3 class=\"entry-title\"><a data-id=\"5033\" class=\"\" href=\"https:\/\/goias.gov.br\/escoladegoverno\/sei-basico-ead\/\">SEI! &#8211; B\u00e1sico<\/a><\/h3><div class='post-meta-user  '><span class='post-tags-links'><a href=\"https:\/\/goias.gov.br\/escoladegoverno\/tags\/sempre-abertas\/\" rel=\"tag\">Sempre Abertas<\/a><\/span><\/div><div class='tpg-excerpt'>(EaD Ass\u00edncrono) \u2013 Este curso visa capacitar o servidor a conhecer as principais funcionalidades do Sistema Eletr\u00f4nico de Informa\u00e7\u00f5es \u2013 SEI!<\/div><div class='post-meta '><span class='read-more'><a data-id='5033' class='' href='https:\/\/goias.gov.br\/escoladegoverno\/sei-basico-ead\/'>SAIBA MAIS<\/a><\/span><\/div><\/div><\/div><\/div><div class=\"rt-col-md-4 rt-col-sm-6 rt-col-xs-12 even-grid-item rt-grid-item\" data-id=\"5558\"><div class=\"rt-holder\"><div class='rt-detail'><h3 class=\"entry-title\"><a data-id=\"5558\" class=\"\" href=\"https:\/\/goias.gov.br\/escoladegoverno\/sei-avancado-ead\/\">SEI! &#8211; Avan\u00e7ado<\/a><\/h3><div class='post-meta-user  '><span class='post-tags-links'><a href=\"https:\/\/goias.gov.br\/escoladegoverno\/tags\/sempre-abertas\/\" rel=\"tag\">Sempre Abertas<\/a><\/span><\/div><div class='tpg-excerpt'>(EaD Ass\u00edncrono) \u2013 Capacitar o servidor a conhecer funcionalidades espec\u00edficas\u00a0do Sistema Eletr\u00f4nico de Informa\u00e7\u00f5es \u2013 SEI!\u00a0<\/div><div class='post-meta '><span class='read-more'><a data-id='5558' class='' href='https:\/\/goias.gov.br\/escoladegoverno\/sei-avancado-ead\/'>SAIBA MAIS<\/a><\/span><\/div><\/div><\/div><\/div><div class=\"rt-col-md-4 rt-col-sm-6 rt-col-xs-12 even-grid-item rt-grid-item\" data-id=\"11496\"><div class=\"rt-holder\"><div class='rt-detail'><h3 class=\"entry-title\"><a data-id=\"11496\" class=\"\" href=\"https:\/\/goias.gov.br\/escoladegoverno\/microsoft-365-teams-para-colaboracao-e-comunicacao\/\">Microsoft 365: Teams para Colabora\u00e7\u00e3o e Comunica\u00e7\u00e3o<\/a><\/h3><div class='post-meta-user  '><span class='post-tags-links'><a href=\"https:\/\/goias.gov.br\/escoladegoverno\/tags\/sempre-abertas\/\" rel=\"tag\">Sempre Abertas<\/a><\/span><\/div><div class='tpg-excerpt'>(EaD Ass\u00edncrono) \u2013 O objetivo do curso \u00e9 ensinar a usar o Microsoft 365 Teams online para colabora\u00e7\u00e3o, destacando sua import\u00e2ncia no Office 365, cobrindo chamadas, cria\u00e7\u00e3o de equipes, compartilhamento<\/div><div class='post-meta '><span class='read-more'><a data-id='11496' class='' href='https:\/\/goias.gov.br\/escoladegoverno\/microsoft-365-teams-para-colaboracao-e-comunicacao\/'>SAIBA MAIS<\/a><\/span><\/div><\/div><\/div><\/div><div class=\"rt-col-md-4 rt-col-sm-6 rt-col-xs-12 even-grid-item rt-grid-item\" data-id=\"11502\"><div class=\"rt-holder\"><div class='rt-detail'><h3 class=\"entry-title\"><a data-id=\"11502\" class=\"\" href=\"https:\/\/goias.gov.br\/escoladegoverno\/microsoft-365-onedrive-para-armazenamento\/\">Microsoft 365: OneDrive para Armazenamento<\/a><\/h3><div class='post-meta-user  '><span class='post-tags-links'><a href=\"https:\/\/goias.gov.br\/escoladegoverno\/tags\/sempre-abertas\/\" rel=\"tag\">Sempre Abertas<\/a><\/span><\/div><div class='tpg-excerpt'>(EaD Ass\u00edncrono) \u2013 Capacitar os participantes a usar o Microsoft OneDrive 365 para armazenar, compartilhar e colaborar em arquivos, explorando funcionalidades de nuvem, colabora\u00e7\u00e3o em tempo real e sincroniza\u00e7\u00e3o com<\/div><div class='post-meta '><span class='read-more'><a data-id='11502' class='' href='https:\/\/goias.gov.br\/escoladegoverno\/microsoft-365-onedrive-para-armazenamento\/'>SAIBA MAIS<\/a><\/span><\/div><\/div><\/div><\/div><div class=\"rt-col-md-4 rt-col-sm-6 rt-col-xs-12 even-grid-item rt-grid-item\" data-id=\"12743\"><div class=\"rt-holder\"><div class='rt-detail'><h3 class=\"entry-title\"><a data-id=\"12743\" class=\"\" href=\"https:\/\/goias.gov.br\/escoladegoverno\/microsoft-365-sharepoint-para-sites-e-portais\/\">Microsoft 365: SharePoint para Sites e Portais<\/a><\/h3><div class='post-meta-user  '><span class='post-tags-links'><a href=\"https:\/\/goias.gov.br\/escoladegoverno\/tags\/sempre-abertas\/\" rel=\"tag\">Sempre Abertas<\/a><\/span><\/div><div class='tpg-excerpt'>(EaD Ass\u00edncrono) \u2013 Capacitar os participantes a usar o SharePoint 365 online para armazenar, acessar e compartilhar documentos, promovendo boas pr\u00e1ticas, comunica\u00e7\u00e3o eficiente e colabora\u00e7\u00e3o em equipe.<\/div><div class='post-meta '><span class='read-more'><a data-id='12743' class='' href='https:\/\/goias.gov.br\/escoladegoverno\/microsoft-365-sharepoint-para-sites-e-portais\/'>SAIBA MAIS<\/a><\/span><\/div><\/div><\/div><\/div><\/div><\/div>\n","protected":false},"excerpt":{"rendered":"","protected":false},"author":1,"featured_media":0,"parent":0,"menu_order":0,"comment_status":"closed","ping_status":"closed","template":"wppb_theme_template","meta":{"footnotes":""},"class_list":["post-10172","page","type-page","status-publish","hentry"],"rttpg_featured_image_url":null,"rttpg_author":{"display_name":"wagner.viana","author_link":"https:\/\/goias.gov.br\/escoladegoverno\/author\/wagner-viana\/"},"rttpg_comment":0,"rttpg_category":"","rttpg_excerpt":null,"_links":{"self":[{"href":"https:\/\/goias.gov.br\/escoladegoverno\/wp-json\/wp\/v2\/pages\/10172","targetHints":{"allow":["GET"]}}],"collection":[{"href":"https:\/\/goias.gov.br\/escoladegoverno\/wp-json\/wp\/v2\/pages"}],"about":[{"href":"https:\/\/goias.gov.br\/escoladegoverno\/wp-json\/wp\/v2\/types\/page"}],"author":[{"embeddable":true,"href":"https:\/\/goias.gov.br\/escoladegoverno\/wp-json\/wp\/v2\/users\/1"}],"replies":[{"embeddable":true,"href":"https:\/\/goias.gov.br\/escoladegoverno\/wp-json\/wp\/v2\/comments?post=10172"}],"version-history":[{"count":2,"href":"https:\/\/goias.gov.br\/escoladegoverno\/wp-json\/wp\/v2\/pages\/10172\/revisions"}],"predecessor-version":[{"id":10291,"href":"https:\/\/goias.gov.br\/escoladegoverno\/wp-json\/wp\/v2\/pages\/10172\/revisions\/10291"}],"wp:attachment":[{"href":"https:\/\/goias.gov.br\/escoladegoverno\/wp-json\/wp\/v2\/media?parent=10172"}],"curies":[{"name":"wp","href":"https:\/\/api.w.org\/{rel}","templated":true}]}}