

{"id":453,"date":"2023-11-08T17:35:33","date_gmt":"2023-11-08T20:35:33","guid":{"rendered":"https:\/\/siteshom.goias.gov.br\/entorno\/agenda-de-autoridades\/"},"modified":"2026-04-12T09:36:16","modified_gmt":"2026-04-12T12:36:16","slug":"agenda-de-autoridades","status":"publish","type":"page","link":"https:\/\/goias.gov.br\/entorno\/agenda-de-autoridades\/","title":{"rendered":"Agenda de Autoridades"},"content":{"rendered":"\t\t<div data-elementor-type=\"wp-page\" data-elementor-id=\"453\" class=\"elementor elementor-453\">\n\t\t\t\t<div class=\"elementor-element elementor-element-5632863c e-flex e-con-boxed e-con e-parent\" data-id=\"5632863c\" data-element_type=\"container\" data-e-type=\"container\">\n\t\t\t\t\t<div class=\"e-con-inner\">\n\t\t\t\t<div class=\"elementor-element elementor-element-2b46d181 elementor-widget elementor-widget-text-editor\" data-id=\"2b46d181\" data-element_type=\"widget\" data-e-type=\"widget\" data-widget_type=\"text-editor.default\">\n\t\t\t\t<div class=\"elementor-widget-container\">\n\t\t\t\t\t\t\t\t\t<p><strong style=\"margin-block-end: -1.8rem;\"><a href=\"https:\/\/goias.gov.br\/entorno\/secretario-de-estado\/\">Secret\u00e1rio de Estado<\/a><\/strong><br \/>RAFAEL HENRIQUE DA SILVA LUSTOSA<br \/><br \/><\/p><p><strong style=\"margin-block-end: -1.8rem;\"><a href=\"https:\/\/goias.gov.br\/entorno\/chefe-de-gabinete\/\">Chefe de Gabinete (Vago)<\/a>\u00a0<\/strong><br \/><br \/><\/p><p><strong style=\"margin-block-end: -1.8rem;\"><a href=\"https:\/\/goias.gov.br\/entorno\/chefe-da-comunicacao-setorial\/\">Chefe da Comunica\u00e7\u00e3o Setorial<\/a><\/strong><br \/>GLEICE MEIRE ALMEIDA DA SILVA<\/p><p><strong style=\"margin-block-end: -1.8rem;\"><a href=\"https:\/\/goias.gov.br\/entorno\/procuradora-setorial\/\">Procuradora Setorial (Em Substitui\u00e7\u00e3o)<\/a><\/strong><br \/>ANA PAULA APARECIDA GUIMAR\u00c3ES<\/p><p><strong style=\"margin-block-end: -1.8rem;\"><a href=\"https:\/\/goias.gov.br\/entorno\/superintendente-de-gestao-integrada\/\">Superintendente de Gest\u00e3o Integrada (interina)<\/a><\/strong><br \/>ADRIANA ROSA SAVITE<\/p><p><strong style=\"margin-block-end: -1.8rem;\"><a href=\"https:\/\/goias.gov.br\/entorno\/superintendente-de-politicas-de-desenvolvimento-urbano-integrado\/\">Superintendente de Pol\u00edticas De Desenvolvimento Urbano Integrado\u00a0<\/a><\/strong><br \/>PAULA TREDICCI<\/p><p><strong style=\"margin-block-end: -1.8rem;\"><a href=\"https:\/\/goias.gov.br\/entorno\/corregedoria-setorial\/\">Corregedoria Setorial<\/a><\/strong><br \/>JOSE ALEXANDRE ROMERO BERNARDES<\/p>\t\t\t\t\t\t\t\t<\/div>\n\t\t\t\t<\/div>\n\t\t\t\t\t<\/div>\n\t\t\t\t<\/div>\n\t\t\t\t<\/div>\n\t\t","protected":false},"excerpt":{"rendered":"<p>Secret\u00e1rio de EstadoPABIO CORREIA LOPES Chefe de GabinetePAULA TREDICCI Chefe da Comunica\u00e7\u00e3o SetorialGLEICE MEIRE ALMEIDA DA SILVA Procuradora SetorialNATALIA FURTADO MAIA Superintendente de Gest\u00e3o IntegradaADRIANA ROSA SAVITE Superintendente de Pol\u00edticas De Desenvolvimento Urbano IntegradoPAULA TREDICCI Corregedoria SetorialJOSE ALEXANDRE ROMERO BERNARDES<\/p>\n","protected":false},"author":5,"featured_media":0,"parent":0,"menu_order":0,"comment_status":"closed","ping_status":"closed","template":"","meta":{"footnotes":""},"class_list":["post-453","page","type-page","status-publish","hentry"],"rttpg_featured_image_url":null,"rttpg_author":{"display_name":"jamyscosta","author_link":"https:\/\/goias.gov.br\/entorno\/author\/jamyscosta\/"},"rttpg_comment":0,"rttpg_category":null,"rttpg_excerpt":"Secret\u00e1rio de EstadoPABIO CORREIA LOPES Chefe de GabinetePAULA TREDICCI Chefe da Comunica\u00e7\u00e3o SetorialGLEICE MEIRE ALMEIDA DA SILVA Procuradora SetorialNATALIA FURTADO MAIA Superintendente de Gest\u00e3o IntegradaADRIANA ROSA SAVITE Superintendente de Pol\u00edticas De Desenvolvimento Urbano IntegradoPAULA TREDICCI Corregedoria SetorialJOSE ALEXANDRE ROMERO BERNARDES","_links":{"self":[{"href":"https:\/\/goias.gov.br\/entorno\/wp-json\/wp\/v2\/pages\/453","targetHints":{"allow":["GET"]}}],"collection":[{"href":"https:\/\/goias.gov.br\/entorno\/wp-json\/wp\/v2\/pages"}],"about":[{"href":"https:\/\/goias.gov.br\/entorno\/wp-json\/wp\/v2\/types\/page"}],"author":[{"embeddable":true,"href":"https:\/\/goias.gov.br\/entorno\/wp-json\/wp\/v2\/users\/5"}],"replies":[{"embeddable":true,"href":"https:\/\/goias.gov.br\/entorno\/wp-json\/wp\/v2\/comments?post=453"}],"version-history":[{"count":2,"href":"https:\/\/goias.gov.br\/entorno\/wp-json\/wp\/v2\/pages\/453\/revisions"}],"predecessor-version":[{"id":11908,"href":"https:\/\/goias.gov.br\/entorno\/wp-json\/wp\/v2\/pages\/453\/revisions\/11908"}],"wp:attachment":[{"href":"https:\/\/goias.gov.br\/entorno\/wp-json\/wp\/v2\/media?parent=453"}],"curies":[{"name":"wp","href":"https:\/\/api.w.org\/{rel}","templated":true}]}}