

{"id":424,"date":"2023-11-08T08:53:25","date_gmt":"2023-11-08T11:53:25","guid":{"rendered":"https:\/\/siteshom.goias.gov.br\/entorno\/?page_id=424"},"modified":"2024-07-08T22:05:45","modified_gmt":"2024-07-09T01:05:45","slug":"mapa-do-site","status":"publish","type":"page","link":"https:\/\/goias.gov.br\/entorno\/mapa-do-site\/","title":{"rendered":"Mapa do Site"},"content":{"rendered":"<div id=\"custom-sitemap\" class=\"sitemap-container\"><div class='sitemap-group'><h3>A<\/h3><ul><li><a href='https:\/\/goias.gov.br\/entorno\/acesso-a-informacao\/' target='_blank'>ACESSO \u00c0 INFORMA\u00c7\u00c3O<\/a><\/li><li><a href='https:\/\/portal.al.go.leg.br\/' target='_blank'>ASSEMBLEIA LEGISLATIVA DO ESTADO DE GOI\u00c1S<\/a><\/li><li><a href='https:\/\/goias.gov.br\/entorno\/agenda-de-autoridades\/' target='_blank'>AGENDA DE AUTORIDADES<\/a><\/li><li><a href='\/entorno\/agenda-de-autoridades\/' target='_blank'>AGENDA DE\n                            AUTORIDADES<\/a><\/li><li><a href='\/entorno\/acordos-sem-transferencia-de-recursos\/' target='_blank'>ACORDOS\n                            SEM\n                            TRANSFER\u00caNCIA DE RECURSOS<\/a><\/li><li><a href='\/entorno\/autoridade-de-monitoramento-de-aplicacao-da-lai\/' target='_blank'>AUTORIDADE\n                            DE MONITORAMENTO DE APLICA\u00c7\u00c3O DA LAI<\/a><\/li><li><a href='https:\/\/goias.gov.br\/entorno\/audiencias-publicas\/' target='_blank'>AUDI\u00caNCIAS\n                            P\u00daBLICAS<\/a><\/li><\/ul><\/div><div class='sitemap-group'><h3>B<\/h3><ul><li><a href='https:\/\/goias.gov.br\/entorno\/wp-content\/uploads\/sites\/30\/2018\/06\/Bens-Moveis.pdf' target='_blank'>BENS\n                            M\u00d3VEIS<\/a><\/li><li><a href='\/entorno\/bens-imoveis\/' target='_blank'>BENS IM\u00d3VEIS<\/a><\/li><li><a href='https:\/\/goias.gov.br\/economia\/prestacao-de-contas-de-governo\/' target='_blank'>BALAN\u00c7O\n                            GERAL DO ESTADO<\/a><\/li><\/ul><\/div><div class='sitemap-group'><h3>C<\/h3><ul><li><a href='https:\/\/www.go.gov.br\/servicos\/servicos-por-orgao\/secretaria-de-estado-do-entorno-do-distrito-federal' target='_blank'>CARTA DE SERVI\u00c7OS<\/a><\/li><li><a href='https:\/\/legisla.casacivil.go.gov.br\/pesquisa_legislacao\/103904\/decreto-9837' target='_blank'>C\u00d3DIGO DE \u00c9TICA<\/a><\/li><li><a href='https:\/\/goias.gov.br\/controladoria' target='_blank'>CONTROLADORIA-GERAL DO ESTADO DE GOI\u00c1S<\/a><\/li><li><a href='https:\/\/goias.gov.br\/governo\/cadastro-de-autoridade\/' target='_blank'>CADASTRO DE AUTORIDADES<\/a><\/li><li><a href='\/entorno\/institucional\/' target='_blank'>COMPET\u00caNCIAS<\/a><\/li><li><a href='https:\/\/goias.gov.br\/entorno\/cargos-e-seus-ocupantes\/' target='_blank'>CARGOS\n                            E\n                            SEUS OCUPANTES<\/a><\/li><li><a href='https:\/\/www.go.gov.br\/servicos\/servicos-por-orgao\/secretaria-de-estado-do-entorno-do-distrito-federal' target='_blank'>CARTA\n                            DE SERVI\u00c7OS <\/a><\/li><li><a href='\/entorno\/conselhos\/' target='_blank'>CONSELHOS <\/a><\/li><li><a href='\/entorno\/convenios-recebidos\/' target='_blank'>CONV\u00caNIOS\n                            RECEBIDOS<\/a><\/li><li><a href='\/entorno\/convenios-concedidos\/' target='_blank'>CONV\u00caNIOS\n                            CONCEDIDOS<\/a><\/li><li><a href='https:\/\/www.comprasnet.go.gov.br\/' target='_blank'>COMPRASNET<\/a><\/li><li><a href='https:\/\/www.transparencia.go.gov.br\/wp-content\/uploads\/sites\/2\/painel\/lai.php?painel=contratos_detalhamento&orgao=SEDF' target='_blank'>CONTRATOS<\/a><\/li><li><a href='https:\/\/goias.gov.br\/entorno\/contratos-emergenciais\/' target='_blank'>CONTRATOS\n                            EMERGENCIAIS<\/a><\/li><li><a href='\/entorno\/contratos-de-locacao-de-imoveis-3' target='_blank'>CONTRATOS\n                            DE\n                            LOCA\u00c7\u00c3O DE IM\u00d3VEIS<\/a><\/li><li><a href='\/entorno\/classificacao-de-informacoes-sigilosas\/' target='_blank'>CLASSIFICA\u00c7\u00c3O\n                            DAS INFORMA\u00c7\u00d5ES SIGILOSAS <\/a><\/li><li><a href='https:\/\/goias.gov.br\/entorno\/consultas-publicas\/' target='_blank'>CONSULTAS\n                            P\u00daBLICAS<\/a><\/li><\/ul><\/div><div class='sitemap-group'><h3>D<\/h3><ul><li><a href='https:\/\/dadosabertos.go.gov.br\/' target='_blank'>DADOS ABERTOS<\/a><\/li><li><a href='https:\/\/www.go.gov.br\/servicos-digitais\/cge\/nova-ouvidoria\/nova-manifestacao\/tela-negativo?orgao=51' target='_blank'>DENUNCIAS CONTRA CORRUP\u00c7\u00c3O<\/a><\/li><li><a href='http:\/\/diariooficial.abc.go.gov.br\/' target='_blank'>DI\u00c1RIO OFICIAL<\/a><\/li><li><a href='https:\/\/dadosabertos.go.gov.br\/' target='_blank'>DADOS ABERTOS GOI\u00c1S<\/a><\/li><li><a href='https:\/\/goias.gov.br\/entorno\/wp-content\/uploads\/sites\/30\/2025\/09\/sedf-doacoes.pdf' target='_blank'>DOA\u00c7\u00d5ES<\/a><\/li><li><a href='https:\/\/www.transparencia.go.gov.br\/wp-content\/uploads\/sites\/2\/painel\/lai.php?painel=diarias&orgao=SEDF' target='_blank'>DI\u00c1RIAS<\/a><\/li><li><a href='https:\/\/dadosabertos.go.gov.br\/organization\/secretaria-de-estado-do-entorno-do-distrito-federal' target='_blank'>DADOS ABERTO\n                            GOI\u00c1S<\/a><\/li><\/ul><\/div><div class='sitemap-group'><h3>E<\/h3><ul><li><a href='https:\/\/www.entorno.go.gov.br\/component\/content\/article\/2-institucional\/1057-programas-executivo-estadual-2.html?highlight=WyJleGVjdXRpdm8iLCJlc3RhZHVhbCIsImV4ZWN1dGl2byBlc3RhZHVhbCJd&Itemid=101' target='_blank'>EXECUTIVO ESTADUAL<\/a><\/li><li><a href='https:\/\/www.entorno.go.gov.br\/component\/content\/article\/2-institucional\/1093-estudos-e-pesquisa-sobre-o-entorno-do-df.html?highlight=WyJlc3R1ZG9zIGUgcGVzcXVpc2EiLCJwZXNxdWlzYSBzb2JyZSBvIiwibyBlbnRvcm5vIGRvIiwiZG8gZGYiXQ==&Itemid=101' target='_blank'>ESTUDOS E PESQUISAS<\/a><\/li><li><a href='https:\/\/www.go.gov.br\/servicos-digitais\/cge\/nova-ouvidoria\/pedido-informacao-publica?orgao=51&tipo_manifestacao=7' target='_blank'>E-SIC<\/a><\/li><li><a href='https:\/\/www.go.gov.br\/servicos-digitais\/cge\/nova-ouvidoria\/pedido-informacao-publica?orgao=51&tipo_manifestacao=7' target='_blank'>E-SIC - SERVI\u00c7O ELETR\u00d4NICO DE INFORMA\u00c7\u00c3O AO CIDAD\u00c3O<\/a><\/li><li><a href='https:\/\/www.go.gov.br\/' target='_blank'>EXPRESSO GOI\u00c1S<\/a><\/li><li><a href='https:\/\/portal.go.gov.br\/' target='_blank'>EXPRESSO APLICA\u00c7\u00d5ES<\/a><\/li><li><a href='https:\/\/www.go.gov.br\/' target='_blank'>EXPRESSO SERVIDOR<\/a><\/li><li><a href='https:\/\/goias.gov.br\/escoladegoverno\/' target='_blank'>ESCOLA DE GOVERNO<\/a><\/li><li><a href='https:\/\/goias.gov.br\/administracao\/cge-dados-gerais-2\/' target='_blank'>ESTRUTURA\n                            ORGANIZACIONAL <\/a><\/li><li><a href='\/entorno\/telefones-e-mails-endereco-e-horario-de-atendimento\/' target='_blank'>ENDERE\u00c7OS,\n                            TELEFONES, E-MAILS E HOR\u00c1RIOS DE\n                            ATENDIMENTO<\/a><\/li><li><a href='https:\/\/www.transparencia.go.gov.br\/wp-content\/uploads\/sites\/2\/painel\/lai.php?painel=empenhos&orgao=SEDF' target='_blank'>EMPENHOS\n                            E PAGAMENTOS<\/a><\/li><li><a href='https:\/\/www.transparencia.go.gov.br\/wp-content\/uploads\/sites\/2\/painel\/lai.php?painel=execucao_orcamentaria_visao_geral&orgao=SEDF' target='_blank'>EXECU\u00c7\u00c3O\n                            OR\u00c7AMENT\u00c1RIA<\/a><\/li><li><a href='https:\/\/goias.gov.br\/entorno\/emendas-parlamentares-estaduais-2\/' target='_blank'>EMENDAS\n                            PARLAMENTARES ESTADUAIS<\/a><\/li><li><a href='https:\/\/goias.gov.br\/entorno\/emendas-parlamentares-federais\/' target='_blank'>EMENDAS\n                            PARLAMENTARES FEDERAIS<\/a><\/li><li><a href='https:\/\/www.go.gov.br\/servicos-digitais\/cge\/nova-ouvidoria\/nova-manifestacao?orgao=51' target='_blank'>\n                            E-SIC ELETR\u00d4NICO<\/a><\/li><li><a href='\/entorno\/encarregado-pelo-tratamento-dos-dados-pessoais\/' target='_blank'>ENCARREGADO\n                            PELO TRATAMENTO DOS DADOS PESSOAIS<\/a><\/li><li><a href='https:\/\/www.go.gov.br\/' target='_blank'>EXPRESSO\n                            GOI\u00c1S<\/a><\/li><\/ul><\/div><div class='sitemap-group'><h3>F<\/h3><ul><li><a href='https:\/\/goias.gov.br\/entorno\/fale-conosco\/' target='_blank'>FALE CONOSCO<\/a><\/li><li><a href='https:\/\/www.facebook.com\/sedfgoias' target='_blank'>FACEBOOK<\/a><\/li><li><a href='https:\/\/www.transparencia.go.gov.br\/wp-content\/uploads\/sites\/2\/painel\/lai.php?painel=folha_de_pagamento_salarios_de_servidores_ativos&orgao=SEDF' target='_blank'>FOLHA\n                            DE PAGAMENTO<\/a><\/li><\/ul><\/div><div class='sitemap-group'><h3>G<\/h3><ul><li><a href='https:\/\/www.gov.br\/' target='_blank'>GOVERNO FEDERAL<\/a><\/li><li><a href='https:\/\/transparencia.go.gov.br\/' target='_blank'>GOI\u00c1S TRANSPAR\u00caNCIA<\/a><\/li><li><a href='https:\/\/www.transparencia.go.gov.br\/wp-content\/uploads\/sites\/2\/painel\/lai.php?painel=gastos_governamentais&orgao=SEDF' target='_blank'>GASTOS\n                            GOVERNAMENTAIS<\/a><\/li><li><a href='https:\/\/www.transparencia.go.gov.br\/wp-content\/uploads\/sites\/2\/painel\/lai.php?painel=publicidade_propaganda&orgao=SEDF' target='_blank'>GASTOS\n                            EM PUBLICIDADE E PROPAGANDA<\/a><\/li><\/ul><\/div><div class='sitemap-group'><h3>I<\/h3><ul><li><a href='https:\/\/goias.gov.br\/entorno\/institucional\/' target='_blank'>INSTITUCIONAL<\/a><\/li><li><a href='https:\/\/www.instagram.com\/sedfgoias\/' target='_blank'>INSTAGRAM<\/a><\/li><li><a href='https:\/\/www.transparencia.go.gov.br\/wp-content\/uploads\/sites\/2\/painel\/lai.php?painel=pda&orgao=SEDF' target='_blank'>INVENT\u00c1RIO\n                            DE DADOS<\/a><\/li><\/ul><\/div><div class='sitemap-group'><h3>J<\/h3><ul><li><a href='\/entorno\/julgamento-das-contas-pelo-tce-go\/' target='_blank'>JULGAMENTO\n                            DAS\n                            CONTAS PELO TCE\/GO<\/a><\/li><\/ul><\/div><div class='sitemap-group'><h3>L<\/h3><ul><li><a href='https:\/\/www.entorno.go.gov.br\/noticias\/1081-licita%C3%A7%C3%B5es-e-contratos.html?highlight=WyJsaWNpdGFcdTAwZTdcdTAwZjVlcyJd' target='_blank'>LICITA\u00c7\u00d5ES E CONTRATOS<\/a><\/li><li><a href='https:\/\/goias.gov.br\/entorno\/encarregado-pelo-tratamento-dos-dados-pessoais\/' target='_blank'>LGPD<\/a><\/li><li><a href='\/entorno\/legislacao-aplicavel\/' target='_blank'>LEGISLA\u00c7\u00c3O\n                            APLIC\u00c1VEL<\/a><\/li><li><a href='https:\/\/goias.gov.br\/entorno\/lista-de-estagiarios\/' target='_blank'>LISTA\n                            DE\n                            ESTAGI\u00c1RIOS<\/a><\/li><li><a href='https:\/\/www.transparencia.go.gov.br\/wp-content\/uploads\/sites\/2\/painel\/lai.php?painel=licitacoes_licitacoes_concluidas&orgao=SEDF' target='_blank'>LICITA\u00c7\u00d5ES\n                            - COMPRASNET<\/a><\/li><li><a href='https:\/\/www.transparencia.go.gov.br\/wp-content\/uploads\/sites\/2\/painel\/lai.php?painel=licitacoes_concluidas_sislog&orgao=SEDF' target='_blank'>LICITA\u00c7\u00d5ES\n                            - SISLOG<\/a><\/li><li><a href='https:\/\/transparencia.go.gov.br\/fornecedores-impedidos\/' target='_blank'>LICITANTES\n                            SANCIONADOS ADMINISTRATIVAMENTE<\/a><\/li><li><a href='https:\/\/transparencia.go.gov.br\/orcamento-e-planejamento-pecas\/' target='_blank'>LDO\/LOA<\/a><\/li><li><a href='https:\/\/legisla.casacivil.go.gov.br\/pesquisa_legislacao\/90142\/lei-18025' target='_blank'>LEI\n                            DE ACESSO \u00c0 INFORMA\u00c7\u00c3O ESTADUAL<\/a><\/li><\/ul><\/div><div class='sitemap-group'><h3>M<\/h3><ul><li><a href='https:\/\/goias.gov.br\/entorno\/manual-do-servidor\/' target='_blank'>MANUAL DO SERVIDOR<\/a><\/li><li><a href='https:\/\/www.mpgo.mp.br\/portal\/' target='_blank'>MINIST\u00c9RIO P\u00daBLICO DO ESTADO DE GOI\u00c1S<\/a><\/li><li><a href='https:\/\/goias.gov.br\/entorno\/relatorio-de-acompanhamento-de-programas-projetos-acoes-e-atividades\/' target='_blank'>MONITORAMENTO\n                            DE PROGRAMAS, PROJETOS, A\u00c7\u00d5ES E ATIVIDADES<\/a><\/li><\/ul><\/div><div class='sitemap-group'><h3>O<\/h3><ul><li><a href='https:\/\/www.go.gov.br\/servicos-digitais\/cge\/nova-ouvidoria?orgao=51' target='_blank'>OUVIDORIA<\/a><\/li><li><a href='https:\/\/www.go.gov.br\/servicos-digitais\/cge\/nova-ouvidoria?orgao=51' target='_blank'>OUVIDORIA SETORIAL<\/a><\/li><li><a href='https:\/\/goias.gov.br\/entorno\/ouvidoria-setorial\/' target='_blank'>OUVIDORIA SETORIAL (PRESENCIAL)<\/a><\/li><li><a href='https:\/\/www.transparencia.go.gov.br\/wp-content\/uploads\/sites\/2\/painel\/lai.php?painel=ordem_cronologica_despesas&orgao=SEDF' target='_blank'>ORDEM\n                            CRONOL\u00d3GICA DOS PAGAMENTOS<\/a><\/li><li><a href='\/entorno\/obras\/' target='_blank'>OBRAS<\/a><\/li><li><a href='\/entorno\/obras-paralisadas\/' target='_blank'>OBRAS\n                            PARALISADAS<\/a><\/li><li><a href='https:\/\/goias.gov.br\/entorno\/obras-audiencias-consultas-publicas\/' target='_blank'>OBRAS\n                            - AUDI\u00caNCIAS\/CONSULTAS P\u00daBLICAS<\/a><\/li><li><a href='\/entorno\/ouvidoria-atendimento-presencial\/' target='_blank'>OUVIDORIA\n                            -\n                            ATENDIMENTO PRESENCIAL<\/a><\/li><\/ul><\/div><div class='sitemap-group'><h3>P<\/h3><ul><li><a href='https:\/\/www.entorno.go.gov.br\/component\/content\/article\/2-institucional\/1055-sites-das-prefeituras-da-rme-2.html?highlight=WyJzaXRlcyJd&Itemid=101' target='_blank'>PREFEITURAS<\/a><\/li><li><a href='https:\/\/www.entorno.go.gov.br\/noticias\/1082-processo-seletivo.html?highlight=WyJwcm9jZXNzbyIsInNlbGV0aXZvIiwicHJvY2Vzc28gc2VsZXRpdm8iXQ==' target='_blank'>PROCESSO SELETIVO<\/a><\/li><li><a href='https:\/\/transparencia.go.gov.br\/' target='_blank'>PORTAL DA TRANSPAR\u00caNCIA<\/a><\/li><li><a href='https:\/\/goias.gov.br\/controladoria\/programa-de-compliance-publico-do-governo-de-goias\/' target='_blank'>PCP<\/a><\/li><li><a href='https:\/\/goias.gov.br\/procuradoria\/' target='_blank'>PROCURADORIA-GERAL DO ESTADO DE GOI\u00c1S<\/a><\/li><li><a href='https:\/\/goias.gov.br\/entorno\/programa-de-compliance-publico-do-governo-de-goias\/' target='_blank'>PROGRAMA\n                            DE COMPLIANCE P\u00daBLICO - PCPC<\/a><\/li><li><a href='https:\/\/sislog.go.gov.br\/pca' target='_blank'>PCA - PLANO DE\n                            CONTRATA\u00c7\u00d5ES\n                            ANUAL<\/a><\/li><li><a href='https:\/\/www.gov.br\/pncp\/pt-br\/acesso-a-informacao\/painel-pncp-em-numeros\/pncp-em-numeros-contratacoes\/pncp-em-numeros-municipio' target='_blank'>PNCP<\/a><\/li><li><a href='https:\/\/goias.gov.br\/entorno\/parceria-com-oscs\/' target='_blank'>PARCERIAS\n                            COM\n                            OSCS<\/a><\/li><li><a href='\/entorno\/plano-estrategico-institucional\/' target='_blank'>PLANO\n                            ESTRAT\u00c9GICO\n                            INSTITUCIONAL <\/a><\/li><li><a href='https:\/\/ppa.go.gov.br\/' target='_blank'>PPA<\/a><\/li><li><a href='http:\/\/www.planalto.gov.br\/ccivil_03\/_ato2015-2018\/2018\/lei\/l13709.htm' target='_blank'>POL\u00cdTICA\n                            DE PRIVACIDADE E PROTE\u00c7\u00c3O DE DADOS<\/a><\/li><li><a href='https:\/\/app.powerbi.com\/view?r=eyJrIjoiNmRhN2MzZmYtMWZkMi00ODdmLWJhNGQtYTJkODcwNDJlMTU4IiwidCI6IjY3ZmQ0MzFjLWIyYWQtNDg2Ny04MWJjLWQ3NTYyMjBiNTZkNCJ9' target='_blank'>PESQUISA\n                            DE SATISFA\u00c7\u00c3O<\/a><\/li><li><a href='https:\/\/transparencia.go.gov.br\/' target='_blank'>PORTAL\n                            GOI\u00c1S\n                            TRANSPARENTE<\/a><\/li><li><a href='\/entorno\/projetos-de-participacao-social\/' target='_blank'>PROJETOS\n                            DE\n                            PARTICIPA\u00c7\u00c3O SOCIAL<\/a><\/li><li><a href='\/entorno\/projetos-de-inovacao-no-servico-publico\/' target='_blank'>PROJETOS\n                            DE\n                            INOVA\u00c7\u00c3O NO SERVI\u00c7O P\u00daBLICO<\/a><\/li><\/ul><\/div><div class='sitemap-group'><h3>R<\/h3><ul><li><a href='https:\/\/radardatransparencia.atricon.org.br\/' target='_blank'>RADAR DA TRANSPAR\u00caNCIA<\/a><\/li><li><a href='http:\/\/www.transparencia.go.gov.br\/wp-content\/uploads\/sites\/2\/painel\/lai.php?painel=receitas_estaduais&orgao=SEDF' target='_blank'>RECEITA\n                            ESTADUAL<\/a><\/li><li><a href='\/entorno\/relacao-de-terceirizados\/' target='_blank'>RELA\u00c7\u00c3O DE\n                            TERCEIRIZADOS<\/a><\/li><li><a href='https:\/\/www.transparencia.go.gov.br\/wp-content\/uploads\/sites\/2\/painel\/lai.php?painel=contratos_fiscais_e_gestores&orgao=SEDF' target='_blank'>RELA\u00c7\u00c3O\n                            DOS FISCAIS DOS CONTRATOS<\/a><\/li><li><a href='\/entorno\/relacao-de-veiculos\/' target='_blank'>RELA\u00c7\u00c3O DE\n                            VE\u00cdCULOS<\/a><\/li><li><a href='\/entorno\/relatorio-de-gestao-ou-atividades\/' target='_blank'>RELAT\u00d3RIO\n                            DE\n                            GEST\u00c3O OU ATIVIDADES<\/a><\/li><li><a href='https:\/\/transparencia.go.gov.br\/gestao-fiscal-e-governamental-rgf\/' target='_blank'>RGF<\/a><\/li><li><a href='https:\/\/transparencia.go.gov.br\/rreo\/' target='_blank'>RREO<\/a><\/li><li><a href='https:\/\/www.ouvidoriageral.go.gov.br\/api\/relatorio_gestao.php?tipo=7&orgao=51' target='_blank'>RELAT\u00d3RIO\n                            DE PEDIDOS DE ACESSO \u00c1 INFORMA\u00c7\u00c3O<\/a><\/li><li><a href='https:\/\/goias.gov.br\/entorno\/wp-content\/uploads\/sites\/30\/2018\/06\/Relatorio-Anual-de-Gestao-Ouvidoria-SEDF.pdf' target='_blank'>RELATO\u0301RIO\n                            DE GESTA\u0303O DE OUVIDORIA<\/a><\/li><\/ul><\/div><div class='sitemap-group'><h3>S<\/h3><ul><li><a href='https:\/\/goias.gov.br\/administracao\/siga-eng\/' target='_blank'>SIGA<\/a><\/li><li><a href='https:\/\/www.go.gov.br\/unidadesvaptvupt' target='_blank'>SIC - SERVI\u00c7O DE INFORMA\u00c7\u00c3O AO CIDAD\u00c3O<\/a><\/li><li><a href='https:\/\/sei.go.gov.br\/sei\/modulos\/goias\/login-sei\/MdGoiasLoginSEI.php?acao=md_goias_login_SEI&sigla_orgao_sistema=GOVERNADORIA&sigla_sistema=SEI&infra_url=L3NlaS8=' target='_blank'>SEI GOVERNADORIA<\/a><\/li><li><a href='\/entorno\/sobre-a-sedf\/' target='_blank'>SOBRE A SEDF<\/a><\/li><li><a href='https:\/\/sislog.go.gov.br\/' target='_blank'>SISLOG<\/a><\/li><li><a href='https:\/\/vaptvupt.go.gov.br\/unidades' target='_blank'>SIC\n                            F\u00cdSICO\n                            - UNIDADES DO\n                            VAPT VUPT<\/a><\/li><\/ul><\/div><div class='sitemap-group'><h3>T<\/h3><ul><li><a href='https:\/\/www.tjgo.jus.br\/' target='_blank'>TRIBUNAL DE JUSTI\u00c7A DO ESTADO DE GOI\u00c1S<\/a><\/li><li><a href='https:\/\/twitter.com\/sedfgoias?t=BAsA39Hfe1QOD7hEMaVIFw&s=08' target='_blank'>TWITTER<\/a><\/li><\/ul><\/div><div class='sitemap-group'><h3>Y<\/h3><ul><li><a href='https:\/\/www.youtube.com\/@sedfgoias' target='_blank'>YOUTUBE<\/a><\/li><\/ul><\/div><\/div>\n","protected":false},"excerpt":{"rendered":"","protected":false},"author":7,"featured_media":0,"parent":0,"menu_order":0,"comment_status":"closed","ping_status":"closed","template":"","meta":{"footnotes":""},"class_list":["post-424","page","type-page","status-publish","hentry"],"rttpg_featured_image_url":null,"rttpg_author":{"display_name":"gustavogoncalves","author_link":"https:\/\/goias.gov.br\/entorno\/author\/gustavogoncalves\/"},"rttpg_comment":0,"rttpg_category":null,"rttpg_excerpt":null,"_links":{"self":[{"href":"https:\/\/goias.gov.br\/entorno\/wp-json\/wp\/v2\/pages\/424","targetHints":{"allow":["GET"]}}],"collection":[{"href":"https:\/\/goias.gov.br\/entorno\/wp-json\/wp\/v2\/pages"}],"about":[{"href":"https:\/\/goias.gov.br\/entorno\/wp-json\/wp\/v2\/types\/page"}],"author":[{"embeddable":true,"href":"https:\/\/goias.gov.br\/entorno\/wp-json\/wp\/v2\/users\/7"}],"replies":[{"embeddable":true,"href":"https:\/\/goias.gov.br\/entorno\/wp-json\/wp\/v2\/comments?post=424"}],"version-history":[{"count":2,"href":"https:\/\/goias.gov.br\/entorno\/wp-json\/wp\/v2\/pages\/424\/revisions"}],"predecessor-version":[{"id":1804,"href":"https:\/\/goias.gov.br\/entorno\/wp-json\/wp\/v2\/pages\/424\/revisions\/1804"}],"wp:attachment":[{"href":"https:\/\/goias.gov.br\/entorno\/wp-json\/wp\/v2\/media?parent=424"}],"curies":[{"name":"wp","href":"https:\/\/api.w.org\/{rel}","templated":true}]}}