

{"id":420,"date":"2023-11-08T08:52:00","date_gmt":"2023-11-08T11:52:00","guid":{"rendered":"https:\/\/siteshom.goias.gov.br\/entorno\/?page_id=420"},"modified":"2026-02-23T17:55:54","modified_gmt":"2026-02-23T20:55:54","slug":"institucional","status":"publish","type":"page","link":"https:\/\/goias.gov.br\/entorno\/institucional\/","title":{"rendered":"Institucional"},"content":{"rendered":"\t\t<div data-elementor-type=\"wp-page\" data-elementor-id=\"420\" class=\"elementor elementor-420\">\n\t\t\t\t<div class=\"elementor-element elementor-element-e0e7dd5 e-flex e-con-boxed e-con e-parent\" data-id=\"e0e7dd5\" data-element_type=\"container\" data-e-type=\"container\">\n\t\t\t\t\t<div class=\"e-con-inner\">\n\t\t\t\t<div class=\"elementor-element elementor-element-80a3112 elementor-widget elementor-widget-shortcode\" data-id=\"80a3112\" data-element_type=\"widget\" data-e-type=\"widget\" data-widget_type=\"shortcode.default\">\n\t\t\t\t<div class=\"elementor-widget-container\">\n\t\t\t\t\t\t\t<div class=\"elementor-shortcode\"><div data-post-id=\"5\" class=\"insert-page insert-page-5 \"><h1 class='insert-page-title'>A Secretaria<\/h1><p><img decoding=\"async\" src=\"images\/headers\/walden-pond.jpg\" alt=\"\" \/><\/p>\n<p>A Secretaria de Estado do Entorno do Distrito Federal (Sedfgo)\u00a0foi criada pelo Governo de Goi\u00e1s, no \u00e2mbito da reforma administrativa, por meio da\u00a0\u00a0<a href=\"https:\/\/legisla.casacivil.go.gov.br\/api\/v2\/pesquisa\/legislacoes\/106749\/pdf\">Lei n\u00ba 21.792, de 16 de fevereiro de 2023<\/a>. \u00c0 Sedfgo compete o assessoramento aos munic\u00edpios goianos da regi\u00e3o do Entorno do DF\u00a0para tornar mais eficiente o relacionamento com os \u00f3rg\u00e3os estaduais e federais, fazendo a\u00a0\u00a0interlocu\u00e7\u00e3o entre os diversos poderes, organiza\u00e7\u00f5es da sociedade e a popula\u00e7\u00e3o para\u00a0a promo\u00e7\u00e3o do desenvolvimento do entorno do Distrito Federal.<\/p>\n<p>A Sedfgo presta assist\u00eancia direta a onze munic\u00edpios que comp\u00f5e a Regi\u00e3o Metropolitana do Entorno (RME), criada pela <strong><a href=\"https:\/\/legisla.casacivil.go.gov.br\/api\/v2\/pesquisa\/legislacoes\/106682\/pdf\">lei complementar n\u00ba 181<\/a><\/strong>, sancionada em janeiro de 2023: <strong>\u00c1guas Lindas, Cidade Ocidental, Cocalzinho, Cristalina, Formosa, Luzi\u00e2nia, Novo Gama, Padre Bernardo, Planaltina de Goi\u00e1s, Santo Ant\u00f4nio do Descoberto e Valpara\u00edso, adicionalmente Alex\u00e2nia e Abadi\u00e2nia.<\/strong> O gesto de cria\u00e7\u00e3o da Secretaria do Entorno foi dar voz e mais oportunidade de acesso \u00e0 pol\u00edticas p\u00fablicas \u00e0 popula\u00e7\u00e3o da regi\u00e3o.<\/p>\n<ul class='post-meta'>\n<li><span class='post-meta-key'>tpg-post-view-count:<\/span> 537<\/li>\n<li><span class='post-meta-key'>footnotes:<\/span> <\/li>\n<li><span class='post-meta-key'>rank_math_og_content_image:<\/span> a:2:{s:5:\"check\";s:32:\"506afe7ba5931a199753c5f51346c4f9\";s:6:\"images\";a:0:{}}<\/li>\n<li><span class='post-meta-key'>rank_math_internal_links_processed:<\/span> 1<\/li>\n<\/ul>\n<\/div><\/div>\n\t\t\t\t\t\t<\/div>\n\t\t\t\t<\/div>\n\t\t\t\t\t<\/div>\n\t\t\t\t<\/div>\n\t\t<div class=\"elementor-element elementor-element-4618667 e-flex e-con-boxed e-con e-parent\" data-id=\"4618667\" data-element_type=\"container\" data-e-type=\"container\">\n\t\t\t\t\t<div class=\"e-con-inner\">\n\t\t<div class=\"elementor-element elementor-element-419bdff e-flex e-con-boxed e-con e-child\" data-id=\"419bdff\" data-element_type=\"container\" data-e-type=\"container\">\n\t\t\t\t\t<div class=\"e-con-inner\">\n\t\t<div class=\"elementor-element elementor-element-fff071f e-con-full e-flex e-con e-child\" data-id=\"fff071f\" data-element_type=\"container\" data-e-type=\"container\">\n\t\t\t\t<div class=\"elementor-element elementor-element-fbc2a58 elementor-widget elementor-widget-shortcode\" data-id=\"fbc2a58\" data-element_type=\"widget\" data-e-type=\"widget\" data-widget_type=\"shortcode.default\">\n\t\t\t\t<div class=\"elementor-widget-container\">\n\t\t\t\t\t\t\t<div class=\"elementor-shortcode\"><div data-post-id=\"22\" class=\"insert-page insert-page-22 \"><h1 class='insert-page-title'>Compet\u00eancias<\/h1><p>Segundo o estabelecido na&nbsp;a&nbsp;<strong><a href=\"https:\/\/legisla.casacivil.go.gov.br\/pesquisa_legislacao\/106749\/lei-21792\">Lei n&ordm; 21.792, de 16 de fevereiro de 2023<\/a><\/strong>, Art. 50, s&atilde;o compet&ecirc;ncias da Secretaria de Estado do Entorno do Distrito Federal:<\/p>\n<p>Art. 50. &Agrave; SEDF compete:<\/p>\n<p>I &ndash; o assessoramento aos munic&iacute;pios da regi&atilde;o para tornar mais eficiente o relacionamento com os &oacute;rg&atilde;os estaduais e federais;<\/p>\n<p>II &ndash; a identifica&ccedil;&atilde;o de programas e projetos das administra&ccedil;&otilde;es estaduais e federais que possam ser direcionados para o atendimento das necessidades da regi&atilde;o;<\/p>\n<p>III &ndash; o levantamento, a organiza&ccedil;&atilde;o e a manuten&ccedil;&atilde;o atualizados dos dados sobre as atividades econ&ocirc;micas, sociais e ambientais, bem como a elabora&ccedil;&atilde;o de estudos para a promo&ccedil;&atilde;o do desenvolvimento do entorno do Distrito Federal;<\/p>\n<p>IV &ndash; a promo&ccedil;&atilde;o da coopera&ccedil;&atilde;o interfederativa para a organiza&ccedil;&atilde;o, o planejamento e a execu&ccedil;&atilde;o de fun&ccedil;&otilde;es p&uacute;blicas de interesse comum, com atua&ccedil;&atilde;o integrada e eficiente, para alcan&ccedil;ar o m&aacute;ximo aproveitamento dos recursos p&uacute;blicos;<\/p>\n<p>V &ndash; a atua&ccedil;&atilde;o como representante dos interesses da regi&atilde;o nas negocia&ccedil;&otilde;es com organismos nacionais e internacionais; e<\/p>\n<p>VI &ndash; a interlocu&ccedil;&atilde;o com os &oacute;rg&atilde;os estaduais e federais para a atua&ccedil;&atilde;o integrada na formula&ccedil;&atilde;o de programas e a&ccedil;&otilde;es nas &aacute;reas de infraestrutura, desenvolvimento social e ambiental.<\/p>\n<ul>\n<li>Conhe&ccedil;a tamb&eacute;m as legisla&ccedil;&otilde;es que regulamentam&nbsp;a atua&ccedil;&atilde;o da SEDS<\/li>\n<\/ul>\n<ul class='post-meta'>\n<li><span class='post-meta-key'>tpg-post-view-count:<\/span> 348<\/li>\n<li><span class='post-meta-key'>rank_math_internal_links_processed:<\/span> 1<\/li>\n<\/ul>\n<\/div><\/div>\n\t\t\t\t\t\t<\/div>\n\t\t\t\t<\/div>\n\t\t\t\t<div class=\"elementor-element elementor-element-37e1cb7 elementor-widget elementor-widget-shortcode\" data-id=\"37e1cb7\" data-element_type=\"widget\" data-e-type=\"widget\" data-widget_type=\"shortcode.default\">\n\t\t\t\t<div class=\"elementor-widget-container\">\n\t\t\t\t\t\t\t<div class=\"elementor-shortcode\"><div data-post-id=\"16\" class=\"insert-page insert-page-16 \"><h1 class='insert-page-title'>Canais de Atendimento<\/h1><p class=\"nomargintop\">O atendimento presencial \u00e9 realizado de segunda \u00e0 sexta-feira, das <strong>8h \u00e0s 17h.<\/strong><br \/>\n<strong>Endere\u00e7o:<\/strong>\u00a0Edif\u00edcio Alvoran, Setor de Administra\u00e7\u00e3o Federal\u00a0Sul, Q2, Lote 9, Bras\u00edlia-DF &#8211;\u00a0CEP: 70070-600<br \/>\n<strong>Telefone:<\/strong> (62) 3270-8680\u00a0 \u00a0 (62) 99472 5889<\/p>\n<hr \/>\n<p><strong>Ouvidoria<\/strong><br \/>\nE-mail: <a href=\"mailto:gabinete.sedf@goias.gov.br\" target=\"_blank\" rel=\"noopener\">ouvidoria.sedf@goias.gov.br<\/a><a href=\"http:\/\/ouvidoria.sedf@goias.gov.br\u00a0\">\u00a0 <\/a><br \/>\nPara informa\u00e7\u00f5es, elogios ou reclama\u00e7\u00f5es,\u00a0acesse:\u00a0<a href=\"https:\/\/www.go.gov.br\/servicos-digitais\/cge\/nova-ouvidoria\" target=\"_blank\" rel=\"noopener\">www.go.gov.br\/servicos-digitais\/cge\/nova-ouvidoria<\/a><\/p>\n<hr \/>\n<p><a href=\"https:\/\/goias.gov.br\/entorno\/cargos-e-seus-ocupantes\/\">Para informa\u00e7\u00f5es de imprensa, entre em contato com a Comunica\u00e7\u00e3o Setorial<\/a><\/p>\n<hr \/>\n<ul class='post-meta'>\n<li><span class='post-meta-key'>footnotes:<\/span> <\/li>\n<li><span class='post-meta-key'>tpg-post-view-count:<\/span> 495<\/li>\n<li><span class='post-meta-key'>rank_math_internal_links_processed:<\/span> 1<\/li>\n<li><span class='post-meta-key'>rank_math_seo_score:<\/span> 22<\/li>\n<\/ul>\n<\/div><\/div>\n\t\t\t\t\t\t<\/div>\n\t\t\t\t<\/div>\n\t\t\t\t<\/div>\n\t\t\t\t\t<\/div>\n\t\t\t\t<\/div>\n\t\t<div class=\"elementor-element elementor-element-c71ec10 e-con-full e-flex e-con e-child\" data-id=\"c71ec10\" data-element_type=\"container\" data-e-type=\"container\">\n\t\t\t\t<div class=\"elementor-element elementor-element-a1d641d elementor-widget elementor-widget-shortcode\" data-id=\"a1d641d\" data-element_type=\"widget\" data-e-type=\"widget\" data-widget_type=\"shortcode.default\">\n\t\t\t\t<div class=\"elementor-widget-container\">\n\t\t\t\t\t\t\t<div class=\"elementor-shortcode\"><div data-post-id=\"19\" class=\"insert-page insert-page-19 \"><h1 class='insert-page-title'>Secret\u00e1rio<\/h1>\n<figure class=\"wp-block-image size-large is-resized\"><img fetchpriority=\"high\" fetchpriority=\"high\" decoding=\"async\" width=\"932\" height=\"1024\" src=\"https:\/\/goias.gov.br\/entorno\/wp-content\/uploads\/sites\/30\/2018\/07\/foto-boneco-secretario-932x1024.jpg\" alt=\"\" class=\"wp-image-12223\" style=\"aspect-ratio:0.9101682863237734;width:572px;height:auto\" srcset=\"https:\/\/goias.gov.br\/entorno\/wp-content\/uploads\/sites\/30\/2018\/07\/foto-boneco-secretario-932x1024.jpg 932w, https:\/\/goias.gov.br\/entorno\/wp-content\/uploads\/sites\/30\/2018\/07\/foto-boneco-secretario-273x300.jpg 273w, https:\/\/goias.gov.br\/entorno\/wp-content\/uploads\/sites\/30\/2018\/07\/foto-boneco-secretario-768x844.jpg 768w, https:\/\/goias.gov.br\/entorno\/wp-content\/uploads\/sites\/30\/2018\/07\/foto-boneco-secretario.jpg 1080w\" sizes=\"(max-width: 932px) 100vw, 932px\" \/><\/figure>\n\n\n\n<p><strong>Rafael Lustosa <\/strong><\/p>\n\n\n\n<p class=\"has-text-align-left\">Rafael Henrique da Silva Lustosa \u00e9 o atual Secret\u00e1rio de Estado do Entorno do Distrito Federal do Governo de Goi\u00e1s. Natural de Goi\u00e2nia (GO), \u00e9 graduado em Direito, especialista em Direito Eleitoral e possui MBA em Gest\u00e3o de Neg\u00f3cios, Planejamento Estrat\u00e9gico e Compliance P\u00fablico. Atualmente, \u00e9 mestrando em Ci\u00eancia Pol\u00edtica. <br><br>Advogado, possui mais de 10 anos de experi\u00eancia nas \u00e1reas administrativa e de gest\u00e3o p\u00fablica, com atua\u00e7\u00e3o voltada \u00e0 gest\u00e3o estrat\u00e9gica, al\u00e9m de experi\u00eancia na gest\u00e3o empresarial. Ao longo de sua trajet\u00f3ria, construiu atua\u00e7\u00e3o destacada na Assembleia Legislativa do Estado de Goi\u00e1s, onde exerceu fun\u00e7\u00f5es estrat\u00e9gicas como assessor jur\u00eddico parlamentar, assessor da Presid\u00eancia, assessor especializado em planejamento e governan\u00e7a, diretor interino de planejamento estrat\u00e9gico e assessor t\u00e9cnico da Presid\u00eancia. Nessas posi\u00e7\u00f5es, esteve diretamente envolvido na implementa\u00e7\u00e3o de pr\u00e1ticas de governan\u00e7a, gest\u00e3o por resultados e no fortalecimento do planejamento institucional. <br><br>Mais recentemente, atuou como chefe de gabinete parlamentar, coordenando equipes, articulando demandas institucionais e sendo respons\u00e1vel pelo planejamento e execu\u00e7\u00e3o da destina\u00e7\u00e3o de recursos p\u00fablicos por meio de emendas parlamentares, com foco no desenvolvimento regional. <br><br>\u00c0 frente da Secretaria do Entorno, apresenta um perfil t\u00e9cnico, gestor e estrat\u00e9gico, com foco no fortalecimento da integra\u00e7\u00e3o entre o Governo de Goi\u00e1s, os munic\u00edpios da Regi\u00e3o Metropolitana do Entorno e o Distrito Federal, com \u00eanfase em planejamento estrat\u00e9gico, governan\u00e7a, desenvolvimento regional, al\u00e9m do incentivo \u00e0 cultura, ao turismo e \u00e0 melhoria da mobilidade urbana.<\/p>\n<ul class='post-meta'>\n<li><span class='post-meta-key'>tpg-post-view-count:<\/span> 1410<\/li>\n<li><span class='post-meta-key'>rank_math_og_content_image:<\/span> a:2:{s:5:\"check\";s:32:\"9949353384150420861a54e98a7cd27d\";s:6:\"images\";a:0:{}}<\/li>\n<li><span class='post-meta-key'>rank_math_internal_links_processed:<\/span> 1<\/li>\n<li><span class='post-meta-key'>footnotes:<\/span> <\/li>\n<li><span class='post-meta-key'>rank_math_seo_score:<\/span> 6<\/li>\n<\/ul>\n<\/div><\/div>\n\t\t\t\t\t\t<\/div>\n\t\t\t\t<\/div>\n\t\t\t\t<\/div>\n\t\t\t\t\t<\/div>\n\t\t\t\t<\/div>\n\t\t<div class=\"elementor-element elementor-element-3b32266 e-flex e-con-boxed e-con e-parent\" data-id=\"3b32266\" data-element_type=\"container\" data-e-type=\"container\">\n\t\t\t\t\t<div class=\"e-con-inner\">\n\t\t\t\t<div class=\"elementor-element elementor-element-2a795dc elementor-widget elementor-widget-shortcode\" data-id=\"2a795dc\" data-element_type=\"widget\" data-e-type=\"widget\" data-widget_type=\"shortcode.default\">\n\t\t\t\t<div class=\"elementor-widget-container\">\n\t\t\t\t\t\t\t<div class=\"elementor-shortcode\"><div data-post-id=\"23\" class=\"insert-page insert-page-23 \"><h1 class='insert-page-title'>Estrutura Organizacional<\/h1><p>A Secretaria de Estado do Entorno tem sua estrutura organizacional definida pelo <strong><a href=\"https:\/\/legisla.casacivil.go.gov.br\/api\/v2\/pesquisa\/legislacoes\/106750\/pdf\">Decreto n\u00ba 10.218, de 16 fevererio de 2023<\/a>, sendo:\u00a0\u00a0<\/strong><\/p>\n<p><u><strong>1.0 Gabinete do Secret\u00e1rio<\/strong><\/u><\/p>\n<ul>\n<li>1.1) Chefia de Gabinete<\/li>\n<li>1.2) Ger\u00eancia da Secretaria-Geral;<\/li>\n<li>1.3)\u00a0Procuradoria Setorial;<\/li>\n<li>1.4)\u00a0Comunica\u00e7\u00e3o Setorial;<\/li>\n<li>1.5) Ger\u00eancia de Prospec\u00e7\u00e3o e Capta\u00e7\u00e3o de Recursos para o Entorno do DF;<\/li>\n<li>1.6) Corregedoria Setorial;<\/li>\n<li>1.7) Superintend\u00eancia de Gest\u00e3o Integrada<\/li>\n<\/ul>\n<p>1.7.1) Gerente de Planejamento e Finan\u00e7as<\/p>\n<p>1.7.2)Gerente de Gest\u00e3o e Desenvolvimento de Pessoas<\/p>\n<p>1.7.3) Gerente de Compras Governamentais<\/p>\n<p>1.7.4. Ger\u00eancia de Apoio Administrativo e Log\u00edstico<\/p>\n<p>1.7.5. Ger\u00eancia de Tecnologia<\/p>\n<p>1.7.6. Ger\u00eancia de Contabilidade<\/p>\n<ul>\n<li>1.8. Superintend\u00eancia de Pol\u00edticas de Desenvolvimento Urbano Integrado<\/li>\n<\/ul>\n<p>1.8.1. Ger\u00eancia de Integra\u00e7\u00e3o Interfederativa<\/p>\n<p>1.8.2. Ger\u00eancia de Coordena\u00e7\u00e3o de Projetos do Entorno do DF<\/p>\n<p><strong><a href=\"https:\/\/goias.gov.br\/entorno\/conheca-tambem-nosso-organograma\/\">Conhe\u00e7a tamb\u00e9m o nosso organograma<\/a><\/strong><\/p>\n<ul>\n<li><a href=\"https:\/\/goias.gov.br\/entorno\/cargos-e-seus-ocupantes\/\" data-wplink-edit=\"true\">Saiba quem \u00e9 quem em Cargos e seus Ocupantes<\/a><\/li>\n<\/ul>\n<ul class='post-meta'>\n<li><span class='post-meta-key'>tpg-post-view-count:<\/span> 563<\/li>\n<li><span class='post-meta-key'>rank_math_internal_links_processed:<\/span> 1<\/li>\n<li><span class='post-meta-key'>rank_math_seo_score:<\/span> 22<\/li>\n<\/ul>\n<\/div><\/div>\n\t\t\t\t\t\t<\/div>\n\t\t\t\t<\/div>\n\t\t\t\t\t<\/div>\n\t\t\t\t<\/div>\n\t\t\t\t<\/div>\n\t\t","protected":false},"excerpt":{"rendered":"","protected":false},"author":7,"featured_media":0,"parent":0,"menu_order":0,"comment_status":"closed","ping_status":"closed","template":"wppb_theme_template","meta":{"footnotes":""},"class_list":["post-420","page","type-page","status-publish","hentry"],"rttpg_featured_image_url":null,"rttpg_author":{"display_name":"gustavogoncalves","author_link":"https:\/\/goias.gov.br\/entorno\/author\/gustavogoncalves\/"},"rttpg_comment":0,"rttpg_category":"","rttpg_excerpt":null,"_links":{"self":[{"href":"https:\/\/goias.gov.br\/entorno\/wp-json\/wp\/v2\/pages\/420","targetHints":{"allow":["GET"]}}],"collection":[{"href":"https:\/\/goias.gov.br\/entorno\/wp-json\/wp\/v2\/pages"}],"about":[{"href":"https:\/\/goias.gov.br\/entorno\/wp-json\/wp\/v2\/types\/page"}],"author":[{"embeddable":true,"href":"https:\/\/goias.gov.br\/entorno\/wp-json\/wp\/v2\/users\/7"}],"replies":[{"embeddable":true,"href":"https:\/\/goias.gov.br\/entorno\/wp-json\/wp\/v2\/comments?post=420"}],"version-history":[{"count":2,"href":"https:\/\/goias.gov.br\/entorno\/wp-json\/wp\/v2\/pages\/420\/revisions"}],"predecessor-version":[{"id":11006,"href":"https:\/\/goias.gov.br\/entorno\/wp-json\/wp\/v2\/pages\/420\/revisions\/11006"}],"wp:attachment":[{"href":"https:\/\/goias.gov.br\/entorno\/wp-json\/wp\/v2\/media?parent=420"}],"curies":[{"name":"wp","href":"https:\/\/api.w.org\/{rel}","templated":true}]}}