

{"id":2494,"date":"2024-10-04T13:28:23","date_gmt":"2024-10-04T16:28:23","guid":{"rendered":"https:\/\/goias.gov.br\/entorno\/?page_id=2494"},"modified":"2025-08-21T13:47:00","modified_gmt":"2025-08-21T16:47:00","slug":"ouvidoria-setorial","status":"publish","type":"page","link":"https:\/\/goias.gov.br\/entorno\/ouvidoria-setorial\/","title":{"rendered":"Ouvidoria Adjunta"},"content":{"rendered":"\n<h4 class=\"wp-block-heading\"><span style=\"color: #008000;\">Atendimento Presencial<\/span><\/h4>\n\n\n\n<p>Ouvidora: Denize Maria Martins Lira<\/p>\n\n\n\n<div class=\"wp-block-group\"><div class=\"wp-block-group__inner-container is-layout-constrained wp-block-group-is-layout-constrained\">\n<p>Endere\u00e7o: Edif\u00edcio Alvoran, Setor de Administra\u00e7\u00e3o Federal Sul, Q2, Lote 9<br \/>Bras\u00edlia-DF \u2013 CEP: 70.070-600<br \/>Hor\u00e1rio de Atendimento: 08h \u00e0s 12h e das 14h \u00e0s 18h<br \/>E-mail: <a href=\"mailto:gabinete.sedf@goias.gov.br\">ouvidoria.sedf@goias.gov.br<\/a><br \/>Telefone: 6232708676<br \/>Unidade SEI: 22916<\/p>\n<\/div><\/div>\n\n\n\n<p><\/p>\n","protected":false},"excerpt":{"rendered":"<p>Atendimento Presencial Ouvidora: Denize Maria Martins Lira Endere\u00e7o: Edif\u00edcio Alvoran, Setor de Administra\u00e7\u00e3o Federal Sul, Q2, Lote 9Bras\u00edlia-DF \u2013 CEP: 70.070-600Hor\u00e1rio de Atendimento: 08h \u00e0s 12h e das 14h \u00e0s 18hE-mail: ouvidoria.sedf@goias.gov.brTelefone: 6232708676Unidade SEI: 22916<\/p>\n","protected":false},"author":62,"featured_media":0,"parent":0,"menu_order":0,"comment_status":"closed","ping_status":"closed","template":"","meta":{"footnotes":""},"class_list":["post-2494","page","type-page","status-publish","hentry"],"rttpg_featured_image_url":null,"rttpg_author":{"display_name":"italoreis","author_link":"https:\/\/goias.gov.br\/entorno\/author\/italoreis\/"},"rttpg_comment":0,"rttpg_category":null,"rttpg_excerpt":"Atendimento Presencial Ouvidora: Denize Maria Martins Lira Endere\u00e7o: Edif\u00edcio Alvoran, Setor de Administra\u00e7\u00e3o Federal Sul, Q2, Lote 9Bras\u00edlia-DF \u2013 CEP: 70.070-600Hor\u00e1rio de Atendimento: 08h \u00e0s 12h e das 14h \u00e0s 18hE-mail: ouvidoria.sedf@goias.gov.brTelefone: 6232708676Unidade SEI: 22916","_links":{"self":[{"href":"https:\/\/goias.gov.br\/entorno\/wp-json\/wp\/v2\/pages\/2494","targetHints":{"allow":["GET"]}}],"collection":[{"href":"https:\/\/goias.gov.br\/entorno\/wp-json\/wp\/v2\/pages"}],"about":[{"href":"https:\/\/goias.gov.br\/entorno\/wp-json\/wp\/v2\/types\/page"}],"author":[{"embeddable":true,"href":"https:\/\/goias.gov.br\/entorno\/wp-json\/wp\/v2\/users\/62"}],"replies":[{"embeddable":true,"href":"https:\/\/goias.gov.br\/entorno\/wp-json\/wp\/v2\/comments?post=2494"}],"version-history":[{"count":2,"href":"https:\/\/goias.gov.br\/entorno\/wp-json\/wp\/v2\/pages\/2494\/revisions"}],"predecessor-version":[{"id":6688,"href":"https:\/\/goias.gov.br\/entorno\/wp-json\/wp\/v2\/pages\/2494\/revisions\/6688"}],"wp:attachment":[{"href":"https:\/\/goias.gov.br\/entorno\/wp-json\/wp\/v2\/media?parent=2494"}],"curies":[{"name":"wp","href":"https:\/\/api.w.org\/{rel}","templated":true}]}}