

{"id":13357,"date":"2022-04-28T07:23:46","date_gmt":"2022-04-28T10:23:46","guid":{"rendered":"https:\/\/goias.gov.br\/emater\/?post_type=videos_e_podcasts&#038;p=13357"},"modified":"2022-04-28T07:29:12","modified_gmt":"2022-04-28T10:29:12","slug":"producao-de-mudas-de-pequizeiro","status":"publish","type":"videos_e_podcasts","link":"https:\/\/goias.gov.br\/emater\/videos_e_podcasts\/producao-de-mudas-de-pequizeiro\/","title":{"rendered":"Produ\u00e7\u00e3o de mudas de pequizeiro"},"content":{"rendered":"<p>Produ\u00e7\u00e3o de mudas de pequizeiro.<br \/>\nAilton Vitor Pereira (Embrapa Cerrados), Elainy Botelho Carvalho Pereira (Emater GO)<\/p>\n","protected":false},"featured_media":0,"template":"","class_list":["post-13357","videos_e_podcasts","type-videos_e_podcasts","status-publish","hentry","video_ou_podcast-video"],"acf":[],"_links":{"self":[{"href":"https:\/\/goias.gov.br\/emater\/wp-json\/wp\/v2\/videos_e_podcasts\/13357","targetHints":{"allow":["GET"]}}],"collection":[{"href":"https:\/\/goias.gov.br\/emater\/wp-json\/wp\/v2\/videos_e_podcasts"}],"about":[{"href":"https:\/\/goias.gov.br\/emater\/wp-json\/wp\/v2\/types\/videos_e_podcasts"}],"wp:attachment":[{"href":"https:\/\/goias.gov.br\/emater\/wp-json\/wp\/v2\/media?parent=13357"}],"curies":[{"name":"wp","href":"https:\/\/api.w.org\/{rel}","templated":true}]}}

Produção de mudas de pequizeiro

<p>Produção de mudas de pequizeiro.<br />
Ailton Vitor Pereira (Embrapa Cerrados), Elainy Botelho Carvalho Pereira (Emater GO)</p>
