

{"id":7489,"date":"2020-11-13T13:47:09","date_gmt":"2020-11-13T16:47:09","guid":{"rendered":"https:\/\/goias.gov.br\/emater\/?page_id=7489"},"modified":"2022-07-05T09:25:41","modified_gmt":"2022-07-05T12:25:41","slug":"cerveja-de-mandioca","status":"publish","type":"page","link":"https:\/\/goias.gov.br\/emater\/cerveja-de-mandioca\/","title":{"rendered":"Cerveja de Mandioca"},"content":{"rendered":"<div class=\"page-content\"> <!-- Deixa o texto com a cor cinza --><\/p>\n<div class=\"container\">  <!-- Deixa o texto alinhado em um container mais a dentro --><\/p>\n<div id=\"historia\" class=\"container\">\n<p align=\"right\">Publicado: novembro 2020<\/br><br \/>\n\u00daltima Atualiza\u00e7\u00e3o: agosto 2021<\/p>\n<\/div>\n<div id=\"historia\" class=\"container\"> <!-- Deixa o texto alinhado em um container mais a dentro --><\/p>\n<h2>Cerveja de Mandioca<\/h2>\n<p>O Governo de Goi\u00e1s e a Ambev (multinacional do setor de bebidas) assinaram Protocolo de Inten\u00e7\u00f5es, no dia 4 de agosto, para fortalecimento da cadeia produtiva da mandioca. A empresa vai criar uma marca de cerveja goiana a partir da f\u00e9cula da mandioca, como parte das a\u00e7\u00f5es de fortalecimento da economia, gera\u00e7\u00e3o de emprego e renda no Estado.<\/p>\n<p>Podem vender para a multinacional, pequenos produtores da agricultura familiar, de todo o Estado, com especial enfoque na Regi\u00e3o Nordeste de Goi\u00e1s.<\/p>\n<p class=\"maior\"><strong>Uni\u00e3o<\/strong><\/p>\n<p>A a\u00e7\u00e3o, articulada pelo Governo de Goi\u00e1s com a Ambev, envolve a Secretaria de Estado de Agricultura, Pecu\u00e1ria e Abastecimento (Seapa), Ag\u00eancia Goiana de Assist\u00eancia T\u00e9cnica, Extens\u00e3o Rural e Pesquisa Agropecu\u00e1ria (Emater), Secretaria da Retomada e Gabinete de Pol\u00edticas Sociais (GPS). O Governo do Estado contribui com o mapeamento das \u00e1reas com potencial para fornecer esses produtos, divulga\u00e7\u00e3o junto aos produtores e acompanhamento do processo produtivo.<\/p>\n<p class=\"maior\"><strong>Cadastre-se<\/strong><\/p>\n<p>Acesse o formul\u00e1rio de pr\u00e9-cadastramento de produtores (A sele\u00e7\u00e3o e a contrata\u00e7\u00e3o s\u00e3o de responsabilidade da Ambev): <a href=\"https:\/\/forms.gle\/NYBGiP2i1EDrF82b8\" target=\"_blank\" rel=\"noopener\">https:\/\/forms.gle\/NYBGiP2i1EDrF82b8<\/a><\/p>\n<p><!-- \n\n\n<p class=\"maior\"><strong>Orienta\u00e7\u00e3o ao produtor<\/strong><\/p>\n\n\n\nAcesse aqui o Guia Pr\u00e1tico para Cultivo da Mandioca (elaborado com dados publicados pela Embrapa Mandioca e Fruticultura) e nosso Guia para venda de mandioca para Ambev. \n\n\n\n\n<table style=\"width:100%\">\n  \n\n<tr>   \n   \n\n<th><a href=\"https:\/\/goias.gov.br\/emater\/wp-content\/uploads\/sites\/62\/2020\/11\/CARTILHACULTIVODEMANDIOCA.pdf\" target=\"_blank\"><img fetchpriority=\"high\" decoding=\"async\" src=\"https:\/\/goias.gov.br\/emater\/wp-content\/uploads\/sites\/62\/2021\/01\/capa_site.jpg\" alt=\"\" width=\"200\" height=\"260\" class=\"aligncenter size-medium wp-image-7908\" \/><\/a><\/th>\n\n\n\n\n<th><a href=\"https:\/\/goias.gov.br\/emater\/wp-content\/uploads\/sites\/62\/2021\/04\/COMOSETORNARFORNECEDORAMBEV_organized.pdf\" target=\"_blank\"><img decoding=\"async\" src=\"https:\/\/goias.gov.br\/emater\/wp-content\/uploads\/sites\/62\/2021\/04\/cervejamandioca_capasite.png\" alt=\"\" width=\"200\" height=\"260\" class=\"aligncenter size-medium wp-image-7908\" \/><\/a><\/th>\n\n\n\n\n<th><img decoding=\"async\" src=\"https:\/\/goias.gov.br\/emater\/wp-content\/uploads\/sites\/62\/2020\/11\/ft_fundocinza.jpg\" alt=\"\" width=\"260\" height=\"200\" class=\"aligncenter size-medium wp-image-7908\" \/><\/th>\n\n  \n\n\n\n<th><img decoding=\"async\" src=\"https:\/\/goias.gov.br\/emater\/wp-content\/uploads\/sites\/62\/2020\/11\/ft_fundocinza.jpg\" alt=\"\" width=\"260\" height=\"200\" class=\"aligncenter size-medium wp-image-7908\" \/><\/th>\n\n\n <\/tr>\n\n\n<\/table>\n\n\n--><\/p>\n<h2 style=\"text-align: center;\">Onde Estamos: Escolha o munic\u00edpio e clique na bolinha para ver o endere\u00e7o e telefone dos escrit\u00f3rios da EMATER<\/h2>\n<p><iframe src=\"https:\/\/site.emater.go.gov.br\/wp\/result\/mapamun\/index2.php?regionais\" width=\"102%\" height=\"500\" frameborder=\"0\" scrolling=\"no\"><\/iframe><\/p>\n<\/div>\n<\/div>\n","protected":false},"excerpt":{"rendered":"<p>Publicado: novembro 2020 \u00daltima Atualiza\u00e7\u00e3o: agosto 2021 Cerveja de Mandioca O Governo de Goi\u00e1s e a Ambev (multinacional do setor de bebidas) assinaram Protocolo de Inten\u00e7\u00f5es, no dia 4 de agosto, para fortalecimento da cadeia produtiva da mandioca. A empresa vai criar uma marca de cerveja goiana a partir da f\u00e9cula da mandioca, como parte [&hellip;]<\/p>\n","protected":false},"author":1,"featured_media":0,"parent":0,"menu_order":0,"comment_status":"closed","ping_status":"closed","template":"template-meta-data-filter.php","meta":{"_acf_changed":false,"footnotes":""},"class_list":["post-7489","page","type-page","status-publish","hentry"],"acf":[],"rttpg_featured_image_url":null,"rttpg_author":{"display_name":"wagner.viana","author_link":"https:\/\/goias.gov.br\/emater\/author\/wagner-viana\/"},"rttpg_comment":0,"rttpg_category":null,"rttpg_excerpt":"Publicado: novembro 2020 \u00daltima Atualiza\u00e7\u00e3o: agosto 2021 Cerveja de Mandioca O Governo de Goi\u00e1s e a Ambev (multinacional do setor de bebidas) assinaram Protocolo de Inten\u00e7\u00f5es, no dia 4 de agosto, para fortalecimento da cadeia produtiva da mandioca. A empresa vai criar uma marca de cerveja goiana a partir da f\u00e9cula da mandioca, como parte&hellip;","_links":{"self":[{"href":"https:\/\/goias.gov.br\/emater\/wp-json\/wp\/v2\/pages\/7489","targetHints":{"allow":["GET"]}}],"collection":[{"href":"https:\/\/goias.gov.br\/emater\/wp-json\/wp\/v2\/pages"}],"about":[{"href":"https:\/\/goias.gov.br\/emater\/wp-json\/wp\/v2\/types\/page"}],"author":[{"embeddable":true,"href":"https:\/\/goias.gov.br\/emater\/wp-json\/wp\/v2\/users\/1"}],"replies":[{"embeddable":true,"href":"https:\/\/goias.gov.br\/emater\/wp-json\/wp\/v2\/comments?post=7489"}],"version-history":[{"count":0,"href":"https:\/\/goias.gov.br\/emater\/wp-json\/wp\/v2\/pages\/7489\/revisions"}],"wp:attachment":[{"href":"https:\/\/goias.gov.br\/emater\/wp-json\/wp\/v2\/media?parent=7489"}],"curies":[{"name":"wp","href":"https:\/\/api.w.org\/{rel}","templated":true}]}}